
{"id":2311,"date":"2024-04-16T17:07:13","date_gmt":"2024-04-16T15:07:13","guid":{"rendered":"https:\/\/www.immobilierlocal.ch\/c\/?page_id=2311"},"modified":"2026-02-09T11:42:14","modified_gmt":"2026-02-09T10:42:14","slug":"agence-immobiliere-a-prilly-achat-vente-location-dun-bien-immobilier","status":"publish","type":"page","link":"https:\/\/www.immobilierlocal.ch\/c\/agence-immobiliere-a-prilly-achat-vente-location-dun-bien-immobilier\/","title":{"rendered":"Agence immobili\u00e8re \u00e0 Prilly : achat vente location d&rsquo;un bien immobilier"},"content":{"rendered":"<p>Pr\u00e9voyez-vous la vente, la location ou l&rsquo;achat d&rsquo;un domicile ou d&rsquo;un appartement situ\u00e9 \u00e0 Prilly ? \u00c0 Prilly, l&rsquo;agence Immobilierlocal propose des accompagnements sur mesure. \u00c9tabli au centre de la ville, nos conseillers immobiliers sont disponibles pour vous assister \u00e0 acqu\u00e9rir ou mettre sur le march\u00e9 votre logement. \u00c0 Prilly, notre soci\u00e9t\u00e9 propose des prestations pour : l&rsquo;achat, la vente, la mise en location de maisons, d&rsquo;appartements, de bureaux et de magasins, nous offrons aussi la g\u00e9rance de vos propri\u00e9t\u00e9s immobili\u00e8res, la gestion locative d&rsquo;Airbnb, l&rsquo;administration de biens en copropri\u00e9t\u00e9 ou encore pour trouver une solution de cr\u00e9dit de votre futur propri\u00e9t\u00e9.<\/p>\n\n<div class=\"box\">\n    <h2 class=\"text-dark\">Nous cherchons un <em class=\"text-primary\">Agent immobilier<\/em> dans la r\u00e9gion de <em class=\"text-primary\">Prilly<\/em>  en exclusivit\u00e9, afin de proposer vos services \u00e0 nos clients propri\u00e9taires.<\/h2>\n    <p>Une opportunit\u00e9 unique pour booster votre activit\u00e9 \u00e0 <strong>Prilly<\/strong> et aux alentours dans votre domaine (Agent immobilier).<\/p>\n    <p>Nous travaillons en exclusivit\u00e9 avec qu'une soci\u00e9t\u00e9 par m\u00e9tier et par r\u00e9gion. <br>Votre entreprise est pr\u00e9sente sur tous les documents immobiliers. Afin d'\u00eatre mieux vu sur le net, vous \u00eates \u00e9galement visible sur nos deux sites et sur les pages de r\u00e9f\u00e9rencement de votre r\u00e9gion.<\/p>\n    <a href=\"\/contact\" class=\"wp-block-button__link has-accent-background-color has-text-align-center wp-element-button\">R\u00e9server<\/a>\n<\/div>\n<h2>Le march\u00e9 immobilier Prilli\u00e9ran s&rsquo;\u00e9tend en dehors de sa localit\u00e9<\/h2>\n<p>Derni\u00e8rement, les prix ont grimp\u00e9 en fl\u00e8che \u00e0 Prilly, pour diverses raisons :<\/p>\n<ul>\n<li>Son secteur g\u00e9ographique,<\/li>\n<li>l&rsquo;attractivit\u00e9 \u00e9conomique,<\/li>\n<li>la qualit\u00e9 de son lieu de vie.<\/li>\n<\/ul>\n<p>Acheter un logement \u00e0 Prilly est aussi une valeur s\u00fbre, en raison de la demande de locations et d&rsquo;achats qui a connu une forte demande, provoquant une augmentation des prix.<\/p>\n<h3>Pour le prix immobilier moyen au m\u00b2 \u00e0 Prilly<\/h3>\n<p class=\"estimates-price-immobilier\">Le march\u00e9 immobilier \u00e0 Prilly affiche un prix moyen de CHF 10'127 \/ m\u00b2 (prix par m\u00e8tre carr\u00e9). Les maisons et les appartements ont un prix moyen respectif de CHF 9'692 \/ m\u00b2 et de CHF 10'563 \/ m\u00b2.<\/p>\n<h3>Pour le montant moyen du loyer \u00e0 Prilly<\/h3>\n<p class=\"estimates-rent-average\">Les loyers moyens \u00e0 Prilly sont actuellement de CHF 2'744 pour les appartements, CHF 3'297 pour les maisons.<\/p>\n<p>La p\u00e9nurie de logements sur le march\u00e9 contraint les acheteurs \u00e0 \u00e9tendre leur prospection et \u00e0 se porter vers des localit\u00e9s environnantes, telles que :<\/p>\nJouxtens-M\u00e9zery, Renens VD, Crissier.\n<h2>La localisation de notre agence immobili\u00e8re \u00e0 Prilly<\/h2>\n<p>Les experts de notre agence immobili\u00e8re interviennent dans tous les arrondissements de Prilly.<\/p>\n\n<h2>Pourquoi s\u00e9lectionner Immobilierlocal ?<\/h2>\n<p>Notre soci\u00e9t\u00e9, Immobilierlocal, offre une gamme compl\u00e8te de prestations, notamment :<\/p>\n<ul>\n<li>La parution de votre publicit\u00e9 sur notre site : afin de toucher plus de monde.<\/li>\n<li>Une vitrine en suisse et sur internet : notre site est r\u00e9f\u00e9renc\u00e9 sur des moteurs de recherches web francophones en vue d\u2019atteindre plus de vendeurs, de propri\u00e9taires et d&rsquo;acheteurs.<\/li>\n<li>Strat\u00e9gie de vente personnalis\u00e9e : chaque bien sur notre plateforme internet dispose d&rsquo;une strat\u00e9gie de vente sur mesure.<\/li>\n<li>Estimation des prix de vente : nous avons con\u00e7u des outils pour calculer les valeurs des logements.<\/li>\n<li>Photos et vid\u00e9os : nous produisons des vid\u00e9os et des images pour valoriser votre logement sur internet.<\/li>\n<li>Signature num\u00e9rique : nous proposons la possibilit\u00e9 de sign\u00e9 \u00e9lectroniquement vos documents en ligne.<\/li>\n<li>Service de conciergerie airbnb : nous proposons aussi un service de conciergerie airbnb.<\/li>\n<li>Services de gestion locative : nous proposons une couverture pour le non-paiement des loyers.<\/li>\n<\/ul>\n<h2>Une agence immobili\u00e8re qui regroupe des experts<\/h2>\n<p>Les conseillers de notre agence sont qualifi\u00e9s, qu&rsquo;il s&rsquo;agisse de conseillers commerciaux ou de gestionnaires. Nos collaborateurs assistent r\u00e9guli\u00e8rement a des mont\u00e9es en comp\u00e9tences. Chaque expert de notre entreprise dispose d&rsquo;une grande expertise dans le domaine de l&rsquo;immobilier. Les comp\u00e9tences gagn\u00e9es nous permettent d&rsquo;accompagner au maximum nos clients.<\/p>\n<h2>Obtenez une estimation pour le prix de votre logement \u00e0 Prilly<\/h2>\n<p>Nous r\u00e9alisons des estimations pr\u00e9cises de votre logement \u00e0 Prilly, nous prenons en compte les particularit\u00e9s de votre maison, ou encore la renomm\u00e9e de votre quartier. Nous apportons une v\u00e9ritable comp\u00e9tence que ce soit pour : l&rsquo;achat, la vente de bien, les placements immobiliers, les locations \u00e0 court et long terme, la gestion de votre portefeuille locatif, et aussi pour la gestion de votre copropri\u00e9t\u00e9.<\/p>\n<h2>Des conseils personnalis\u00e9s<\/h2>\n<p>Nous avons conscience que votre projet est unique, c&rsquo;est pour cela que nous vous proposons des services sur mesure. Si vous avez besoin d\u2019acheter ou de louer une maison ou un appartement dans la zone de Prilly, nos sp\u00e9cialistes sont \u00e0 votre disposition \u00e0 toutes les phases de votre projet immobilier. Nous avons un large r\u00e9seau de partenaires pour vous assister \u00e0 trouver l&rsquo;habitation de vos d\u00e9sires dans la r\u00e9gion de Prilly.<\/p>\n<h2>Vous avez besoin d&rsquo;une agence immobili\u00e8re \u00e0 Prilly ?<\/h2>\n<p>Notre agence Immobilierlocal est situ\u00e9e au centre-ville de Prilly. Nous vous accueillerons dans notre agence, pr\u00eats \u00e0 vous \u00e9couter et \u00e0 concr\u00e9tiser vos projets. Nos professionnels immobiliers sont vos interlocuteurs de confiance pour la vente, l&rsquo;achat et la gestion de biens.<\/p>\n","protected":false},"excerpt":{"rendered":"<p>Pr\u00e9voyez-vous la vente, la location ou l&rsquo;achat d&rsquo;un domicile ou d&rsquo;un appartement situ\u00e9 \u00e0 Prilly ? \u00c0 Prilly, l&rsquo;agence Immobilierlocal propose des accompagnements sur mesure. \u00c9tabli au centre de la ville, nos conseillers immobiliers sont disponibles pour vous assister \u00e0 acqu\u00e9rir ou mettre sur le march\u00e9 votre logement. \u00c0 Prilly, notre soci\u00e9t\u00e9 propose des prestations [&hellip;]<\/p>\n","protected":false},"author":3,"featured_media":2768,"parent":0,"menu_order":0,"comment_status":"closed","ping_status":"closed","template":"wp-custom-template-page-agent","meta":{"footnotes":""},"categories":[89],"profession":[92],"location":[64],"canton":[79],"class_list":["post-2311","page","type-page","status-publish","has-post-thumbnail","hentry","category-agence","profession-agent-immobilier"],"yoast_head":"<!-- This site is optimized with the Yoast SEO Premium plugin v23.0 (Yoast SEO v27.4) - https:\/\/yoast.com\/product\/yoast-seo-premium-wordpress\/ -->\n<title>Agence immobili\u00e8re \u00e0 Prilly : achat vente location d&#039;un bien immobilier - Immobilierlocal<\/title>\n<meta name=\"robots\" content=\"index, follow, max-snippet:-1, max-image-preview:large, max-video-preview:-1\" \/>\n<link rel=\"canonical\" href=\"https:\/\/www.immobilierlocal.ch\/c\/agence-immobiliere-a-prilly-achat-vente-location-dun-bien-immobilier\/\" \/>\n<meta property=\"og:locale\" content=\"fr_FR\" \/>\n<meta property=\"og:type\" content=\"article\" \/>\n<meta property=\"og:title\" content=\"Agence immobili\u00e8re \u00e0 Prilly : achat vente location d&#039;un bien immobilier\" \/>\n<meta property=\"og:description\" content=\"Pr\u00e9voyez-vous la vente, la location ou l&rsquo;achat d&rsquo;un domicile ou d&rsquo;un appartement situ\u00e9 \u00e0 Prilly ? \u00c0 Prilly, l&rsquo;agence Immobilierlocal propose des accompagnements sur mesure. \u00c9tabli au centre de la ville, nos conseillers immobiliers sont disponibles pour vous assister \u00e0 acqu\u00e9rir ou mettre sur le march\u00e9 votre logement. \u00c0 Prilly, notre soci\u00e9t\u00e9 propose des prestations [&hellip;]\" \/>\n<meta property=\"og:url\" content=\"https:\/\/www.immobilierlocal.ch\/c\/agence-immobiliere-a-prilly-achat-vente-location-dun-bien-immobilier\/\" \/>\n<meta property=\"og:site_name\" content=\"Immobilierlocal\" \/>\n<meta property=\"article:modified_time\" content=\"2026-02-09T10:42:14+00:00\" \/>\n<meta property=\"og:image\" content=\"https:\/\/www.immobilierlocal.ch\/c\/wp-content\/uploads\/2026\/02\/agence-immobiliere.jpg\" \/>\n\t<meta property=\"og:image:width\" content=\"1920\" \/>\n\t<meta property=\"og:image:height\" content=\"300\" \/>\n\t<meta property=\"og:image:type\" content=\"image\/jpeg\" \/>\n<meta name=\"twitter:card\" content=\"summary_large_image\" \/>\n<meta name=\"twitter:label1\" content=\"Dur\u00e9e de lecture estim\u00e9e\" \/>\n\t<meta name=\"twitter:data1\" content=\"3 minutes\" \/>\n<script type=\"application\/ld+json\" class=\"yoast-schema-graph\">{\"@context\":\"https:\\\/\\\/schema.org\",\"@graph\":[{\"@type\":\"WebPage\",\"@id\":\"https:\\\/\\\/www.immobilierlocal.ch\\\/c\\\/agence-immobiliere-a-prilly-achat-vente-location-dun-bien-immobilier\\\/\",\"url\":\"https:\\\/\\\/www.immobilierlocal.ch\\\/c\\\/agence-immobiliere-a-prilly-achat-vente-location-dun-bien-immobilier\\\/\",\"name\":\"Agence immobili\u00e8re \u00e0 Prilly : achat vente location d'un bien immobilier - Immobilierlocal\",\"isPartOf\":{\"@id\":\"https:\\\/\\\/www.immobilierlocal.ch\\\/c\\\/#website\"},\"primaryImageOfPage\":{\"@id\":\"https:\\\/\\\/www.immobilierlocal.ch\\\/c\\\/agence-immobiliere-a-prilly-achat-vente-location-dun-bien-immobilier\\\/#primaryimage\"},\"image\":{\"@id\":\"https:\\\/\\\/www.immobilierlocal.ch\\\/c\\\/agence-immobiliere-a-prilly-achat-vente-location-dun-bien-immobilier\\\/#primaryimage\"},\"thumbnailUrl\":\"https:\\\/\\\/www.immobilierlocal.ch\\\/c\\\/wp-content\\\/uploads\\\/2026\\\/02\\\/agence-immobiliere.jpg\",\"datePublished\":\"2024-04-16T15:07:13+00:00\",\"dateModified\":\"2026-02-09T10:42:14+00:00\",\"breadcrumb\":{\"@id\":\"https:\\\/\\\/www.immobilierlocal.ch\\\/c\\\/agence-immobiliere-a-prilly-achat-vente-location-dun-bien-immobilier\\\/#breadcrumb\"},\"inLanguage\":\"fr-FR\",\"potentialAction\":[{\"@type\":\"ReadAction\",\"target\":[\"https:\\\/\\\/www.immobilierlocal.ch\\\/c\\\/agence-immobiliere-a-prilly-achat-vente-location-dun-bien-immobilier\\\/\"]}]},{\"@type\":\"ImageObject\",\"inLanguage\":\"fr-FR\",\"@id\":\"https:\\\/\\\/www.immobilierlocal.ch\\\/c\\\/agence-immobiliere-a-prilly-achat-vente-location-dun-bien-immobilier\\\/#primaryimage\",\"url\":\"https:\\\/\\\/www.immobilierlocal.ch\\\/c\\\/wp-content\\\/uploads\\\/2026\\\/02\\\/agence-immobiliere.jpg\",\"contentUrl\":\"https:\\\/\\\/www.immobilierlocal.ch\\\/c\\\/wp-content\\\/uploads\\\/2026\\\/02\\\/agence-immobiliere.jpg\",\"width\":1920,\"height\":300},{\"@type\":\"BreadcrumbList\",\"@id\":\"https:\\\/\\\/www.immobilierlocal.ch\\\/c\\\/agence-immobiliere-a-prilly-achat-vente-location-dun-bien-immobilier\\\/#breadcrumb\",\"itemListElement\":[{\"@type\":\"ListItem\",\"position\":1,\"name\":\"Accueil\",\"item\":\"https:\\\/\\\/www.immobilierlocal.ch\\\/c\\\/\"},{\"@type\":\"ListItem\",\"position\":2,\"name\":\"Agence immobili\u00e8re dans le canton de Vaud\",\"item\":\"https:\\\/\\\/www.immobilierlocal.ch\\\/c\\\/agence-immobiliere-dans-le-canton-de-vaud-expert-en-ventes-et-locations-immobilieres\\\/\"},{\"@type\":\"ListItem\",\"position\":3,\"name\":\"Agences immobili\u00e8res\",\"item\":\"https:\\\/\\\/www.immobilierlocal.ch\\\/agences\"},{\"@type\":\"ListItem\",\"position\":4,\"name\":\"Agence immobili\u00e8re \u00e0 Prilly\"}]},{\"@type\":\"WebSite\",\"@id\":\"https:\\\/\\\/www.immobilierlocal.ch\\\/c\\\/#website\",\"url\":\"https:\\\/\\\/www.immobilierlocal.ch\\\/c\\\/\",\"name\":\"Immobilierlocal\",\"description\":\"\",\"publisher\":{\"@id\":\"https:\\\/\\\/www.immobilierlocal.ch\\\/c\\\/#organization\"},\"potentialAction\":[{\"@type\":\"SearchAction\",\"target\":{\"@type\":\"EntryPoint\",\"urlTemplate\":\"https:\\\/\\\/www.immobilierlocal.ch\\\/c\\\/?s={search_term_string}\"},\"query-input\":{\"@type\":\"PropertyValueSpecification\",\"valueRequired\":true,\"valueName\":\"search_term_string\"}}],\"inLanguage\":\"fr-FR\"},{\"@type\":\"Organization\",\"@id\":\"https:\\\/\\\/www.immobilierlocal.ch\\\/c\\\/#organization\",\"name\":\"Immobilierlocal\",\"url\":\"https:\\\/\\\/www.immobilierlocal.ch\\\/c\\\/\",\"logo\":{\"@type\":\"ImageObject\",\"inLanguage\":\"fr-FR\",\"@id\":\"https:\\\/\\\/www.immobilierlocal.ch\\\/c\\\/#\\\/schema\\\/logo\\\/image\\\/\",\"url\":\"https:\\\/\\\/www.immobilierlocal.ch\\\/c\\\/wp-content\\\/uploads\\\/2023\\\/10\\\/logo-immobilierlocal-h.svg\",\"contentUrl\":\"https:\\\/\\\/www.immobilierlocal.ch\\\/c\\\/wp-content\\\/uploads\\\/2023\\\/10\\\/logo-immobilierlocal-h.svg\",\"caption\":\"Immobilierlocal\"},\"image\":{\"@id\":\"https:\\\/\\\/www.immobilierlocal.ch\\\/c\\\/#\\\/schema\\\/logo\\\/image\\\/\"}}]}<\/script>\n<!-- \/ Yoast SEO Premium plugin. -->","yoast_head_json":{"title":"Agence immobili\u00e8re \u00e0 Prilly : achat vente location d'un bien immobilier - Immobilierlocal","robots":{"index":"index","follow":"follow","max-snippet":"max-snippet:-1","max-image-preview":"max-image-preview:large","max-video-preview":"max-video-preview:-1"},"canonical":"https:\/\/www.immobilierlocal.ch\/c\/agence-immobiliere-a-prilly-achat-vente-location-dun-bien-immobilier\/","og_locale":"fr_FR","og_type":"article","og_title":"Agence immobili\u00e8re \u00e0 Prilly : achat vente location d'un bien immobilier","og_description":"Pr\u00e9voyez-vous la vente, la location ou l&rsquo;achat d&rsquo;un domicile ou d&rsquo;un appartement situ\u00e9 \u00e0 Prilly ? \u00c0 Prilly, l&rsquo;agence Immobilierlocal propose des accompagnements sur mesure. \u00c9tabli au centre de la ville, nos conseillers immobiliers sont disponibles pour vous assister \u00e0 acqu\u00e9rir ou mettre sur le march\u00e9 votre logement. \u00c0 Prilly, notre soci\u00e9t\u00e9 propose des prestations [&hellip;]","og_url":"https:\/\/www.immobilierlocal.ch\/c\/agence-immobiliere-a-prilly-achat-vente-location-dun-bien-immobilier\/","og_site_name":"Immobilierlocal","article_modified_time":"2026-02-09T10:42:14+00:00","og_image":[{"width":1920,"height":300,"url":"https:\/\/www.immobilierlocal.ch\/c\/wp-content\/uploads\/2026\/02\/agence-immobiliere.jpg","type":"image\/jpeg"}],"twitter_card":"summary_large_image","twitter_misc":{"Dur\u00e9e de lecture estim\u00e9e":"3 minutes"},"schema":{"@context":"https:\/\/schema.org","@graph":[{"@type":"WebPage","@id":"https:\/\/www.immobilierlocal.ch\/c\/agence-immobiliere-a-prilly-achat-vente-location-dun-bien-immobilier\/","url":"https:\/\/www.immobilierlocal.ch\/c\/agence-immobiliere-a-prilly-achat-vente-location-dun-bien-immobilier\/","name":"Agence immobili\u00e8re \u00e0 Prilly : achat vente location d'un bien immobilier - Immobilierlocal","isPartOf":{"@id":"https:\/\/www.immobilierlocal.ch\/c\/#website"},"primaryImageOfPage":{"@id":"https:\/\/www.immobilierlocal.ch\/c\/agence-immobiliere-a-prilly-achat-vente-location-dun-bien-immobilier\/#primaryimage"},"image":{"@id":"https:\/\/www.immobilierlocal.ch\/c\/agence-immobiliere-a-prilly-achat-vente-location-dun-bien-immobilier\/#primaryimage"},"thumbnailUrl":"https:\/\/www.immobilierlocal.ch\/c\/wp-content\/uploads\/2026\/02\/agence-immobiliere.jpg","datePublished":"2024-04-16T15:07:13+00:00","dateModified":"2026-02-09T10:42:14+00:00","breadcrumb":{"@id":"https:\/\/www.immobilierlocal.ch\/c\/agence-immobiliere-a-prilly-achat-vente-location-dun-bien-immobilier\/#breadcrumb"},"inLanguage":"fr-FR","potentialAction":[{"@type":"ReadAction","target":["https:\/\/www.immobilierlocal.ch\/c\/agence-immobiliere-a-prilly-achat-vente-location-dun-bien-immobilier\/"]}]},{"@type":"ImageObject","inLanguage":"fr-FR","@id":"https:\/\/www.immobilierlocal.ch\/c\/agence-immobiliere-a-prilly-achat-vente-location-dun-bien-immobilier\/#primaryimage","url":"https:\/\/www.immobilierlocal.ch\/c\/wp-content\/uploads\/2026\/02\/agence-immobiliere.jpg","contentUrl":"https:\/\/www.immobilierlocal.ch\/c\/wp-content\/uploads\/2026\/02\/agence-immobiliere.jpg","width":1920,"height":300},{"@type":"BreadcrumbList","@id":"https:\/\/www.immobilierlocal.ch\/c\/agence-immobiliere-a-prilly-achat-vente-location-dun-bien-immobilier\/#breadcrumb","itemListElement":[{"@type":"ListItem","position":1,"name":"Accueil","item":"https:\/\/www.immobilierlocal.ch\/c\/"},{"@type":"ListItem","position":2,"name":"Agence immobili\u00e8re dans le canton de Vaud","item":"https:\/\/www.immobilierlocal.ch\/c\/agence-immobiliere-dans-le-canton-de-vaud-expert-en-ventes-et-locations-immobilieres\/"},{"@type":"ListItem","position":3,"name":"Agences immobili\u00e8res","item":"https:\/\/www.immobilierlocal.ch\/agences"},{"@type":"ListItem","position":4,"name":"Agence immobili\u00e8re \u00e0 Prilly"}]},{"@type":"WebSite","@id":"https:\/\/www.immobilierlocal.ch\/c\/#website","url":"https:\/\/www.immobilierlocal.ch\/c\/","name":"Immobilierlocal","description":"","publisher":{"@id":"https:\/\/www.immobilierlocal.ch\/c\/#organization"},"potentialAction":[{"@type":"SearchAction","target":{"@type":"EntryPoint","urlTemplate":"https:\/\/www.immobilierlocal.ch\/c\/?s={search_term_string}"},"query-input":{"@type":"PropertyValueSpecification","valueRequired":true,"valueName":"search_term_string"}}],"inLanguage":"fr-FR"},{"@type":"Organization","@id":"https:\/\/www.immobilierlocal.ch\/c\/#organization","name":"Immobilierlocal","url":"https:\/\/www.immobilierlocal.ch\/c\/","logo":{"@type":"ImageObject","inLanguage":"fr-FR","@id":"https:\/\/www.immobilierlocal.ch\/c\/#\/schema\/logo\/image\/","url":"https:\/\/www.immobilierlocal.ch\/c\/wp-content\/uploads\/2023\/10\/logo-immobilierlocal-h.svg","contentUrl":"https:\/\/www.immobilierlocal.ch\/c\/wp-content\/uploads\/2023\/10\/logo-immobilierlocal-h.svg","caption":"Immobilierlocal"},"image":{"@id":"https:\/\/www.immobilierlocal.ch\/c\/#\/schema\/logo\/image\/"}}]}},"_links":{"self":[{"href":"https:\/\/www.immobilierlocal.ch\/c\/wp-json\/wp\/v2\/pages\/2311","targetHints":{"allow":["GET"]}}],"collection":[{"href":"https:\/\/www.immobilierlocal.ch\/c\/wp-json\/wp\/v2\/pages"}],"about":[{"href":"https:\/\/www.immobilierlocal.ch\/c\/wp-json\/wp\/v2\/types\/page"}],"author":[{"embeddable":true,"href":"https:\/\/www.immobilierlocal.ch\/c\/wp-json\/wp\/v2\/users\/3"}],"replies":[{"embeddable":true,"href":"https:\/\/www.immobilierlocal.ch\/c\/wp-json\/wp\/v2\/comments?post=2311"}],"version-history":[{"count":0,"href":"https:\/\/www.immobilierlocal.ch\/c\/wp-json\/wp\/v2\/pages\/2311\/revisions"}],"wp:featuredmedia":[{"embeddable":true,"href":"https:\/\/www.immobilierlocal.ch\/c\/wp-json\/wp\/v2\/media\/2768"}],"wp:attachment":[{"href":"https:\/\/www.immobilierlocal.ch\/c\/wp-json\/wp\/v2\/media?parent=2311"}],"wp:term":[{"taxonomy":"category","embeddable":true,"href":"https:\/\/www.immobilierlocal.ch\/c\/wp-json\/wp\/v2\/categories?post=2311"},{"taxonomy":"profession","embeddable":true,"href":"https:\/\/www.immobilierlocal.ch\/c\/wp-json\/wp\/v2\/profession?post=2311"},{"taxonomy":"location","embeddable":true,"href":"https:\/\/www.immobilierlocal.ch\/c\/wp-json\/wp\/v2\/location?post=2311"},{"taxonomy":"canton","embeddable":true,"href":"https:\/\/www.immobilierlocal.ch\/c\/wp-json\/wp\/v2\/canton?post=2311"}],"curies":[{"name":"wp","href":"https:\/\/api.w.org\/{rel}","templated":true}]}}