
{"id":2305,"date":"2024-04-16T17:07:24","date_gmt":"2024-04-16T15:07:24","guid":{"rendered":"https:\/\/www.immobilierlocal.ch\/c\/?page_id=2305"},"modified":"2026-02-09T11:42:02","modified_gmt":"2026-02-09T10:42:02","slug":"agence-immobiliere-a-villeneuve-vente-achat-location-dune-propriete-immobiliere","status":"publish","type":"page","link":"https:\/\/www.immobilierlocal.ch\/c\/agence-immobiliere-a-villeneuve-vente-achat-location-dune-propriete-immobiliere\/","title":{"rendered":"Agence immobili\u00e8re \u00e0 Villeneuve VD : vente achat location d&rsquo;une propri\u00e9t\u00e9 immobili\u00e8re"},"content":{"rendered":"<p>Vous projetez d&rsquo;acheter, de vendre une maison ou un appartement \u00e0 Villeneuve VD ? \u00c0 Villeneuve VD, l&rsquo;agence Immobilierlocal propose des accompagnements sur mesure. Localis\u00e9e au centre de la ville, nos experts immobiliers sont disponibles pour vous aider \u00e0 trouver ou mettre sur le march\u00e9 votre propri\u00e9t\u00e9. Notre entreprise immobili\u00e8re \u00e0 Villeneuve VD offre une vaste gamme de services : pour vendre, acheter votre habitation, ou votre studio, pour trouver un loft \u00e0 louer, acqu\u00e9rir des bureaux, des commerces, pour la gestion de vos biens immobiliers, pour de la location de logement temporaire ou g\u00e9rer les immeubles en syndic de copropri\u00e9t\u00e9 et pour les solutions de financement de votre bien immobilier.<\/p>\n\n<div class=\"box\">\n    <h2 class=\"text-dark\">Nous cherchons un <em class=\"text-primary\">Agent immobilier<\/em> dans la r\u00e9gion de <em class=\"text-primary\">Villeneuve VD<\/em>  en exclusivit\u00e9, afin de proposer vos services \u00e0 nos clients propri\u00e9taires.<\/h2>\n    <p>Une opportunit\u00e9 unique pour booster votre activit\u00e9 \u00e0 <strong>Villeneuve VD<\/strong> et aux alentours dans votre domaine (Agent immobilier).<\/p>\n    <p>Nous travaillons en exclusivit\u00e9 avec qu'une soci\u00e9t\u00e9 par m\u00e9tier et par r\u00e9gion. <br>Votre entreprise est pr\u00e9sente sur tous les documents immobiliers. Afin d'\u00eatre mieux vu sur le net, vous \u00eates \u00e9galement visible sur nos deux sites et sur les pages de r\u00e9f\u00e9rencement de votre r\u00e9gion.<\/p>\n    <a href=\"\/contact\" class=\"wp-block-button__link has-accent-background-color has-text-align-center wp-element-button\">R\u00e9server<\/a>\n<\/div>\n<h2>Le march\u00e9 immobilier Villeneuvois se d\u00e9veloppe plus loin que de sa localit\u00e9<\/h2>\n<p>Au cours des derni\u00e8res ann\u00e9es, les prix ont connu une augmentation \u00e0 Villeneuve VD, en raison de divers facteurs :<\/p>\n<ul>\n<li>Sa localisation g\u00e9ographique,<\/li>\n<li>l&rsquo;attractivit\u00e9 \u00e9conomique,<\/li>\n<li>les conditions et l&rsquo;\u00e9tat de son environnement.<\/li>\n<\/ul>\n<p>Investir \u00e0 Villeneuve VD est aussi une option pertinente, car la demande de maisons et de logements \u00e0 louer ou \u00e0 acheter \u00e0 exploser, entra\u00eenant une mont\u00e9e des prix de l&rsquo;immobilier.<\/p>\n<h3>Pour le co\u00fbt moyen par m\u00e8tre carr\u00e9 des logements \u00e0 Villeneuve VD<\/h3>\n<p class=\"estimates-price-immobilier\">Le march\u00e9 immobilier \u00e0 Villeneuve VD affiche un prix moyen de CHF 9'852 \/ m\u00b2 (prix par m\u00e8tre carr\u00e9). Les maisons et les appartements ont un prix moyen respectif de CHF 9'257 \/ m\u00b2 et de CHF 10'446 \/ m\u00b2.<\/p>\n<h3>Pour le montant moyen du loyer \u00e0 Villeneuve VD<\/h3>\n<p class=\"estimates-rent-average\">Les loyers moyens \u00e0 Villeneuve VD sont actuellement de CHF 2'788 pour les appartements, CHF 3'196 pour les maisons.<\/p>\n<p>La raret\u00e9 des logements sur le march\u00e9 contraint les acqu\u00e9reurs \u00e0 \u00e9tendre leur recherche et \u00e0 s&rsquo;orienter vers des localit\u00e9s proches, telles que :<\/p>\nLa Tine, Rossini\u00e8re, Flendruz, Rougemont, Ch\u00e2teau-d'Oex, L'Etivaz, La L\u00e9cherette, Les Moulins, Noville, Chessel, Rennaz, Roche VD, Yvorne, Leysin, Corbeyrier, Aigle, La Comballaz, Les Mosses, Le S\u00e9pey, Vers-l'Eglise, Les Diablerets, La Forclaz VD, Ollon VD, Panex, St-Triphon, Bex, Fenalet-sur-Bex, Freni\u00e8res-sur-Bex, Les Plans-sur-Bex, Gryon, Les Posses-sur-Bex, Arveyes, Hu\u00e9moz, Villars-sur-Ollon, Chesi\u00e8res, Lavey-les-Bains, Lavey-Village.\n<h2>La situation g\u00e9ographique de notre agence immobili\u00e8re \u00e0 Villeneuve VD<\/h2>\n<p>Situ\u00e9e \u00e0 Villeneuve VD notre agence immobili\u00e8re op\u00e8re dans dans tous les lieus de la ville.<\/p>\n\n<h2>Pourquoi s\u00e9lectionner Immobilierlocal ?<\/h2>\n<p>Immobilierlocal fournis une vaste s\u00e9lection de services, tel que :<\/p>\n<ul>\n<li>La parution de votre annonce sur notre site internet : dans le but d&rsquo;atteindre plus de personnes.<\/li>\n<li>Un site web en suisse et pr\u00e9sent en francophonie : notre site internet est optimis\u00e9 pour appara\u00eetre dans plusieurs moteurs de recherche francophones pour toucher un maximum de clients.<\/li>\n<li>Programme personnalis\u00e9 : chacun des logements pr\u00e9sents sur notre site b\u00e9n\u00e9ficie d&rsquo;une strat\u00e9gie personnalis\u00e9e.<\/li>\n<li>Estimation immobili\u00e8re en ligne : nous avons mis au point un outil digital pour estimer les prix de vente des logements \u00e0 Villeneuve VD.<\/li>\n<li>Photos et vid\u00e9os : nous effectuons la r\u00e9alisation des vid\u00e9os et des photos afin de mettre en valeur votre habitation.<\/li>\n<li>Empreinte num\u00e9rique : nous offrons la capacit\u00e9 de sign\u00e9 \u00e9lectroniquement vos papiers en ligne.<\/li>\n<li>Service de conciergerie airbnb : nous avons aussi un service de conciergerie airbnb.<\/li>\n<li>Services de gestion locative : nous proposons une protection pour les loyers impay\u00e9s.<\/li>\n<\/ul>\n<h2>Une agence immobili\u00e8re compos\u00e9e de professionnels<\/h2>\n<p>Les professionnels de notre agence sont exp\u00e9riment\u00e9s, qu&rsquo;il s&rsquo;agisse de technico-commerciaux ou de managers. Nos conseillers suivent fr\u00e9quemment des formations professionnelles afin de maintenir \u00e0 niveau leurs comp\u00e9tences : techniques, juridiques et commerciales \u00e0 jour. Chaque expert de notre \u00e9quipe dispose d&rsquo;une grande exp\u00e9rience dans le march\u00e9 de l&rsquo;immobilier. Cette exp\u00e9rience, nous permet d\u2019accompagner au mieux nos clients, parce que votre satisfaction est notre priorit\u00e9.<\/p>\n<h2>Obtenez une estimation pour le prix de votre bien immobilier \u00e0 Villeneuve VD<\/h2>\n<p>Nous r\u00e9alisons des estimations d\u00e9taill\u00e9es de votre habitation \u00e0 Villeneuve VD, nous prenons en compte les caract\u00e9ristiques de votre propri\u00e9t\u00e9, ou encore la renomm\u00e9e de votre secteur. Nous fournissons une v\u00e9ritable expertise pour tout ce qui concerne : l&rsquo;acquisition, la vente, les investissements immobiliers, les locations airbnb ou longue dur\u00e9e, la gestion de vos biens immobiliers, et aussi pour l&rsquo;administration de votre r\u00e9sidence en copropri\u00e9t\u00e9.<\/p>\n<h2>Un accompagnement personnalis\u00e9<\/h2>\n<p>Nous avons conscience que votre projet est adapt\u00e9 \u00e0 votre situation et vos besoins, c&rsquo;est la raison pour laquelle nous proposons des services adapt\u00e9s. Si vous cherchez \u00e0 louer un studio ou une maison dans la zone de Villeneuve VD, les conseillers de notre agence sont \u00e0 votre disposition \u00e0 toutes les \u00e9tapes de votre projet. Vous souhaitez acqu\u00e9rir une nouvelle propri\u00e9t\u00e9 \u00e0 Villeneuve VD ? Nous cherchons et trouvons le meilleur logement possible par notre r\u00e9seau.<\/p>\n<h2>Vous cherchez une agence immobili\u00e8re \u00e0 Villeneuve VD ?<\/h2>\n<p>Notre agence Immobilierlocal se trouve au c\u0153ur Villeneuve VD. Nos conseillers vous \u00e9coutent et sont pr\u00eats \u00e0 vous assister dans votre projet immobilier. Notre entreprise est chevronn\u00e9e dans l&rsquo;acquisition, la vente et la gestion de propri\u00e9t\u00e9s.<\/p>\n","protected":false},"excerpt":{"rendered":"<p>Vous projetez d&rsquo;acheter, de vendre une maison ou un appartement \u00e0 Villeneuve VD ? \u00c0 Villeneuve VD, l&rsquo;agence Immobilierlocal propose des accompagnements sur mesure. Localis\u00e9e au centre de la ville, nos experts immobiliers sont disponibles pour vous aider \u00e0 trouver ou mettre sur le march\u00e9 votre propri\u00e9t\u00e9. Notre entreprise immobili\u00e8re \u00e0 Villeneuve VD offre une [&hellip;]<\/p>\n","protected":false},"author":3,"featured_media":2768,"parent":0,"menu_order":0,"comment_status":"closed","ping_status":"closed","template":"wp-custom-template-page-agent","meta":{"footnotes":""},"categories":[89],"profession":[92],"location":[39],"canton":[79],"class_list":["post-2305","page","type-page","status-publish","has-post-thumbnail","hentry","category-agence","profession-agent-immobilier"],"yoast_head":"<!-- This site is optimized with the Yoast SEO Premium plugin v23.0 (Yoast SEO v27.3) - https:\/\/yoast.com\/product\/yoast-seo-premium-wordpress\/ -->\n<title>Agence immobili\u00e8re \u00e0 Villeneuve VD : vente achat location d&#039;une propri\u00e9t\u00e9 immobili\u00e8re - Immobilierlocal<\/title>\n<meta name=\"robots\" content=\"index, follow, max-snippet:-1, max-image-preview:large, max-video-preview:-1\" \/>\n<link rel=\"canonical\" href=\"https:\/\/www.immobilierlocal.ch\/c\/agence-immobiliere-a-villeneuve-vente-achat-location-dune-propriete-immobiliere\/\" \/>\n<meta property=\"og:locale\" content=\"fr_FR\" \/>\n<meta property=\"og:type\" content=\"article\" \/>\n<meta property=\"og:title\" content=\"Agence immobili\u00e8re \u00e0 Villeneuve VD : vente achat location d&#039;une propri\u00e9t\u00e9 immobili\u00e8re\" \/>\n<meta property=\"og:description\" content=\"Vous projetez d&rsquo;acheter, de vendre une maison ou un appartement \u00e0 Villeneuve VD ? \u00c0 Villeneuve VD, l&rsquo;agence Immobilierlocal propose des accompagnements sur mesure. Localis\u00e9e au centre de la ville, nos experts immobiliers sont disponibles pour vous aider \u00e0 trouver ou mettre sur le march\u00e9 votre propri\u00e9t\u00e9. Notre entreprise immobili\u00e8re \u00e0 Villeneuve VD offre une [&hellip;]\" \/>\n<meta property=\"og:url\" content=\"https:\/\/www.immobilierlocal.ch\/c\/agence-immobiliere-a-villeneuve-vente-achat-location-dune-propriete-immobiliere\/\" \/>\n<meta property=\"og:site_name\" content=\"Immobilierlocal\" \/>\n<meta property=\"article:modified_time\" content=\"2026-02-09T10:42:02+00:00\" \/>\n<meta property=\"og:image\" content=\"https:\/\/www.immobilierlocal.ch\/c\/wp-content\/uploads\/2026\/02\/agence-immobiliere.jpg\" \/>\n\t<meta property=\"og:image:width\" content=\"1920\" \/>\n\t<meta property=\"og:image:height\" content=\"300\" \/>\n\t<meta property=\"og:image:type\" content=\"image\/jpeg\" \/>\n<meta name=\"twitter:card\" content=\"summary_large_image\" \/>\n<meta name=\"twitter:label1\" content=\"Dur\u00e9e de lecture estim\u00e9e\" \/>\n\t<meta name=\"twitter:data1\" content=\"4 minutes\" \/>\n<script type=\"application\/ld+json\" class=\"yoast-schema-graph\">{\"@context\":\"https:\\\/\\\/schema.org\",\"@graph\":[{\"@type\":\"WebPage\",\"@id\":\"https:\\\/\\\/www.immobilierlocal.ch\\\/c\\\/agence-immobiliere-a-villeneuve-vente-achat-location-dune-propriete-immobiliere\\\/\",\"url\":\"https:\\\/\\\/www.immobilierlocal.ch\\\/c\\\/agence-immobiliere-a-villeneuve-vente-achat-location-dune-propriete-immobiliere\\\/\",\"name\":\"Agence immobili\u00e8re \u00e0 Villeneuve VD : vente achat location d'une propri\u00e9t\u00e9 immobili\u00e8re - Immobilierlocal\",\"isPartOf\":{\"@id\":\"https:\\\/\\\/www.immobilierlocal.ch\\\/c\\\/#website\"},\"primaryImageOfPage\":{\"@id\":\"https:\\\/\\\/www.immobilierlocal.ch\\\/c\\\/agence-immobiliere-a-villeneuve-vente-achat-location-dune-propriete-immobiliere\\\/#primaryimage\"},\"image\":{\"@id\":\"https:\\\/\\\/www.immobilierlocal.ch\\\/c\\\/agence-immobiliere-a-villeneuve-vente-achat-location-dune-propriete-immobiliere\\\/#primaryimage\"},\"thumbnailUrl\":\"https:\\\/\\\/www.immobilierlocal.ch\\\/c\\\/wp-content\\\/uploads\\\/2026\\\/02\\\/agence-immobiliere.jpg\",\"datePublished\":\"2024-04-16T15:07:24+00:00\",\"dateModified\":\"2026-02-09T10:42:02+00:00\",\"breadcrumb\":{\"@id\":\"https:\\\/\\\/www.immobilierlocal.ch\\\/c\\\/agence-immobiliere-a-villeneuve-vente-achat-location-dune-propriete-immobiliere\\\/#breadcrumb\"},\"inLanguage\":\"fr-FR\",\"potentialAction\":[{\"@type\":\"ReadAction\",\"target\":[\"https:\\\/\\\/www.immobilierlocal.ch\\\/c\\\/agence-immobiliere-a-villeneuve-vente-achat-location-dune-propriete-immobiliere\\\/\"]}]},{\"@type\":\"ImageObject\",\"inLanguage\":\"fr-FR\",\"@id\":\"https:\\\/\\\/www.immobilierlocal.ch\\\/c\\\/agence-immobiliere-a-villeneuve-vente-achat-location-dune-propriete-immobiliere\\\/#primaryimage\",\"url\":\"https:\\\/\\\/www.immobilierlocal.ch\\\/c\\\/wp-content\\\/uploads\\\/2026\\\/02\\\/agence-immobiliere.jpg\",\"contentUrl\":\"https:\\\/\\\/www.immobilierlocal.ch\\\/c\\\/wp-content\\\/uploads\\\/2026\\\/02\\\/agence-immobiliere.jpg\",\"width\":1920,\"height\":300},{\"@type\":\"BreadcrumbList\",\"@id\":\"https:\\\/\\\/www.immobilierlocal.ch\\\/c\\\/agence-immobiliere-a-villeneuve-vente-achat-location-dune-propriete-immobiliere\\\/#breadcrumb\",\"itemListElement\":[{\"@type\":\"ListItem\",\"position\":1,\"name\":\"Accueil\",\"item\":\"https:\\\/\\\/www.immobilierlocal.ch\\\/c\\\/\"},{\"@type\":\"ListItem\",\"position\":2,\"name\":\"Agence immobili\u00e8re dans le canton de Vaud\",\"item\":\"https:\\\/\\\/www.immobilierlocal.ch\\\/c\\\/agence-immobiliere-dans-le-canton-de-vaud-expert-en-ventes-et-locations-immobilieres\\\/\"},{\"@type\":\"ListItem\",\"position\":3,\"name\":\"Agences immobili\u00e8res\",\"item\":\"https:\\\/\\\/www.immobilierlocal.ch\\\/agences\"},{\"@type\":\"ListItem\",\"position\":4,\"name\":\"Agence immobili\u00e8re \u00e0 Villeneuve\"}]},{\"@type\":\"WebSite\",\"@id\":\"https:\\\/\\\/www.immobilierlocal.ch\\\/c\\\/#website\",\"url\":\"https:\\\/\\\/www.immobilierlocal.ch\\\/c\\\/\",\"name\":\"Immobilierlocal\",\"description\":\"\",\"publisher\":{\"@id\":\"https:\\\/\\\/www.immobilierlocal.ch\\\/c\\\/#organization\"},\"potentialAction\":[{\"@type\":\"SearchAction\",\"target\":{\"@type\":\"EntryPoint\",\"urlTemplate\":\"https:\\\/\\\/www.immobilierlocal.ch\\\/c\\\/?s={search_term_string}\"},\"query-input\":{\"@type\":\"PropertyValueSpecification\",\"valueRequired\":true,\"valueName\":\"search_term_string\"}}],\"inLanguage\":\"fr-FR\"},{\"@type\":\"Organization\",\"@id\":\"https:\\\/\\\/www.immobilierlocal.ch\\\/c\\\/#organization\",\"name\":\"Immobilierlocal\",\"url\":\"https:\\\/\\\/www.immobilierlocal.ch\\\/c\\\/\",\"logo\":{\"@type\":\"ImageObject\",\"inLanguage\":\"fr-FR\",\"@id\":\"https:\\\/\\\/www.immobilierlocal.ch\\\/c\\\/#\\\/schema\\\/logo\\\/image\\\/\",\"url\":\"https:\\\/\\\/www.immobilierlocal.ch\\\/c\\\/wp-content\\\/uploads\\\/2023\\\/10\\\/logo-immobilierlocal-h.svg\",\"contentUrl\":\"https:\\\/\\\/www.immobilierlocal.ch\\\/c\\\/wp-content\\\/uploads\\\/2023\\\/10\\\/logo-immobilierlocal-h.svg\",\"caption\":\"Immobilierlocal\"},\"image\":{\"@id\":\"https:\\\/\\\/www.immobilierlocal.ch\\\/c\\\/#\\\/schema\\\/logo\\\/image\\\/\"}}]}<\/script>\n<!-- \/ Yoast SEO Premium plugin. -->","yoast_head_json":{"title":"Agence immobili\u00e8re \u00e0 Villeneuve VD : vente achat location d'une propri\u00e9t\u00e9 immobili\u00e8re - Immobilierlocal","robots":{"index":"index","follow":"follow","max-snippet":"max-snippet:-1","max-image-preview":"max-image-preview:large","max-video-preview":"max-video-preview:-1"},"canonical":"https:\/\/www.immobilierlocal.ch\/c\/agence-immobiliere-a-villeneuve-vente-achat-location-dune-propriete-immobiliere\/","og_locale":"fr_FR","og_type":"article","og_title":"Agence immobili\u00e8re \u00e0 Villeneuve VD : vente achat location d'une propri\u00e9t\u00e9 immobili\u00e8re","og_description":"Vous projetez d&rsquo;acheter, de vendre une maison ou un appartement \u00e0 Villeneuve VD ? \u00c0 Villeneuve VD, l&rsquo;agence Immobilierlocal propose des accompagnements sur mesure. Localis\u00e9e au centre de la ville, nos experts immobiliers sont disponibles pour vous aider \u00e0 trouver ou mettre sur le march\u00e9 votre propri\u00e9t\u00e9. Notre entreprise immobili\u00e8re \u00e0 Villeneuve VD offre une [&hellip;]","og_url":"https:\/\/www.immobilierlocal.ch\/c\/agence-immobiliere-a-villeneuve-vente-achat-location-dune-propriete-immobiliere\/","og_site_name":"Immobilierlocal","article_modified_time":"2026-02-09T10:42:02+00:00","og_image":[{"width":1920,"height":300,"url":"https:\/\/www.immobilierlocal.ch\/c\/wp-content\/uploads\/2026\/02\/agence-immobiliere.jpg","type":"image\/jpeg"}],"twitter_card":"summary_large_image","twitter_misc":{"Dur\u00e9e de lecture estim\u00e9e":"4 minutes"},"schema":{"@context":"https:\/\/schema.org","@graph":[{"@type":"WebPage","@id":"https:\/\/www.immobilierlocal.ch\/c\/agence-immobiliere-a-villeneuve-vente-achat-location-dune-propriete-immobiliere\/","url":"https:\/\/www.immobilierlocal.ch\/c\/agence-immobiliere-a-villeneuve-vente-achat-location-dune-propriete-immobiliere\/","name":"Agence immobili\u00e8re \u00e0 Villeneuve VD : vente achat location d'une propri\u00e9t\u00e9 immobili\u00e8re - Immobilierlocal","isPartOf":{"@id":"https:\/\/www.immobilierlocal.ch\/c\/#website"},"primaryImageOfPage":{"@id":"https:\/\/www.immobilierlocal.ch\/c\/agence-immobiliere-a-villeneuve-vente-achat-location-dune-propriete-immobiliere\/#primaryimage"},"image":{"@id":"https:\/\/www.immobilierlocal.ch\/c\/agence-immobiliere-a-villeneuve-vente-achat-location-dune-propriete-immobiliere\/#primaryimage"},"thumbnailUrl":"https:\/\/www.immobilierlocal.ch\/c\/wp-content\/uploads\/2026\/02\/agence-immobiliere.jpg","datePublished":"2024-04-16T15:07:24+00:00","dateModified":"2026-02-09T10:42:02+00:00","breadcrumb":{"@id":"https:\/\/www.immobilierlocal.ch\/c\/agence-immobiliere-a-villeneuve-vente-achat-location-dune-propriete-immobiliere\/#breadcrumb"},"inLanguage":"fr-FR","potentialAction":[{"@type":"ReadAction","target":["https:\/\/www.immobilierlocal.ch\/c\/agence-immobiliere-a-villeneuve-vente-achat-location-dune-propriete-immobiliere\/"]}]},{"@type":"ImageObject","inLanguage":"fr-FR","@id":"https:\/\/www.immobilierlocal.ch\/c\/agence-immobiliere-a-villeneuve-vente-achat-location-dune-propriete-immobiliere\/#primaryimage","url":"https:\/\/www.immobilierlocal.ch\/c\/wp-content\/uploads\/2026\/02\/agence-immobiliere.jpg","contentUrl":"https:\/\/www.immobilierlocal.ch\/c\/wp-content\/uploads\/2026\/02\/agence-immobiliere.jpg","width":1920,"height":300},{"@type":"BreadcrumbList","@id":"https:\/\/www.immobilierlocal.ch\/c\/agence-immobiliere-a-villeneuve-vente-achat-location-dune-propriete-immobiliere\/#breadcrumb","itemListElement":[{"@type":"ListItem","position":1,"name":"Accueil","item":"https:\/\/www.immobilierlocal.ch\/c\/"},{"@type":"ListItem","position":2,"name":"Agence immobili\u00e8re dans le canton de Vaud","item":"https:\/\/www.immobilierlocal.ch\/c\/agence-immobiliere-dans-le-canton-de-vaud-expert-en-ventes-et-locations-immobilieres\/"},{"@type":"ListItem","position":3,"name":"Agences immobili\u00e8res","item":"https:\/\/www.immobilierlocal.ch\/agences"},{"@type":"ListItem","position":4,"name":"Agence immobili\u00e8re \u00e0 Villeneuve"}]},{"@type":"WebSite","@id":"https:\/\/www.immobilierlocal.ch\/c\/#website","url":"https:\/\/www.immobilierlocal.ch\/c\/","name":"Immobilierlocal","description":"","publisher":{"@id":"https:\/\/www.immobilierlocal.ch\/c\/#organization"},"potentialAction":[{"@type":"SearchAction","target":{"@type":"EntryPoint","urlTemplate":"https:\/\/www.immobilierlocal.ch\/c\/?s={search_term_string}"},"query-input":{"@type":"PropertyValueSpecification","valueRequired":true,"valueName":"search_term_string"}}],"inLanguage":"fr-FR"},{"@type":"Organization","@id":"https:\/\/www.immobilierlocal.ch\/c\/#organization","name":"Immobilierlocal","url":"https:\/\/www.immobilierlocal.ch\/c\/","logo":{"@type":"ImageObject","inLanguage":"fr-FR","@id":"https:\/\/www.immobilierlocal.ch\/c\/#\/schema\/logo\/image\/","url":"https:\/\/www.immobilierlocal.ch\/c\/wp-content\/uploads\/2023\/10\/logo-immobilierlocal-h.svg","contentUrl":"https:\/\/www.immobilierlocal.ch\/c\/wp-content\/uploads\/2023\/10\/logo-immobilierlocal-h.svg","caption":"Immobilierlocal"},"image":{"@id":"https:\/\/www.immobilierlocal.ch\/c\/#\/schema\/logo\/image\/"}}]}},"_links":{"self":[{"href":"https:\/\/www.immobilierlocal.ch\/c\/wp-json\/wp\/v2\/pages\/2305","targetHints":{"allow":["GET"]}}],"collection":[{"href":"https:\/\/www.immobilierlocal.ch\/c\/wp-json\/wp\/v2\/pages"}],"about":[{"href":"https:\/\/www.immobilierlocal.ch\/c\/wp-json\/wp\/v2\/types\/page"}],"author":[{"embeddable":true,"href":"https:\/\/www.immobilierlocal.ch\/c\/wp-json\/wp\/v2\/users\/3"}],"replies":[{"embeddable":true,"href":"https:\/\/www.immobilierlocal.ch\/c\/wp-json\/wp\/v2\/comments?post=2305"}],"version-history":[{"count":0,"href":"https:\/\/www.immobilierlocal.ch\/c\/wp-json\/wp\/v2\/pages\/2305\/revisions"}],"wp:featuredmedia":[{"embeddable":true,"href":"https:\/\/www.immobilierlocal.ch\/c\/wp-json\/wp\/v2\/media\/2768"}],"wp:attachment":[{"href":"https:\/\/www.immobilierlocal.ch\/c\/wp-json\/wp\/v2\/media?parent=2305"}],"wp:term":[{"taxonomy":"category","embeddable":true,"href":"https:\/\/www.immobilierlocal.ch\/c\/wp-json\/wp\/v2\/categories?post=2305"},{"taxonomy":"profession","embeddable":true,"href":"https:\/\/www.immobilierlocal.ch\/c\/wp-json\/wp\/v2\/profession?post=2305"},{"taxonomy":"location","embeddable":true,"href":"https:\/\/www.immobilierlocal.ch\/c\/wp-json\/wp\/v2\/location?post=2305"},{"taxonomy":"canton","embeddable":true,"href":"https:\/\/www.immobilierlocal.ch\/c\/wp-json\/wp\/v2\/canton?post=2305"}],"curies":[{"name":"wp","href":"https:\/\/api.w.org\/{rel}","templated":true}]}}