
{"id":2298,"date":"2024-04-16T17:06:40","date_gmt":"2024-04-16T15:06:40","guid":{"rendered":"https:\/\/www.immobilierlocal.ch\/c\/?page_id=2298"},"modified":"2026-02-09T11:42:46","modified_gmt":"2026-02-09T10:42:46","slug":"agence-immobiliere-a-boudry-expert-en-transactions-immobilieres-et-locations-de-biens-immobiliers","status":"publish","type":"page","link":"https:\/\/www.immobilierlocal.ch\/c\/agence-immobiliere-a-boudry-expert-en-transactions-immobilieres-et-locations-de-biens-immobiliers\/","title":{"rendered":"Agence immobili\u00e8re \u00e0 Boudry : expert en transactions immobili\u00e8res et locations de biens immobiliers"},"content":{"rendered":"<p>Vous projetez d&rsquo;acheter, de vendre une r\u00e9sidence ou un logement \u00e0 Boudry ? Immobilierlocal est joignable pour vous accompagner dans votre projet. Notre soci\u00e9t\u00e9 est situ\u00e9e au centre-ville, prenez contact avec nous pour d\u00e9nicher la maison de vos r\u00eaves ou c\u00e9der la v\u00f4tre. Notre agence immobili\u00e8re \u00e0 Boudry offre une large gamme de services : pour acheter, vendre votre villa, ou votre appartement, pour trouver un loft \u00e0 la location, acqu\u00e9rir des commerces, des locaux professionnels, pour la gestion de vos logements, pour de la location saisonni\u00e8re airbnb ou g\u00e9rer les immeubles en syndic de copropri\u00e9t\u00e9 et pour les solutions de financement de votre bien immobilier.<\/p>\n\n<div class=\"box\">\n    <h2 class=\"text-dark\">Nous cherchons un <em class=\"text-primary\">Agent immobilier<\/em> dans la r\u00e9gion de <em class=\"text-primary\">Boudry<\/em>  en exclusivit\u00e9, afin de proposer vos services \u00e0 nos clients propri\u00e9taires.<\/h2>\n    <p>Une opportunit\u00e9 unique pour booster votre activit\u00e9 \u00e0 <strong>Boudry<\/strong> et aux alentours dans votre domaine (Agent immobilier).<\/p>\n    <p>Nous travaillons en exclusivit\u00e9 avec qu'une soci\u00e9t\u00e9 par m\u00e9tier et par r\u00e9gion. <br>Votre entreprise est pr\u00e9sente sur tous les documents immobiliers. Afin d'\u00eatre mieux vu sur le net, vous \u00eates \u00e9galement visible sur nos deux sites et sur les pages de r\u00e9f\u00e9rencement de votre r\u00e9gion.<\/p>\n    <a href=\"\/contact\" class=\"wp-block-button__link has-accent-background-color has-text-align-center wp-element-button\">R\u00e9server<\/a>\n<\/div>\n<h2>Le march\u00e9 immobilier Boudrysan s\u2019\u00e9tend au-del\u00e0 de sa ville<\/h2>\n<p>R\u00e9cemment, les prix ont connu une hausse \u00e0 Boudry, en raison de nombreux facteurs :<\/p>\n<ul>\n<li>Sa position g\u00e9ographique,<\/li>\n<li>le march\u00e9 de l&#8217;emploi,<\/li>\n<li>le confort et l&rsquo;\u00e9tat de son environnement.<\/li>\n<\/ul>\n<p>Acheter un appartement \u00e0 Boudry est aussi un investissement s\u00fbr, \u00e9tant donn\u00e9 que la demande de locations et d&rsquo;achats qui a connu une forte hausse, conduisant une hausse des prix.<\/p>\n<h3>Pour le prix moyen par m\u00e8tre carr\u00e9 des biens immobiliers \u00e0 Boudry<\/h3>\n<p class=\"estimates-price-immobilier\">Le march\u00e9 immobilier \u00e0 Boudry affiche un prix moyen de CHF 6'960 \/ m\u00b2 (prix par m\u00e8tre carr\u00e9). Les maisons et les appartements ont un prix moyen respectif de CHF 7'126 \/ m\u00b2 et de CHF 6'794 \/ m\u00b2.<\/p>\n<h3>Pour le loyer moyen \u00e0 Boudry<\/h3>\n<p class=\"estimates-rent-average\">Les loyers moyens \u00e0 Boudry sont actuellement de CHF 1'722 pour les appartements, CHF 2'479 pour les maisons.<\/p>\n<p>La rar\u00e9faction des logements propos\u00e9s \u00e0 la vente encourage de plus en plus d&rsquo;acqu\u00e9reurs \u00e0 s&rsquo;\u00e9loigner de Boudry et \u00e0 cibler des villes \u00e0 proximit\u00e9, comme :<\/p>\nNeuch\u00e2tel, Auvernier, Colombier NE, B\u00f4le, Areuse, Cortaillod, Chambrelien, Rochefort, Bevaix, Gorgier, St-Aubin-Sauges, Chez-le-Bart, Fresens, Montalchez, Vaumarcus, Peseux, Corcelles NE, Cormondr\u00e8che, Hauterive NE, St-Blaise, Enges, Marin-Epagnier, Thielle, Wavre, Cornaux NE, Cressier NE, Champ-du-Moulin.\n<h2>L\u2019implantation de notre agence immobili\u00e8re \u00e0 Boudry<\/h2>\n<p>Les commerciaux de notre agence immobili\u00e8re op\u00e8rent dans tous les arrondissements de Boudry.<\/p>\n\n<h2>Pourquoi s\u00e9lectionner Immobilierlocal ?<\/h2>\n<p>Immobilierlocal offre une vaste s\u00e9lection de prestations, tel que :<\/p>\n<ul>\n<li>La mise en ligne de votre annonce sur notre site : pour vous donner la possibilit\u00e9 d&rsquo;atteindre davantage de monde.<\/li>\n<li>Une vitrine en suisse et sur internet : notre site internet se positionne sur des moteurs de recherches web francophones en vue d\u2019atteindre plus d\u2019acheteurs et de vendeurs.<\/li>\n<li>Strat\u00e9gie de vente personnalis\u00e9e : chaque bien sur notre site web dispose d&rsquo;une strat\u00e9gie de vente sur mesure.<\/li>\n<li>Estimation des prix : nous avons fabriqu\u00e9 des applications pour estimer les prix de vente des biens immobiliers.<\/li>\n<li>Montage vid\u00e9o et photos : nous effectuons la prise des photos et des vid\u00e9os dans le but de mettre en valeur votre propri\u00e9t\u00e9.<\/li>\n<li>Empreinte num\u00e9rique : nous proposons la possibilit\u00e9 de sign\u00e9 num\u00e9riquement vos papiers en ligne.<\/li>\n<li>Conciergerie airbnb : nous proposons aussi un service de conciergerie airbnb.<\/li>\n<li>Gestion locative : nous proposons une garantie pour les loyers impay\u00e9s.<\/li>\n<\/ul>\n<h2>Une soci\u00e9t\u00e9 immobili\u00e8re compos\u00e9e de professionnels<\/h2>\n<p>Les conseillers de notre soci\u00e9t\u00e9 sont exp\u00e9riment\u00e9s, qu&rsquo;il s&rsquo;agisse de conseillers commerciaux ou de managers. Nos collaborateurs participent r\u00e9guli\u00e8rement \u00e0 des formations de perfectionnement. Chaque commercial de notre \u00e9quipe a une grande exp\u00e9rience dans le march\u00e9 de l&rsquo;immobilier. Les comp\u00e9tences acquises nous permettent d&rsquo;accompagner au mieux nos partenaires.<\/p>\n<h2>Calculer la valeur de votre bien \u00e0 Boudry<\/h2>\n<p>Vous \u00eates un Boudrysan, notre soci\u00e9t\u00e9 r\u00e9alise des estimations pouss\u00e9es de votre maison en prenant en compte les caract\u00e9ristiques de votre habitat comme votre secteur. Nous apportons une v\u00e9ritable comp\u00e9tence que ce soit pour : l&rsquo;achat, la vente, les placements immobiliers, les locations \u00e0 court et long terme, la gestion de vos biens immobiliers, et aussi pour la gestion de votre r\u00e9sidence en copropri\u00e9t\u00e9.<\/p>\n<h2>Un accompagnement sur mesure<\/h2>\n<p>Nous savons que chaque personne a des besoins et demandes sp\u00e9cifiques, c&rsquo;est pourquoi nous personnalisons nos conseils. Si vous cherchez \u00e0 louer une maison ou un appartement dans la zone de Boudry, les conseillers de notre agence sont \u00e0 votre disposition \u00e0 toutes les \u00e9tapes de votre projet. Vous voulez acheter une nouvelle propri\u00e9t\u00e9 \u00e0 Boudry ? Nous vous trouvons le meilleur domicile potentiel \u00e0 l&rsquo;aide de notre r\u00e9seau.<\/p>\n<h2>Vous avez besoin d&rsquo;une agence immobili\u00e8re \u00e0 Boudry ?<\/h2>\n<p>Notre agence Immobilierlocal est situ\u00e9e au centre-ville de Boudry. Nos consultants vous \u00e9coutent et sont toujours d\u00e9termin\u00e9s \u00e0 vous assister dans votre projet. Notre entreprise est chevronn\u00e9e dans la vente, l&rsquo;acquisition et la gestion de propri\u00e9t\u00e9s.<\/p>\n","protected":false},"excerpt":{"rendered":"<p>Vous projetez d&rsquo;acheter, de vendre une r\u00e9sidence ou un logement \u00e0 Boudry ? Immobilierlocal est joignable pour vous accompagner dans votre projet. Notre soci\u00e9t\u00e9 est situ\u00e9e au centre-ville, prenez contact avec nous pour d\u00e9nicher la maison de vos r\u00eaves ou c\u00e9der la v\u00f4tre. Notre agence immobili\u00e8re \u00e0 Boudry offre une large gamme de services : [&hellip;]<\/p>\n","protected":false},"author":3,"featured_media":2768,"parent":0,"menu_order":0,"comment_status":"closed","ping_status":"closed","template":"wp-custom-template-page-agent","meta":{"footnotes":""},"categories":[89],"profession":[92],"location":[52],"canton":[77],"class_list":["post-2298","page","type-page","status-publish","has-post-thumbnail","hentry","category-agence","profession-agent-immobilier"],"yoast_head":"<!-- This site is optimized with the Yoast SEO Premium plugin v23.0 (Yoast SEO v27.4) - https:\/\/yoast.com\/product\/yoast-seo-premium-wordpress\/ -->\n<title>Agence immobili\u00e8re \u00e0 Boudry : expert en transactions immobili\u00e8res et locations de biens immobiliers - Immobilierlocal<\/title>\n<meta name=\"robots\" content=\"index, follow, max-snippet:-1, max-image-preview:large, max-video-preview:-1\" \/>\n<link rel=\"canonical\" href=\"https:\/\/www.immobilierlocal.ch\/c\/agence-immobiliere-a-boudry-expert-en-transactions-immobilieres-et-locations-de-biens-immobiliers\/\" \/>\n<meta property=\"og:locale\" content=\"fr_FR\" \/>\n<meta property=\"og:type\" content=\"article\" \/>\n<meta property=\"og:title\" content=\"Agence immobili\u00e8re \u00e0 Boudry : expert en transactions immobili\u00e8res et locations de biens immobiliers\" \/>\n<meta property=\"og:description\" content=\"Vous projetez d&rsquo;acheter, de vendre une r\u00e9sidence ou un logement \u00e0 Boudry ? Immobilierlocal est joignable pour vous accompagner dans votre projet. Notre soci\u00e9t\u00e9 est situ\u00e9e au centre-ville, prenez contact avec nous pour d\u00e9nicher la maison de vos r\u00eaves ou c\u00e9der la v\u00f4tre. Notre agence immobili\u00e8re \u00e0 Boudry offre une large gamme de services : [&hellip;]\" \/>\n<meta property=\"og:url\" content=\"https:\/\/www.immobilierlocal.ch\/c\/agence-immobiliere-a-boudry-expert-en-transactions-immobilieres-et-locations-de-biens-immobiliers\/\" \/>\n<meta property=\"og:site_name\" content=\"Immobilierlocal\" \/>\n<meta property=\"article:modified_time\" content=\"2026-02-09T10:42:46+00:00\" \/>\n<meta property=\"og:image\" content=\"https:\/\/www.immobilierlocal.ch\/c\/wp-content\/uploads\/2026\/02\/agence-immobiliere.jpg\" \/>\n\t<meta property=\"og:image:width\" content=\"1920\" \/>\n\t<meta property=\"og:image:height\" content=\"300\" \/>\n\t<meta property=\"og:image:type\" content=\"image\/jpeg\" \/>\n<meta name=\"twitter:card\" content=\"summary_large_image\" \/>\n<meta name=\"twitter:label1\" content=\"Dur\u00e9e de lecture estim\u00e9e\" \/>\n\t<meta name=\"twitter:data1\" content=\"3 minutes\" \/>\n<script type=\"application\/ld+json\" class=\"yoast-schema-graph\">{\"@context\":\"https:\\\/\\\/schema.org\",\"@graph\":[{\"@type\":\"WebPage\",\"@id\":\"https:\\\/\\\/www.immobilierlocal.ch\\\/c\\\/agence-immobiliere-a-boudry-expert-en-transactions-immobilieres-et-locations-de-biens-immobiliers\\\/\",\"url\":\"https:\\\/\\\/www.immobilierlocal.ch\\\/c\\\/agence-immobiliere-a-boudry-expert-en-transactions-immobilieres-et-locations-de-biens-immobiliers\\\/\",\"name\":\"Agence immobili\u00e8re \u00e0 Boudry : expert en transactions immobili\u00e8res et locations de biens immobiliers - Immobilierlocal\",\"isPartOf\":{\"@id\":\"https:\\\/\\\/www.immobilierlocal.ch\\\/c\\\/#website\"},\"primaryImageOfPage\":{\"@id\":\"https:\\\/\\\/www.immobilierlocal.ch\\\/c\\\/agence-immobiliere-a-boudry-expert-en-transactions-immobilieres-et-locations-de-biens-immobiliers\\\/#primaryimage\"},\"image\":{\"@id\":\"https:\\\/\\\/www.immobilierlocal.ch\\\/c\\\/agence-immobiliere-a-boudry-expert-en-transactions-immobilieres-et-locations-de-biens-immobiliers\\\/#primaryimage\"},\"thumbnailUrl\":\"https:\\\/\\\/www.immobilierlocal.ch\\\/c\\\/wp-content\\\/uploads\\\/2026\\\/02\\\/agence-immobiliere.jpg\",\"datePublished\":\"2024-04-16T15:06:40+00:00\",\"dateModified\":\"2026-02-09T10:42:46+00:00\",\"breadcrumb\":{\"@id\":\"https:\\\/\\\/www.immobilierlocal.ch\\\/c\\\/agence-immobiliere-a-boudry-expert-en-transactions-immobilieres-et-locations-de-biens-immobiliers\\\/#breadcrumb\"},\"inLanguage\":\"fr-FR\",\"potentialAction\":[{\"@type\":\"ReadAction\",\"target\":[\"https:\\\/\\\/www.immobilierlocal.ch\\\/c\\\/agence-immobiliere-a-boudry-expert-en-transactions-immobilieres-et-locations-de-biens-immobiliers\\\/\"]}]},{\"@type\":\"ImageObject\",\"inLanguage\":\"fr-FR\",\"@id\":\"https:\\\/\\\/www.immobilierlocal.ch\\\/c\\\/agence-immobiliere-a-boudry-expert-en-transactions-immobilieres-et-locations-de-biens-immobiliers\\\/#primaryimage\",\"url\":\"https:\\\/\\\/www.immobilierlocal.ch\\\/c\\\/wp-content\\\/uploads\\\/2026\\\/02\\\/agence-immobiliere.jpg\",\"contentUrl\":\"https:\\\/\\\/www.immobilierlocal.ch\\\/c\\\/wp-content\\\/uploads\\\/2026\\\/02\\\/agence-immobiliere.jpg\",\"width\":1920,\"height\":300},{\"@type\":\"BreadcrumbList\",\"@id\":\"https:\\\/\\\/www.immobilierlocal.ch\\\/c\\\/agence-immobiliere-a-boudry-expert-en-transactions-immobilieres-et-locations-de-biens-immobiliers\\\/#breadcrumb\",\"itemListElement\":[{\"@type\":\"ListItem\",\"position\":1,\"name\":\"Accueil\",\"item\":\"https:\\\/\\\/www.immobilierlocal.ch\\\/c\\\/\"},{\"@type\":\"ListItem\",\"position\":2,\"name\":\"Agence immobili\u00e8re dans le canton de Neuch\u00e2tel\",\"item\":\"https:\\\/\\\/www.immobilierlocal.ch\\\/c\\\/agence-immobiliere-dans-le-canton-de-neuchatel-votre-partenaire-pour-la-location-lachat-et-la-vente-de-biens-immobiliers\\\/\"},{\"@type\":\"ListItem\",\"position\":3,\"name\":\"Agences immobili\u00e8res\",\"item\":\"https:\\\/\\\/www.immobilierlocal.ch\\\/agences\"},{\"@type\":\"ListItem\",\"position\":4,\"name\":\"Agence immobili\u00e8re \u00e0 Boudry\"}]},{\"@type\":\"WebSite\",\"@id\":\"https:\\\/\\\/www.immobilierlocal.ch\\\/c\\\/#website\",\"url\":\"https:\\\/\\\/www.immobilierlocal.ch\\\/c\\\/\",\"name\":\"Immobilierlocal\",\"description\":\"\",\"publisher\":{\"@id\":\"https:\\\/\\\/www.immobilierlocal.ch\\\/c\\\/#organization\"},\"potentialAction\":[{\"@type\":\"SearchAction\",\"target\":{\"@type\":\"EntryPoint\",\"urlTemplate\":\"https:\\\/\\\/www.immobilierlocal.ch\\\/c\\\/?s={search_term_string}\"},\"query-input\":{\"@type\":\"PropertyValueSpecification\",\"valueRequired\":true,\"valueName\":\"search_term_string\"}}],\"inLanguage\":\"fr-FR\"},{\"@type\":\"Organization\",\"@id\":\"https:\\\/\\\/www.immobilierlocal.ch\\\/c\\\/#organization\",\"name\":\"Immobilierlocal\",\"url\":\"https:\\\/\\\/www.immobilierlocal.ch\\\/c\\\/\",\"logo\":{\"@type\":\"ImageObject\",\"inLanguage\":\"fr-FR\",\"@id\":\"https:\\\/\\\/www.immobilierlocal.ch\\\/c\\\/#\\\/schema\\\/logo\\\/image\\\/\",\"url\":\"https:\\\/\\\/www.immobilierlocal.ch\\\/c\\\/wp-content\\\/uploads\\\/2023\\\/10\\\/logo-immobilierlocal-h.svg\",\"contentUrl\":\"https:\\\/\\\/www.immobilierlocal.ch\\\/c\\\/wp-content\\\/uploads\\\/2023\\\/10\\\/logo-immobilierlocal-h.svg\",\"caption\":\"Immobilierlocal\"},\"image\":{\"@id\":\"https:\\\/\\\/www.immobilierlocal.ch\\\/c\\\/#\\\/schema\\\/logo\\\/image\\\/\"}}]}<\/script>\n<!-- \/ Yoast SEO Premium plugin. -->","yoast_head_json":{"title":"Agence immobili\u00e8re \u00e0 Boudry : expert en transactions immobili\u00e8res et locations de biens immobiliers - Immobilierlocal","robots":{"index":"index","follow":"follow","max-snippet":"max-snippet:-1","max-image-preview":"max-image-preview:large","max-video-preview":"max-video-preview:-1"},"canonical":"https:\/\/www.immobilierlocal.ch\/c\/agence-immobiliere-a-boudry-expert-en-transactions-immobilieres-et-locations-de-biens-immobiliers\/","og_locale":"fr_FR","og_type":"article","og_title":"Agence immobili\u00e8re \u00e0 Boudry : expert en transactions immobili\u00e8res et locations de biens immobiliers","og_description":"Vous projetez d&rsquo;acheter, de vendre une r\u00e9sidence ou un logement \u00e0 Boudry ? Immobilierlocal est joignable pour vous accompagner dans votre projet. Notre soci\u00e9t\u00e9 est situ\u00e9e au centre-ville, prenez contact avec nous pour d\u00e9nicher la maison de vos r\u00eaves ou c\u00e9der la v\u00f4tre. Notre agence immobili\u00e8re \u00e0 Boudry offre une large gamme de services : [&hellip;]","og_url":"https:\/\/www.immobilierlocal.ch\/c\/agence-immobiliere-a-boudry-expert-en-transactions-immobilieres-et-locations-de-biens-immobiliers\/","og_site_name":"Immobilierlocal","article_modified_time":"2026-02-09T10:42:46+00:00","og_image":[{"width":1920,"height":300,"url":"https:\/\/www.immobilierlocal.ch\/c\/wp-content\/uploads\/2026\/02\/agence-immobiliere.jpg","type":"image\/jpeg"}],"twitter_card":"summary_large_image","twitter_misc":{"Dur\u00e9e de lecture estim\u00e9e":"3 minutes"},"schema":{"@context":"https:\/\/schema.org","@graph":[{"@type":"WebPage","@id":"https:\/\/www.immobilierlocal.ch\/c\/agence-immobiliere-a-boudry-expert-en-transactions-immobilieres-et-locations-de-biens-immobiliers\/","url":"https:\/\/www.immobilierlocal.ch\/c\/agence-immobiliere-a-boudry-expert-en-transactions-immobilieres-et-locations-de-biens-immobiliers\/","name":"Agence immobili\u00e8re \u00e0 Boudry : expert en transactions immobili\u00e8res et locations de biens immobiliers - Immobilierlocal","isPartOf":{"@id":"https:\/\/www.immobilierlocal.ch\/c\/#website"},"primaryImageOfPage":{"@id":"https:\/\/www.immobilierlocal.ch\/c\/agence-immobiliere-a-boudry-expert-en-transactions-immobilieres-et-locations-de-biens-immobiliers\/#primaryimage"},"image":{"@id":"https:\/\/www.immobilierlocal.ch\/c\/agence-immobiliere-a-boudry-expert-en-transactions-immobilieres-et-locations-de-biens-immobiliers\/#primaryimage"},"thumbnailUrl":"https:\/\/www.immobilierlocal.ch\/c\/wp-content\/uploads\/2026\/02\/agence-immobiliere.jpg","datePublished":"2024-04-16T15:06:40+00:00","dateModified":"2026-02-09T10:42:46+00:00","breadcrumb":{"@id":"https:\/\/www.immobilierlocal.ch\/c\/agence-immobiliere-a-boudry-expert-en-transactions-immobilieres-et-locations-de-biens-immobiliers\/#breadcrumb"},"inLanguage":"fr-FR","potentialAction":[{"@type":"ReadAction","target":["https:\/\/www.immobilierlocal.ch\/c\/agence-immobiliere-a-boudry-expert-en-transactions-immobilieres-et-locations-de-biens-immobiliers\/"]}]},{"@type":"ImageObject","inLanguage":"fr-FR","@id":"https:\/\/www.immobilierlocal.ch\/c\/agence-immobiliere-a-boudry-expert-en-transactions-immobilieres-et-locations-de-biens-immobiliers\/#primaryimage","url":"https:\/\/www.immobilierlocal.ch\/c\/wp-content\/uploads\/2026\/02\/agence-immobiliere.jpg","contentUrl":"https:\/\/www.immobilierlocal.ch\/c\/wp-content\/uploads\/2026\/02\/agence-immobiliere.jpg","width":1920,"height":300},{"@type":"BreadcrumbList","@id":"https:\/\/www.immobilierlocal.ch\/c\/agence-immobiliere-a-boudry-expert-en-transactions-immobilieres-et-locations-de-biens-immobiliers\/#breadcrumb","itemListElement":[{"@type":"ListItem","position":1,"name":"Accueil","item":"https:\/\/www.immobilierlocal.ch\/c\/"},{"@type":"ListItem","position":2,"name":"Agence immobili\u00e8re dans le canton de Neuch\u00e2tel","item":"https:\/\/www.immobilierlocal.ch\/c\/agence-immobiliere-dans-le-canton-de-neuchatel-votre-partenaire-pour-la-location-lachat-et-la-vente-de-biens-immobiliers\/"},{"@type":"ListItem","position":3,"name":"Agences immobili\u00e8res","item":"https:\/\/www.immobilierlocal.ch\/agences"},{"@type":"ListItem","position":4,"name":"Agence immobili\u00e8re \u00e0 Boudry"}]},{"@type":"WebSite","@id":"https:\/\/www.immobilierlocal.ch\/c\/#website","url":"https:\/\/www.immobilierlocal.ch\/c\/","name":"Immobilierlocal","description":"","publisher":{"@id":"https:\/\/www.immobilierlocal.ch\/c\/#organization"},"potentialAction":[{"@type":"SearchAction","target":{"@type":"EntryPoint","urlTemplate":"https:\/\/www.immobilierlocal.ch\/c\/?s={search_term_string}"},"query-input":{"@type":"PropertyValueSpecification","valueRequired":true,"valueName":"search_term_string"}}],"inLanguage":"fr-FR"},{"@type":"Organization","@id":"https:\/\/www.immobilierlocal.ch\/c\/#organization","name":"Immobilierlocal","url":"https:\/\/www.immobilierlocal.ch\/c\/","logo":{"@type":"ImageObject","inLanguage":"fr-FR","@id":"https:\/\/www.immobilierlocal.ch\/c\/#\/schema\/logo\/image\/","url":"https:\/\/www.immobilierlocal.ch\/c\/wp-content\/uploads\/2023\/10\/logo-immobilierlocal-h.svg","contentUrl":"https:\/\/www.immobilierlocal.ch\/c\/wp-content\/uploads\/2023\/10\/logo-immobilierlocal-h.svg","caption":"Immobilierlocal"},"image":{"@id":"https:\/\/www.immobilierlocal.ch\/c\/#\/schema\/logo\/image\/"}}]}},"_links":{"self":[{"href":"https:\/\/www.immobilierlocal.ch\/c\/wp-json\/wp\/v2\/pages\/2298","targetHints":{"allow":["GET"]}}],"collection":[{"href":"https:\/\/www.immobilierlocal.ch\/c\/wp-json\/wp\/v2\/pages"}],"about":[{"href":"https:\/\/www.immobilierlocal.ch\/c\/wp-json\/wp\/v2\/types\/page"}],"author":[{"embeddable":true,"href":"https:\/\/www.immobilierlocal.ch\/c\/wp-json\/wp\/v2\/users\/3"}],"replies":[{"embeddable":true,"href":"https:\/\/www.immobilierlocal.ch\/c\/wp-json\/wp\/v2\/comments?post=2298"}],"version-history":[{"count":0,"href":"https:\/\/www.immobilierlocal.ch\/c\/wp-json\/wp\/v2\/pages\/2298\/revisions"}],"wp:featuredmedia":[{"embeddable":true,"href":"https:\/\/www.immobilierlocal.ch\/c\/wp-json\/wp\/v2\/media\/2768"}],"wp:attachment":[{"href":"https:\/\/www.immobilierlocal.ch\/c\/wp-json\/wp\/v2\/media?parent=2298"}],"wp:term":[{"taxonomy":"category","embeddable":true,"href":"https:\/\/www.immobilierlocal.ch\/c\/wp-json\/wp\/v2\/categories?post=2298"},{"taxonomy":"profession","embeddable":true,"href":"https:\/\/www.immobilierlocal.ch\/c\/wp-json\/wp\/v2\/profession?post=2298"},{"taxonomy":"location","embeddable":true,"href":"https:\/\/www.immobilierlocal.ch\/c\/wp-json\/wp\/v2\/location?post=2298"},{"taxonomy":"canton","embeddable":true,"href":"https:\/\/www.immobilierlocal.ch\/c\/wp-json\/wp\/v2\/canton?post=2298"}],"curies":[{"name":"wp","href":"https:\/\/api.w.org\/{rel}","templated":true}]}}