
{"id":2281,"date":"2024-04-16T17:07:00","date_gmt":"2024-04-16T15:07:00","guid":{"rendered":"https:\/\/www.immobilierlocal.ch\/c\/?page_id=2281"},"modified":"2026-02-09T11:42:27","modified_gmt":"2026-02-09T10:42:27","slug":"agence-immobiliere-a-lausanne-votre-partenaire-pour-lachat-la-vente-et-la-location-de-logements","status":"publish","type":"page","link":"https:\/\/www.immobilierlocal.ch\/c\/agence-immobiliere-a-lausanne-votre-partenaire-pour-lachat-la-vente-et-la-location-de-logements\/","title":{"rendered":"Agence immobili\u00e8re \u00e0 Lausanne : votre partenaire pour l&rsquo;achat, la vente et la location de logements"},"content":{"rendered":"<p>Envisagez-vous la vente, la location ou l&rsquo;acquisition d&rsquo;un logement ou d&rsquo;un appartement situ\u00e9 \u00e0 Lausanne ? Immobilierlocal est joignable pour vous accompagner dans vos projets. \u00c9tabli au c\u0153ur de la ville, notre \u00e9quipe est disponible pour vous assister \u00e0 trouver ou mettre sur le march\u00e9 votre propri\u00e9t\u00e9. \u00c0 Lausanne, notre entreprise offre des services pour : l&rsquo;achat, la cession, la location de maisons, d&rsquo;appartements, de commerces de proximit\u00e9s, de locaux commerciaux, nous offrons aussi la g\u00e9rance de vos propri\u00e9t\u00e9s, la gestion locative de vos studios Airbnb, l&rsquo;administration de copropri\u00e9t\u00e9s ou encore pour \u00e9laborer une solution de pr\u00eat de votre futur bien.<\/p>\n\r\n<div class=\"box\">\r\n            <div class=\"company-info\">\r\n            <img decoding=\"async\" class=\"company-info__logo\" src=\"https:\/\/www.artisanlocal.ch\/media\/cache\/thumb\/images\/companies\/6800e5479122e945632473.png\" alt=\"Logo\">\r\n            <h2 class=\"company-info__name\">PROXIMMO Agence Immobili\u00e8re S\u00e0rl<\/h2>\r\n            <p class=\"company-info__business\">Agence immobili\u00e8re - Courtage immobilier - Promotion - Estimation - Accompagnement pour l\u2019achat - Financement - Conseils<\/p>\r\n        <\/div>\r\n        <div class=\"company-contact\">\r\n            <p class=\"company-info__address\">Place Bel-Air 1, 1003 Lausanne <\/p>\r\n                            <div class=\"links\">\r\n                                            <a class=\"btn has-accent-background-color js-phoneNumber\" href=\"tel:0213510808\" title=\"Appelez\" data-id=\"28161\" data-type=\"11\">021 351 08 08<\/a>\r\n                                                                <a class=\"btn has-accent-background-color\" href=\"https:\/\/proximmo.ch\/\" target=\"_blank\" title=\"Voir le site internet\" data-id=\"28161\" data-type=\"20\">Site internet<\/a>\r\n                                    <\/div>\r\n                    <\/div>\r\n    \r\n            \n<form action=\"https:\/\/www.immobilierlocal.ch\/c\/wp-admin\/admin-ajax.php\" method=\"post\" class=\"form-contact\" id=\"immobilier_form_contact_company_inline\">\n    <div><input type=\"hidden\" name=\"action\" value=\"company_contact\"><\/div>\n    <div><input type=\"hidden\" name=\"nonce\" value=\"ef6c92ad46\"><\/div>\n    <div><input type=\"hidden\" name=\"company_id\" value=\"28161\"><\/div>\n    <div><input type=\"hidden\" name=\"form_id\" value=\"immobilier_form_contact_company_inline\"><\/div>\n    <div class=\"gglcptch gglcptch_v3 gglcptch_custom\"><input type=\"hidden\" id=\"g-recaptcha-response\" name=\"g-recaptcha-response\" \/><br \/><div class=\"gglcptch_error_text\">La p\u00e9riode de v\u00e9rification reCAPTCHA a expir\u00e9. Veuillez recharger la page.<\/div><\/div>    <div class=\"form-content\">\n        <div class=\"form-group\">\n            <label for=\"contact_firstName\" class=\"required\">Pr\u00e9nom<\/label>\n            <input type=\"text\" name=\"firstName\" class=\"form-control\" required>\n        <\/div>\n        <div class=\"form-group\">\n            <label for=\"contact_lastName\" class=\"required\">Nom<\/label>\n            <input type=\"text\" name=\"lastName\" class=\"form-control\" required>\n        <\/div>\n        <div class=\"form-group\">\n            <label for=\"contact_email\" class=\"required\">Email<\/label>\n            <input type=\"email\" name=\"email\" class=\"form-control\" required>\n        <\/div>\n        <div class=\"form-group\">\n            <label for=\"contact_phone\" class=\"required\">Num\u00e9ro de t\u00e9l\u00e9phone<\/label>\n            <input type=\"tel\" name=\"phone\" class=\"form-control\" placeholder=\"0787117165\" pattern=\"^[0-9]{10}$\" required>\n        <\/div>\n        <div class=\"form-group\">\n            <label for=\"contact_postalCode\" class=\"required\">Code postal et localit\u00e9<\/label>\n            <input type=\"text\" name=\"postalCode\" class=\"form-control\" required>\n        <\/div>\n        <div class=\"form-group\">\n            <label for=\"contact_address\" class=\"required\">Adresse<\/label>\n            <input type=\"text\" name=\"address\" class=\"form-control\" required>\n        <\/div>\n        <div class=\"full-width topic\">\n            <p class=\"required\">Je souhaite \u00eatre contact\u00e9 pour :<\/p>\n            <div class=\"form-check\">\n                <input type=\"radio\" name=\"topic\" value=\"Estimation\" class=\"form-control\" required>\n                <label for=\"estimation\">R\u00e9aliser une estimation<\/label>\n            <\/div>\n            <div class=\"form-check\">\n                <input type=\"radio\" name=\"topic\" value=\"Vente\" class=\"form-control\" required>\n                <label for=\"vente\">R\u00e9aliser une vente<\/label>\n            <\/div>\n            <div class=\"form-check\">\n                <input type=\"radio\" name=\"topic\" value=\"Autre\" class=\"form-control\" required>\n                <label for=\"autre\">Autre<\/label>\n            <\/div>\n        <\/div>\n        <div class=\"form-group full-width\">\n            <label for=\"contact_message\">Message<\/label>\n            <textarea name=\"message\" rows=\"3\" class=\"form-control\"><\/textarea>\n        <\/div>\n    <\/div>\n    <div class=\"form-actions\">\n        <button class=\"wp-block-button__link has-accent-background-color\">Contacter<\/button>\n    <\/div>\n<\/form>\n<div class=\"form-feedback\"><\/div>    <\/div>\n<h2>Le march\u00e9 immobilier Lausannois se d\u00e9veloppe en dehors de son agglom\u00e9ration<\/h2>\n<p>Au cours des derni\u00e8res ann\u00e9es, les prix ont augment\u00e9 \u00e0 Lausanne, en raison de plusieurs \u00e9l\u00e9ments :<\/p>\n<ul>\n<li>Son secteur g\u00e9ographique,<\/li>\n<li>le secteur de l&#8217;emploi,<\/li>\n<li>les conditions et la qualit\u00e9 de son environnement.<\/li>\n<\/ul>\n<p>Acheter un bien immobilier \u00e0 Lausanne est aussi un investissement s\u00fbr, \u00e9tant donn\u00e9 que la demande d&rsquo;achats et de locations a connu une hausse significative, cr\u00e9ant une augmentation des prix.<\/p>\n<h3>Pour le prix moyen par m\u00e8tre carr\u00e9 des biens \u00e0 Lausanne<\/h3>\n<p class=\"estimates-price-immobilier\">Le march\u00e9 immobilier \u00e0 Lausanne affiche un prix moyen de CHF 12'892 \/ m\u00b2 (prix par m\u00e8tre carr\u00e9). Les maisons et les appartements ont un prix moyen respectif de CHF 13'587 \/ m\u00b2 et de CHF 12'198 \/ m\u00b2.<\/p>\n<h3>Pour le loyer moyen des logements \u00e0 Lausanne<\/h3>\n<p class=\"estimates-rent-average\">Les loyers moyens \u00e0 Lausanne sont actuellement de CHF 3'223 pour les appartements, CHF 4'724 pour les maisons.<\/p>\n<p>La raret\u00e9 des biens disponibles \u00e0 la vente pousse de plus en plus d&rsquo;acheteurs \u00e0 se d\u00e9tourner de Lausanne et \u00e0 cibler des villes aux environs, comme :<\/p>\nPully, Les Monts-de-Pully, La Croix (Lutry), Belmont-sur-Lausanne, La Conversion, Paudex, Lutry, Jouxtens-M\u00e9zery, Prilly, Renens VD, Crissier, Romanel-sur-Lausanne, Cheseaux-sur-Lausanne, Le Mont-sur-Lausanne, Bretigny-sur-Morrens, Cugy VD, Morrens VD, Froideville, Epalinges.\n<h2>La localisation de notre agence immobili\u00e8re \u00e0 Lausanne<\/h2>\n<p>Les commerciaux de notre agence immobili\u00e8re interviennent dans tous les quartiers de Lausanne.<\/p>\n\n<div id=\"map\" class=\"map\" data-adresse=\"Place Bel-Air 1 1003 Lausanne, Suisse\"><\/div>\n<h2>Pourquoi s\u00e9lectionner Immobilierlocal ?<\/h2>\n<p>Immobilierlocal fournis une vaste s\u00e9lection de prestations, comme :<\/p>\n<ul>\n<li>La mise en ligne de votre annonce sur notre site : pour vous donner la possibilit\u00e9 de toucher davantage de monde.<\/li>\n<li>Une vitrine sur l&rsquo;internet suisse : notre site se positionne sur des moteurs de recherches web en langue fran\u00e7aise afin d&rsquo;atteindre plus d\u2019acheteurs et de vendeurs.<\/li>\n<li>Strat\u00e9gie de vente personnalis\u00e9e : chaque bien immobilier sur notre plateforme internet profite d&rsquo;une approche de vente sur mesure.<\/li>\n<li>Estimation des prix : nous avons con\u00e7u des outils en ligne pour \u00e9valuer les valeurs des habitations.<\/li>\n<li>Photographies et vid\u00e9os : nous effectuons la prise des vid\u00e9os et des photos dans le but de mettre en valeur votre propri\u00e9t\u00e9.<\/li>\n<li>Signature num\u00e9rique : nous offrons la capacit\u00e9 de sign\u00e9 \u00e9lectroniquement vos documents en ligne.<\/li>\n<li>Gestion locative airbnb : nous fournissons aussi des prestations pour la gestion de location courte dur\u00e9e.<\/li>\n<li>Services de gestion locative : nous proposons une assurance pour les loyers impay\u00e9s.<\/li>\n<\/ul>\n<h2>Une agence immobili\u00e8re compos\u00e9e de professionnels<\/h2>\n<p>Les conseillers de notre soci\u00e9t\u00e9 sont qualifi\u00e9s, qu&rsquo;il s&rsquo;agisse de technico-commerciaux ou de managers. Nos conseillers suivent fr\u00e9quemment des formations professionnelles afin de maintenir \u00e0 niveau leurs comp\u00e9tences : commerciales, techniques et juridiques \u00e0 jour. Chaque commercial de notre entreprise poss\u00e8de une grande exp\u00e9rience dans le domaine de l&rsquo;immobilier. L&rsquo;exp\u00e9rience obtenue nous permet d&rsquo;accompagner au mieux nos partenaires.<\/p>\n<h2>Obtenez une estimation de votre bien \u00e0 Lausanne<\/h2>\n<p>Nous effectuons des estimations pr\u00e9cises de votre logement \u00e0 Lausanne, nous prenons en compte les caract\u00e9ristiques de votre habitation, ou encore la notori\u00e9t\u00e9 de votre quartier. Nous apportons une v\u00e9ritable comp\u00e9tence pour tout ce qui concerne : l&rsquo;acquisition, la vente de bien, les investissements immobiliers, les locations airbnb ou longue dur\u00e9e, la g\u00e9rance de biens, et aussi pour la g\u00e9rance de votre copropri\u00e9t\u00e9.<\/p>\n<h2>Une agence immobili\u00e8re qui vous guide<\/h2>\n<p>Nous sommes conscients que votre projet immobilier est adapt\u00e9 \u00e0 votre situation et vos d\u00e9sirs, c&rsquo;est la raison pour laquelle nous proposons des services personnalis\u00e9s. Vous voulez acheter, louer ou vendre une maison ou un loft dans la r\u00e9gion de Lausanne ? Notre agence immobili\u00e8re vous assiste du d\u00e9but \u00e0 la fin de votre projet immobilier. Vous souhaitez acqu\u00e9rir une nouvelle r\u00e9sidence \u00e0 Lausanne ? Nous cherchons et trouvons le meilleur logement potentiel \u00e0 l&rsquo;aide de notre r\u00e9seau.<\/p>\n<h2>Vous avez besoin d&rsquo;une agence immobili\u00e8re \u00e0 Lausanne ?<\/h2>\n<p>L&rsquo;agence Immobilierlocal est situ\u00e9e au centre de Lausanne. Nous vous accueillerons dans notre agence, pr\u00eats \u00e0 vous \u00e9couter et \u00e0 r\u00e9aliser vos projets. Notre entreprise est exp\u00e9riment\u00e9e dans la vente, l&rsquo;acquisition et la gestion de propri\u00e9t\u00e9s.<\/p>\n","protected":false},"excerpt":{"rendered":"<p>Envisagez-vous la vente, la location ou l&rsquo;acquisition d&rsquo;un logement ou d&rsquo;un appartement situ\u00e9 \u00e0 Lausanne ? Immobilierlocal est joignable pour vous accompagner dans vos projets. \u00c9tabli au c\u0153ur de la ville, notre \u00e9quipe est disponible pour vous assister \u00e0 trouver ou mettre sur le march\u00e9 votre propri\u00e9t\u00e9. \u00c0 Lausanne, notre entreprise offre des services pour [&hellip;]<\/p>\n","protected":false},"author":3,"featured_media":2768,"parent":0,"menu_order":0,"comment_status":"closed","ping_status":"closed","template":"wp-custom-template-page-agent","meta":{"footnotes":""},"categories":[89],"profession":[92],"location":[66],"canton":[79],"class_list":["post-2281","page","type-page","status-publish","has-post-thumbnail","hentry","category-agence","profession-agent-immobilier"],"yoast_head":"<!-- This site is optimized with the Yoast SEO Premium plugin v23.0 (Yoast SEO v27.4) - https:\/\/yoast.com\/product\/yoast-seo-premium-wordpress\/ -->\n<title>Agence immobili\u00e8re \u00e0 Lausanne : votre partenaire pour l&#039;achat, la vente et la location de logements - Immobilierlocal<\/title>\n<meta name=\"robots\" content=\"index, follow, max-snippet:-1, max-image-preview:large, max-video-preview:-1\" \/>\n<link rel=\"canonical\" href=\"https:\/\/www.immobilierlocal.ch\/c\/agence-immobiliere-a-lausanne-votre-partenaire-pour-lachat-la-vente-et-la-location-de-logements\/\" \/>\n<meta property=\"og:locale\" content=\"fr_FR\" \/>\n<meta property=\"og:type\" content=\"article\" \/>\n<meta property=\"og:title\" content=\"Agence immobili\u00e8re \u00e0 Lausanne : votre partenaire pour l&#039;achat, la vente et la location de logements\" \/>\n<meta property=\"og:description\" content=\"Envisagez-vous la vente, la location ou l&rsquo;acquisition d&rsquo;un logement ou d&rsquo;un appartement situ\u00e9 \u00e0 Lausanne ? Immobilierlocal est joignable pour vous accompagner dans vos projets. \u00c9tabli au c\u0153ur de la ville, notre \u00e9quipe est disponible pour vous assister \u00e0 trouver ou mettre sur le march\u00e9 votre propri\u00e9t\u00e9. \u00c0 Lausanne, notre entreprise offre des services pour [&hellip;]\" \/>\n<meta property=\"og:url\" content=\"https:\/\/www.immobilierlocal.ch\/c\/agence-immobiliere-a-lausanne-votre-partenaire-pour-lachat-la-vente-et-la-location-de-logements\/\" \/>\n<meta property=\"og:site_name\" content=\"Immobilierlocal\" \/>\n<meta property=\"article:modified_time\" content=\"2026-02-09T10:42:27+00:00\" \/>\n<meta property=\"og:image\" content=\"https:\/\/www.immobilierlocal.ch\/c\/wp-content\/uploads\/2026\/02\/agence-immobiliere.jpg\" \/>\n\t<meta property=\"og:image:width\" content=\"1920\" \/>\n\t<meta property=\"og:image:height\" content=\"300\" \/>\n\t<meta property=\"og:image:type\" content=\"image\/jpeg\" \/>\n<meta name=\"twitter:card\" content=\"summary_large_image\" \/>\n<meta name=\"twitter:label1\" content=\"Dur\u00e9e de lecture estim\u00e9e\" \/>\n\t<meta name=\"twitter:data1\" content=\"4 minutes\" \/>\n<script type=\"application\/ld+json\" class=\"yoast-schema-graph\">{\"@context\":\"https:\\\/\\\/schema.org\",\"@graph\":[{\"@type\":\"WebPage\",\"@id\":\"https:\\\/\\\/www.immobilierlocal.ch\\\/c\\\/agence-immobiliere-a-lausanne-votre-partenaire-pour-lachat-la-vente-et-la-location-de-logements\\\/\",\"url\":\"https:\\\/\\\/www.immobilierlocal.ch\\\/c\\\/agence-immobiliere-a-lausanne-votre-partenaire-pour-lachat-la-vente-et-la-location-de-logements\\\/\",\"name\":\"Agence immobili\u00e8re \u00e0 Lausanne : votre partenaire pour l'achat, la vente et la location de logements - Immobilierlocal\",\"isPartOf\":{\"@id\":\"https:\\\/\\\/www.immobilierlocal.ch\\\/c\\\/#website\"},\"primaryImageOfPage\":{\"@id\":\"https:\\\/\\\/www.immobilierlocal.ch\\\/c\\\/agence-immobiliere-a-lausanne-votre-partenaire-pour-lachat-la-vente-et-la-location-de-logements\\\/#primaryimage\"},\"image\":{\"@id\":\"https:\\\/\\\/www.immobilierlocal.ch\\\/c\\\/agence-immobiliere-a-lausanne-votre-partenaire-pour-lachat-la-vente-et-la-location-de-logements\\\/#primaryimage\"},\"thumbnailUrl\":\"https:\\\/\\\/www.immobilierlocal.ch\\\/c\\\/wp-content\\\/uploads\\\/2026\\\/02\\\/agence-immobiliere.jpg\",\"datePublished\":\"2024-04-16T15:07:00+00:00\",\"dateModified\":\"2026-02-09T10:42:27+00:00\",\"breadcrumb\":{\"@id\":\"https:\\\/\\\/www.immobilierlocal.ch\\\/c\\\/agence-immobiliere-a-lausanne-votre-partenaire-pour-lachat-la-vente-et-la-location-de-logements\\\/#breadcrumb\"},\"inLanguage\":\"fr-FR\",\"potentialAction\":[{\"@type\":\"ReadAction\",\"target\":[\"https:\\\/\\\/www.immobilierlocal.ch\\\/c\\\/agence-immobiliere-a-lausanne-votre-partenaire-pour-lachat-la-vente-et-la-location-de-logements\\\/\"]}]},{\"@type\":\"ImageObject\",\"inLanguage\":\"fr-FR\",\"@id\":\"https:\\\/\\\/www.immobilierlocal.ch\\\/c\\\/agence-immobiliere-a-lausanne-votre-partenaire-pour-lachat-la-vente-et-la-location-de-logements\\\/#primaryimage\",\"url\":\"https:\\\/\\\/www.immobilierlocal.ch\\\/c\\\/wp-content\\\/uploads\\\/2026\\\/02\\\/agence-immobiliere.jpg\",\"contentUrl\":\"https:\\\/\\\/www.immobilierlocal.ch\\\/c\\\/wp-content\\\/uploads\\\/2026\\\/02\\\/agence-immobiliere.jpg\",\"width\":1920,\"height\":300},{\"@type\":\"BreadcrumbList\",\"@id\":\"https:\\\/\\\/www.immobilierlocal.ch\\\/c\\\/agence-immobiliere-a-lausanne-votre-partenaire-pour-lachat-la-vente-et-la-location-de-logements\\\/#breadcrumb\",\"itemListElement\":[{\"@type\":\"ListItem\",\"position\":1,\"name\":\"Accueil\",\"item\":\"https:\\\/\\\/www.immobilierlocal.ch\\\/c\\\/\"},{\"@type\":\"ListItem\",\"position\":2,\"name\":\"Agence immobili\u00e8re dans le canton de Vaud\",\"item\":\"https:\\\/\\\/www.immobilierlocal.ch\\\/c\\\/agence-immobiliere-dans-le-canton-de-vaud-expert-en-ventes-et-locations-immobilieres\\\/\"},{\"@type\":\"ListItem\",\"position\":3,\"name\":\"Agences immobili\u00e8res\",\"item\":\"https:\\\/\\\/www.immobilierlocal.ch\\\/agences\"},{\"@type\":\"ListItem\",\"position\":4,\"name\":\"Agence immobili\u00e8re \u00e0 Lausanne\"}]},{\"@type\":\"WebSite\",\"@id\":\"https:\\\/\\\/www.immobilierlocal.ch\\\/c\\\/#website\",\"url\":\"https:\\\/\\\/www.immobilierlocal.ch\\\/c\\\/\",\"name\":\"Immobilierlocal\",\"description\":\"\",\"publisher\":{\"@id\":\"https:\\\/\\\/www.immobilierlocal.ch\\\/c\\\/#organization\"},\"potentialAction\":[{\"@type\":\"SearchAction\",\"target\":{\"@type\":\"EntryPoint\",\"urlTemplate\":\"https:\\\/\\\/www.immobilierlocal.ch\\\/c\\\/?s={search_term_string}\"},\"query-input\":{\"@type\":\"PropertyValueSpecification\",\"valueRequired\":true,\"valueName\":\"search_term_string\"}}],\"inLanguage\":\"fr-FR\"},{\"@type\":\"Organization\",\"@id\":\"https:\\\/\\\/www.immobilierlocal.ch\\\/c\\\/#organization\",\"name\":\"Immobilierlocal\",\"url\":\"https:\\\/\\\/www.immobilierlocal.ch\\\/c\\\/\",\"logo\":{\"@type\":\"ImageObject\",\"inLanguage\":\"fr-FR\",\"@id\":\"https:\\\/\\\/www.immobilierlocal.ch\\\/c\\\/#\\\/schema\\\/logo\\\/image\\\/\",\"url\":\"https:\\\/\\\/www.immobilierlocal.ch\\\/c\\\/wp-content\\\/uploads\\\/2023\\\/10\\\/logo-immobilierlocal-h.svg\",\"contentUrl\":\"https:\\\/\\\/www.immobilierlocal.ch\\\/c\\\/wp-content\\\/uploads\\\/2023\\\/10\\\/logo-immobilierlocal-h.svg\",\"caption\":\"Immobilierlocal\"},\"image\":{\"@id\":\"https:\\\/\\\/www.immobilierlocal.ch\\\/c\\\/#\\\/schema\\\/logo\\\/image\\\/\"}}]}<\/script>\n<!-- \/ Yoast SEO Premium plugin. -->","yoast_head_json":{"title":"Agence immobili\u00e8re \u00e0 Lausanne : votre partenaire pour l'achat, la vente et la location de logements - Immobilierlocal","robots":{"index":"index","follow":"follow","max-snippet":"max-snippet:-1","max-image-preview":"max-image-preview:large","max-video-preview":"max-video-preview:-1"},"canonical":"https:\/\/www.immobilierlocal.ch\/c\/agence-immobiliere-a-lausanne-votre-partenaire-pour-lachat-la-vente-et-la-location-de-logements\/","og_locale":"fr_FR","og_type":"article","og_title":"Agence immobili\u00e8re \u00e0 Lausanne : votre partenaire pour l'achat, la vente et la location de logements","og_description":"Envisagez-vous la vente, la location ou l&rsquo;acquisition d&rsquo;un logement ou d&rsquo;un appartement situ\u00e9 \u00e0 Lausanne ? Immobilierlocal est joignable pour vous accompagner dans vos projets. \u00c9tabli au c\u0153ur de la ville, notre \u00e9quipe est disponible pour vous assister \u00e0 trouver ou mettre sur le march\u00e9 votre propri\u00e9t\u00e9. \u00c0 Lausanne, notre entreprise offre des services pour [&hellip;]","og_url":"https:\/\/www.immobilierlocal.ch\/c\/agence-immobiliere-a-lausanne-votre-partenaire-pour-lachat-la-vente-et-la-location-de-logements\/","og_site_name":"Immobilierlocal","article_modified_time":"2026-02-09T10:42:27+00:00","og_image":[{"width":1920,"height":300,"url":"https:\/\/www.immobilierlocal.ch\/c\/wp-content\/uploads\/2026\/02\/agence-immobiliere.jpg","type":"image\/jpeg"}],"twitter_card":"summary_large_image","twitter_misc":{"Dur\u00e9e de lecture estim\u00e9e":"4 minutes"},"schema":{"@context":"https:\/\/schema.org","@graph":[{"@type":"WebPage","@id":"https:\/\/www.immobilierlocal.ch\/c\/agence-immobiliere-a-lausanne-votre-partenaire-pour-lachat-la-vente-et-la-location-de-logements\/","url":"https:\/\/www.immobilierlocal.ch\/c\/agence-immobiliere-a-lausanne-votre-partenaire-pour-lachat-la-vente-et-la-location-de-logements\/","name":"Agence immobili\u00e8re \u00e0 Lausanne : votre partenaire pour l'achat, la vente et la location de logements - Immobilierlocal","isPartOf":{"@id":"https:\/\/www.immobilierlocal.ch\/c\/#website"},"primaryImageOfPage":{"@id":"https:\/\/www.immobilierlocal.ch\/c\/agence-immobiliere-a-lausanne-votre-partenaire-pour-lachat-la-vente-et-la-location-de-logements\/#primaryimage"},"image":{"@id":"https:\/\/www.immobilierlocal.ch\/c\/agence-immobiliere-a-lausanne-votre-partenaire-pour-lachat-la-vente-et-la-location-de-logements\/#primaryimage"},"thumbnailUrl":"https:\/\/www.immobilierlocal.ch\/c\/wp-content\/uploads\/2026\/02\/agence-immobiliere.jpg","datePublished":"2024-04-16T15:07:00+00:00","dateModified":"2026-02-09T10:42:27+00:00","breadcrumb":{"@id":"https:\/\/www.immobilierlocal.ch\/c\/agence-immobiliere-a-lausanne-votre-partenaire-pour-lachat-la-vente-et-la-location-de-logements\/#breadcrumb"},"inLanguage":"fr-FR","potentialAction":[{"@type":"ReadAction","target":["https:\/\/www.immobilierlocal.ch\/c\/agence-immobiliere-a-lausanne-votre-partenaire-pour-lachat-la-vente-et-la-location-de-logements\/"]}]},{"@type":"ImageObject","inLanguage":"fr-FR","@id":"https:\/\/www.immobilierlocal.ch\/c\/agence-immobiliere-a-lausanne-votre-partenaire-pour-lachat-la-vente-et-la-location-de-logements\/#primaryimage","url":"https:\/\/www.immobilierlocal.ch\/c\/wp-content\/uploads\/2026\/02\/agence-immobiliere.jpg","contentUrl":"https:\/\/www.immobilierlocal.ch\/c\/wp-content\/uploads\/2026\/02\/agence-immobiliere.jpg","width":1920,"height":300},{"@type":"BreadcrumbList","@id":"https:\/\/www.immobilierlocal.ch\/c\/agence-immobiliere-a-lausanne-votre-partenaire-pour-lachat-la-vente-et-la-location-de-logements\/#breadcrumb","itemListElement":[{"@type":"ListItem","position":1,"name":"Accueil","item":"https:\/\/www.immobilierlocal.ch\/c\/"},{"@type":"ListItem","position":2,"name":"Agence immobili\u00e8re dans le canton de Vaud","item":"https:\/\/www.immobilierlocal.ch\/c\/agence-immobiliere-dans-le-canton-de-vaud-expert-en-ventes-et-locations-immobilieres\/"},{"@type":"ListItem","position":3,"name":"Agences immobili\u00e8res","item":"https:\/\/www.immobilierlocal.ch\/agences"},{"@type":"ListItem","position":4,"name":"Agence immobili\u00e8re \u00e0 Lausanne"}]},{"@type":"WebSite","@id":"https:\/\/www.immobilierlocal.ch\/c\/#website","url":"https:\/\/www.immobilierlocal.ch\/c\/","name":"Immobilierlocal","description":"","publisher":{"@id":"https:\/\/www.immobilierlocal.ch\/c\/#organization"},"potentialAction":[{"@type":"SearchAction","target":{"@type":"EntryPoint","urlTemplate":"https:\/\/www.immobilierlocal.ch\/c\/?s={search_term_string}"},"query-input":{"@type":"PropertyValueSpecification","valueRequired":true,"valueName":"search_term_string"}}],"inLanguage":"fr-FR"},{"@type":"Organization","@id":"https:\/\/www.immobilierlocal.ch\/c\/#organization","name":"Immobilierlocal","url":"https:\/\/www.immobilierlocal.ch\/c\/","logo":{"@type":"ImageObject","inLanguage":"fr-FR","@id":"https:\/\/www.immobilierlocal.ch\/c\/#\/schema\/logo\/image\/","url":"https:\/\/www.immobilierlocal.ch\/c\/wp-content\/uploads\/2023\/10\/logo-immobilierlocal-h.svg","contentUrl":"https:\/\/www.immobilierlocal.ch\/c\/wp-content\/uploads\/2023\/10\/logo-immobilierlocal-h.svg","caption":"Immobilierlocal"},"image":{"@id":"https:\/\/www.immobilierlocal.ch\/c\/#\/schema\/logo\/image\/"}}]}},"_links":{"self":[{"href":"https:\/\/www.immobilierlocal.ch\/c\/wp-json\/wp\/v2\/pages\/2281","targetHints":{"allow":["GET"]}}],"collection":[{"href":"https:\/\/www.immobilierlocal.ch\/c\/wp-json\/wp\/v2\/pages"}],"about":[{"href":"https:\/\/www.immobilierlocal.ch\/c\/wp-json\/wp\/v2\/types\/page"}],"author":[{"embeddable":true,"href":"https:\/\/www.immobilierlocal.ch\/c\/wp-json\/wp\/v2\/users\/3"}],"replies":[{"embeddable":true,"href":"https:\/\/www.immobilierlocal.ch\/c\/wp-json\/wp\/v2\/comments?post=2281"}],"version-history":[{"count":0,"href":"https:\/\/www.immobilierlocal.ch\/c\/wp-json\/wp\/v2\/pages\/2281\/revisions"}],"wp:featuredmedia":[{"embeddable":true,"href":"https:\/\/www.immobilierlocal.ch\/c\/wp-json\/wp\/v2\/media\/2768"}],"wp:attachment":[{"href":"https:\/\/www.immobilierlocal.ch\/c\/wp-json\/wp\/v2\/media?parent=2281"}],"wp:term":[{"taxonomy":"category","embeddable":true,"href":"https:\/\/www.immobilierlocal.ch\/c\/wp-json\/wp\/v2\/categories?post=2281"},{"taxonomy":"profession","embeddable":true,"href":"https:\/\/www.immobilierlocal.ch\/c\/wp-json\/wp\/v2\/profession?post=2281"},{"taxonomy":"location","embeddable":true,"href":"https:\/\/www.immobilierlocal.ch\/c\/wp-json\/wp\/v2\/location?post=2281"},{"taxonomy":"canton","embeddable":true,"href":"https:\/\/www.immobilierlocal.ch\/c\/wp-json\/wp\/v2\/canton?post=2281"}],"curies":[{"name":"wp","href":"https:\/\/api.w.org\/{rel}","templated":true}]}}