
{"id":2279,"date":"2024-04-16T17:06:49","date_gmt":"2024-04-16T15:06:49","guid":{"rendered":"https:\/\/www.immobilierlocal.ch\/c\/?page_id=2279"},"modified":"2026-02-09T11:42:38","modified_gmt":"2026-02-09T10:42:38","slug":"agence-immobiliere-a-cossonay-ville-specialiste-en-ventes-et-locations-immobilieres","status":"publish","type":"page","link":"https:\/\/www.immobilierlocal.ch\/c\/agence-immobiliere-a-cossonay-ville-specialiste-en-ventes-et-locations-immobilieres\/","title":{"rendered":"Agence immobili\u00e8re \u00e0 Cossonay-Ville : sp\u00e9cialiste en ventes et locations immobili\u00e8res"},"content":{"rendered":"<p>Vous pr\u00e9voyez de vendre, d&rsquo;acheter, de louer une maison ou un appartement \u00e0 Cossonay-Ville ? Immobilierlocal est disponible et \u00e0 votre \u00e9coute pour vous accompagner dans vos projets. Situ\u00e9e au centre de la ville, nos commerciaux sont disponibles pour vous \u00e9pauler \u00e0 trouver ou mettre sur le march\u00e9 votre propri\u00e9t\u00e9. \u00c0 Cossonay-Ville, notre entreprise propose des services pour : l&rsquo;achat, la vente, la mise en location de maisons, d&rsquo;appartements, de bureaux et de magasins, nous offrons aussi la g\u00e9rance de vos propri\u00e9t\u00e9s immobili\u00e8res, la gestion locative d&rsquo;Airbnb, la gestion de copropri\u00e9t\u00e9s ou encore pour trouver une solution de pr\u00eat de votre futur propri\u00e9t\u00e9.<\/p>\n\n<div class=\"box\">\n    <h2 class=\"text-dark\">Nous cherchons un <em class=\"text-primary\">Agent immobilier<\/em> dans la r\u00e9gion de <em class=\"text-primary\">Cossonay-Ville<\/em>  en exclusivit\u00e9, afin de proposer vos services \u00e0 nos clients propri\u00e9taires.<\/h2>\n    <p>Une opportunit\u00e9 unique pour booster votre activit\u00e9 \u00e0 <strong>Cossonay-Ville<\/strong> et aux alentours dans votre domaine (Agent immobilier).<\/p>\n    <p>Nous travaillons en exclusivit\u00e9 avec qu'une soci\u00e9t\u00e9 par m\u00e9tier et par r\u00e9gion. <br>Votre entreprise est pr\u00e9sente sur tous les documents immobiliers. Afin d'\u00eatre mieux vu sur le net, vous \u00eates \u00e9galement visible sur nos deux sites et sur les pages de r\u00e9f\u00e9rencement de votre r\u00e9gion.<\/p>\n    <a href=\"\/contact\" class=\"wp-block-button__link has-accent-background-color has-text-align-center wp-element-button\">R\u00e9server<\/a>\n<\/div>\n<h2>Le march\u00e9 immobilier Cossonay-Villesan se d\u00e9veloppe plus loin que de sa ville<\/h2>\n<p>Ces derni\u00e8res ann\u00e9es, les prix ont grimp\u00e9 rapidement \u00e0 Cossonay-Ville, pour diverses raisons :<\/p>\n<ul>\n<li>Sa position g\u00e9ographique,<\/li>\n<li>l&rsquo;attractivit\u00e9 \u00e9conomique,<\/li>\n<li>la qualit\u00e9 de son lieu de vie.<\/li>\n<\/ul>\n<p>Acqu\u00e9rir un bien \u00e0 Cossonay-Ville est aussi une valeur s\u00fbre, parce que la demande d&rsquo;achats et de locations a connu une forte hausse, entra\u00eenant une flamb\u00e9e des prix.<\/p>\n<h3>Pour le co\u00fbt moyen par m\u00e8tre carr\u00e9 des habitations \u00e0 Cossonay-Ville<\/h3>\n<p class=\"estimates-price-immobilier\">Le march\u00e9 immobilier \u00e0 Cossonay-Ville affiche un prix moyen de CHF 7'548 \/ m\u00b2 (prix par m\u00e8tre carr\u00e9). Les maisons et les appartements ont un prix moyen respectif de CHF 7'622 \/ m\u00b2 et de CHF 7'473 \/ m\u00b2.<\/p>\n<h3>Pour le loyer moyen des habitations \u00e0 Cossonay-Ville<\/h3>\n<p class=\"estimates-rent-average\">Les loyers moyens \u00e0 Cossonay-Ville sont actuellement de CHF 2'042 pour les appartements, CHF 2'593 pour les maisons.<\/p>\n<p>La raret\u00e9 des biens immobiliers disponibles \u00e0 la vente pousse de plus en plus d&rsquo;acheteurs \u00e0 se d\u00e9tourner de Cossonay-Ville et \u00e0 cibler des villes aux alentours, comme :<\/p>\nMex VD, Boussens, Bournens, Sullens, Bettens, Cottens VD, Grancy, Gollion, S\u00e9very, Pampigny, Montricher, Chavannes-le-Veyron, Cuarnens, L'Isle, La Coudre, Villars-Bozon, Mauraz, Moiry VD, Mont-la-Ville, Vufflens-la-Ville, Penthaz, Allens, Dizy, Senarclens, Penthalaz, Daillens, Lussery-Villars, La Chaux (Cossonay), Ecl\u00e9pens, Ferreyres, La Sarraz, Chevilly, Orny, Pompaples.\n<h2>La position g\u00e9ographique de notre agence immobili\u00e8re \u00e0 Cossonay-Ville<\/h2>\n<p>Les agents commerciaux de notre agence immobili\u00e8re op\u00e8rent dans tous les quartiers de Cossonay-Ville.<\/p>\n\n<h2>Pourquoi choisir Immobilierlocal ?<\/h2>\n<p>Immobilierlocal propose un large choix de prestations, tel que :<\/p>\n<ul>\n<li>La mise en ligne de vos annonces sur notre site internet : pour vous donner la possibilit\u00e9 de toucher plus de monde.<\/li>\n<li>Un site web en suisse et pr\u00e9sent dans les pays francophones : notre site internet est r\u00e9f\u00e9renc\u00e9 pour ressortir dans plusieurs moteurs de recherche en langue fran\u00e7aise pour atteindre un maximum de clients.<\/li>\n<li>Programme personnalis\u00e9 : chacun des biens immobiliers r\u00e9f\u00e9renc\u00e9s sur notre site b\u00e9n\u00e9ficie d&rsquo;une strat\u00e9gie sur mesure.<\/li>\n<li>Estimation des prix de vente : nous avons con\u00e7u des outils pour estimer les prix de vente des logements.<\/li>\n<li>Photos et vid\u00e9os : nous effectuons la prise des photos et des vid\u00e9os afin de mettre en valeur votre maison.<\/li>\n<li>Signature num\u00e9rique : nous offrons la possibilit\u00e9 de sign\u00e9 num\u00e9riquement vos documents en ligne.<\/li>\n<li>Service de conciergerie : nous avons aussi une prestation pour les propri\u00e9taires d&rsquo;appartements en locations courte et moyenne dur\u00e9e.<\/li>\n<li>Gestion locative : nous offrons une garantie pour le non-paiement des loyers impay\u00e9s.<\/li>\n<\/ul>\n<h2>Une entreprise immobili\u00e8re compos\u00e9e de professionnels<\/h2>\n<p>Tous nos collaborateurs sont qualifi\u00e9s, qu&rsquo;ils soient : techniciens, commerciaux et administrateurs. Nos collaborateurs assistent fr\u00e9quemment des formations pour se maintenir \u00e0 jour et rester \u00e0 niveau. De plus, nos commerciaux ont tous aussi acquis une exp\u00e9rience en amont. Cette exp\u00e9rience, nous permet d&rsquo;apporter le meilleur accompagnement \u00e0 nos clients, parce que votre satisfaction est notre priorit\u00e9.<\/p>\n<h2>\u00c9valuer un bien \u00e0 Cossonay-Ville<\/h2>\n<p>Nous r\u00e9alisons des estimations d\u00e9taill\u00e9es de votre habitation \u00e0 Cossonay-Ville, nous prenons en compte les particularit\u00e9s de votre propri\u00e9t\u00e9, ou encore la renomm\u00e9e de votre secteur. Immobilierlocal offre \u00e0 sa client\u00e8le, les prestations, tel que : la gestion de vos logements locatifs, la vente, l&rsquo;achat, les placements immobiliers, la gestion des locations de courte et longue dur\u00e9e et la gestion du syndic de copropri\u00e9t\u00e9.<\/p>\n<h2>Une agence immobili\u00e8re qui vous accompagne<\/h2>\n<p>Nous comprenons que chaque individu est unique, c&rsquo;est pourquoi nous personnalisons notre accompagnement. Si vous cherchez \u00e0 louer un loft ou une maison dans la r\u00e9gion de Cossonay-Ville, nos sp\u00e9cialistes se tiennent \u00e0 votre service pour toutes les phases de votre projet immobilier. Nous avons un important r\u00e9seau de contacts pour vous assister \u00e0 d\u00e9nicher la maison de vos d\u00e9sires dans la r\u00e9gion de Cossonay-Ville.<\/p>\n<h2>Besoin d&rsquo;une agence immobili\u00e8re \u00e0 Cossonay-Ville ?<\/h2>\n<p>Notre agence Immobilierlocal est localis\u00e9e au centre-ville de Cossonay-Ville. Nos experts vous accueillent et sont toujours d\u00e9termin\u00e9s \u00e0 vous assister dans votre projet. Notre agence est chevronn\u00e9e dans l&rsquo;acquisition, la vente et la gestion de propri\u00e9t\u00e9s.<\/p>\n","protected":false},"excerpt":{"rendered":"<p>Vous pr\u00e9voyez de vendre, d&rsquo;acheter, de louer une maison ou un appartement \u00e0 Cossonay-Ville ? Immobilierlocal est disponible et \u00e0 votre \u00e9coute pour vous accompagner dans vos projets. Situ\u00e9e au centre de la ville, nos commerciaux sont disponibles pour vous \u00e9pauler \u00e0 trouver ou mettre sur le march\u00e9 votre propri\u00e9t\u00e9. \u00c0 Cossonay-Ville, notre entreprise propose [&hellip;]<\/p>\n","protected":false},"author":3,"featured_media":2768,"parent":0,"menu_order":0,"comment_status":"closed","ping_status":"closed","template":"wp-custom-template-page-agent","meta":{"footnotes":""},"categories":[89],"profession":[92],"location":[57],"canton":[79],"class_list":["post-2279","page","type-page","status-publish","has-post-thumbnail","hentry","category-agence","profession-agent-immobilier"],"yoast_head":"<!-- This site is optimized with the Yoast SEO Premium plugin v23.0 (Yoast SEO v27.4) - https:\/\/yoast.com\/product\/yoast-seo-premium-wordpress\/ -->\n<title>Agence immobili\u00e8re \u00e0 Cossonay-Ville : sp\u00e9cialiste en ventes et locations immobili\u00e8res - Immobilierlocal<\/title>\n<meta name=\"robots\" content=\"index, follow, max-snippet:-1, max-image-preview:large, max-video-preview:-1\" \/>\n<link rel=\"canonical\" href=\"https:\/\/www.immobilierlocal.ch\/c\/agence-immobiliere-a-cossonay-ville-specialiste-en-ventes-et-locations-immobilieres\/\" \/>\n<meta property=\"og:locale\" content=\"fr_FR\" \/>\n<meta property=\"og:type\" content=\"article\" \/>\n<meta property=\"og:title\" content=\"Agence immobili\u00e8re \u00e0 Cossonay-Ville : sp\u00e9cialiste en ventes et locations immobili\u00e8res\" \/>\n<meta property=\"og:description\" content=\"Vous pr\u00e9voyez de vendre, d&rsquo;acheter, de louer une maison ou un appartement \u00e0 Cossonay-Ville ? Immobilierlocal est disponible et \u00e0 votre \u00e9coute pour vous accompagner dans vos projets. Situ\u00e9e au centre de la ville, nos commerciaux sont disponibles pour vous \u00e9pauler \u00e0 trouver ou mettre sur le march\u00e9 votre propri\u00e9t\u00e9. \u00c0 Cossonay-Ville, notre entreprise propose [&hellip;]\" \/>\n<meta property=\"og:url\" content=\"https:\/\/www.immobilierlocal.ch\/c\/agence-immobiliere-a-cossonay-ville-specialiste-en-ventes-et-locations-immobilieres\/\" \/>\n<meta property=\"og:site_name\" content=\"Immobilierlocal\" \/>\n<meta property=\"article:modified_time\" content=\"2026-02-09T10:42:38+00:00\" \/>\n<meta property=\"og:image\" content=\"https:\/\/www.immobilierlocal.ch\/c\/wp-content\/uploads\/2026\/02\/agence-immobiliere.jpg\" \/>\n\t<meta property=\"og:image:width\" content=\"1920\" \/>\n\t<meta property=\"og:image:height\" content=\"300\" \/>\n\t<meta property=\"og:image:type\" content=\"image\/jpeg\" \/>\n<meta name=\"twitter:card\" content=\"summary_large_image\" \/>\n<meta name=\"twitter:label1\" content=\"Dur\u00e9e de lecture estim\u00e9e\" \/>\n\t<meta name=\"twitter:data1\" content=\"4 minutes\" \/>\n<script type=\"application\/ld+json\" class=\"yoast-schema-graph\">{\"@context\":\"https:\\\/\\\/schema.org\",\"@graph\":[{\"@type\":\"WebPage\",\"@id\":\"https:\\\/\\\/www.immobilierlocal.ch\\\/c\\\/agence-immobiliere-a-cossonay-ville-specialiste-en-ventes-et-locations-immobilieres\\\/\",\"url\":\"https:\\\/\\\/www.immobilierlocal.ch\\\/c\\\/agence-immobiliere-a-cossonay-ville-specialiste-en-ventes-et-locations-immobilieres\\\/\",\"name\":\"Agence immobili\u00e8re \u00e0 Cossonay-Ville : sp\u00e9cialiste en ventes et locations immobili\u00e8res - Immobilierlocal\",\"isPartOf\":{\"@id\":\"https:\\\/\\\/www.immobilierlocal.ch\\\/c\\\/#website\"},\"primaryImageOfPage\":{\"@id\":\"https:\\\/\\\/www.immobilierlocal.ch\\\/c\\\/agence-immobiliere-a-cossonay-ville-specialiste-en-ventes-et-locations-immobilieres\\\/#primaryimage\"},\"image\":{\"@id\":\"https:\\\/\\\/www.immobilierlocal.ch\\\/c\\\/agence-immobiliere-a-cossonay-ville-specialiste-en-ventes-et-locations-immobilieres\\\/#primaryimage\"},\"thumbnailUrl\":\"https:\\\/\\\/www.immobilierlocal.ch\\\/c\\\/wp-content\\\/uploads\\\/2026\\\/02\\\/agence-immobiliere.jpg\",\"datePublished\":\"2024-04-16T15:06:49+00:00\",\"dateModified\":\"2026-02-09T10:42:38+00:00\",\"breadcrumb\":{\"@id\":\"https:\\\/\\\/www.immobilierlocal.ch\\\/c\\\/agence-immobiliere-a-cossonay-ville-specialiste-en-ventes-et-locations-immobilieres\\\/#breadcrumb\"},\"inLanguage\":\"fr-FR\",\"potentialAction\":[{\"@type\":\"ReadAction\",\"target\":[\"https:\\\/\\\/www.immobilierlocal.ch\\\/c\\\/agence-immobiliere-a-cossonay-ville-specialiste-en-ventes-et-locations-immobilieres\\\/\"]}]},{\"@type\":\"ImageObject\",\"inLanguage\":\"fr-FR\",\"@id\":\"https:\\\/\\\/www.immobilierlocal.ch\\\/c\\\/agence-immobiliere-a-cossonay-ville-specialiste-en-ventes-et-locations-immobilieres\\\/#primaryimage\",\"url\":\"https:\\\/\\\/www.immobilierlocal.ch\\\/c\\\/wp-content\\\/uploads\\\/2026\\\/02\\\/agence-immobiliere.jpg\",\"contentUrl\":\"https:\\\/\\\/www.immobilierlocal.ch\\\/c\\\/wp-content\\\/uploads\\\/2026\\\/02\\\/agence-immobiliere.jpg\",\"width\":1920,\"height\":300},{\"@type\":\"BreadcrumbList\",\"@id\":\"https:\\\/\\\/www.immobilierlocal.ch\\\/c\\\/agence-immobiliere-a-cossonay-ville-specialiste-en-ventes-et-locations-immobilieres\\\/#breadcrumb\",\"itemListElement\":[{\"@type\":\"ListItem\",\"position\":1,\"name\":\"Accueil\",\"item\":\"https:\\\/\\\/www.immobilierlocal.ch\\\/c\\\/\"},{\"@type\":\"ListItem\",\"position\":2,\"name\":\"Agence immobili\u00e8re dans le canton de Vaud\",\"item\":\"https:\\\/\\\/www.immobilierlocal.ch\\\/c\\\/agence-immobiliere-dans-le-canton-de-vaud-expert-en-ventes-et-locations-immobilieres\\\/\"},{\"@type\":\"ListItem\",\"position\":3,\"name\":\"Agences immobili\u00e8res\",\"item\":\"https:\\\/\\\/www.immobilierlocal.ch\\\/agences\"},{\"@type\":\"ListItem\",\"position\":4,\"name\":\"Agence immobili\u00e8re \u00e0 Cossonay-Ville\"}]},{\"@type\":\"WebSite\",\"@id\":\"https:\\\/\\\/www.immobilierlocal.ch\\\/c\\\/#website\",\"url\":\"https:\\\/\\\/www.immobilierlocal.ch\\\/c\\\/\",\"name\":\"Immobilierlocal\",\"description\":\"\",\"publisher\":{\"@id\":\"https:\\\/\\\/www.immobilierlocal.ch\\\/c\\\/#organization\"},\"potentialAction\":[{\"@type\":\"SearchAction\",\"target\":{\"@type\":\"EntryPoint\",\"urlTemplate\":\"https:\\\/\\\/www.immobilierlocal.ch\\\/c\\\/?s={search_term_string}\"},\"query-input\":{\"@type\":\"PropertyValueSpecification\",\"valueRequired\":true,\"valueName\":\"search_term_string\"}}],\"inLanguage\":\"fr-FR\"},{\"@type\":\"Organization\",\"@id\":\"https:\\\/\\\/www.immobilierlocal.ch\\\/c\\\/#organization\",\"name\":\"Immobilierlocal\",\"url\":\"https:\\\/\\\/www.immobilierlocal.ch\\\/c\\\/\",\"logo\":{\"@type\":\"ImageObject\",\"inLanguage\":\"fr-FR\",\"@id\":\"https:\\\/\\\/www.immobilierlocal.ch\\\/c\\\/#\\\/schema\\\/logo\\\/image\\\/\",\"url\":\"https:\\\/\\\/www.immobilierlocal.ch\\\/c\\\/wp-content\\\/uploads\\\/2023\\\/10\\\/logo-immobilierlocal-h.svg\",\"contentUrl\":\"https:\\\/\\\/www.immobilierlocal.ch\\\/c\\\/wp-content\\\/uploads\\\/2023\\\/10\\\/logo-immobilierlocal-h.svg\",\"caption\":\"Immobilierlocal\"},\"image\":{\"@id\":\"https:\\\/\\\/www.immobilierlocal.ch\\\/c\\\/#\\\/schema\\\/logo\\\/image\\\/\"}}]}<\/script>\n<!-- \/ Yoast SEO Premium plugin. -->","yoast_head_json":{"title":"Agence immobili\u00e8re \u00e0 Cossonay-Ville : sp\u00e9cialiste en ventes et locations immobili\u00e8res - Immobilierlocal","robots":{"index":"index","follow":"follow","max-snippet":"max-snippet:-1","max-image-preview":"max-image-preview:large","max-video-preview":"max-video-preview:-1"},"canonical":"https:\/\/www.immobilierlocal.ch\/c\/agence-immobiliere-a-cossonay-ville-specialiste-en-ventes-et-locations-immobilieres\/","og_locale":"fr_FR","og_type":"article","og_title":"Agence immobili\u00e8re \u00e0 Cossonay-Ville : sp\u00e9cialiste en ventes et locations immobili\u00e8res","og_description":"Vous pr\u00e9voyez de vendre, d&rsquo;acheter, de louer une maison ou un appartement \u00e0 Cossonay-Ville ? Immobilierlocal est disponible et \u00e0 votre \u00e9coute pour vous accompagner dans vos projets. Situ\u00e9e au centre de la ville, nos commerciaux sont disponibles pour vous \u00e9pauler \u00e0 trouver ou mettre sur le march\u00e9 votre propri\u00e9t\u00e9. \u00c0 Cossonay-Ville, notre entreprise propose [&hellip;]","og_url":"https:\/\/www.immobilierlocal.ch\/c\/agence-immobiliere-a-cossonay-ville-specialiste-en-ventes-et-locations-immobilieres\/","og_site_name":"Immobilierlocal","article_modified_time":"2026-02-09T10:42:38+00:00","og_image":[{"width":1920,"height":300,"url":"https:\/\/www.immobilierlocal.ch\/c\/wp-content\/uploads\/2026\/02\/agence-immobiliere.jpg","type":"image\/jpeg"}],"twitter_card":"summary_large_image","twitter_misc":{"Dur\u00e9e de lecture estim\u00e9e":"4 minutes"},"schema":{"@context":"https:\/\/schema.org","@graph":[{"@type":"WebPage","@id":"https:\/\/www.immobilierlocal.ch\/c\/agence-immobiliere-a-cossonay-ville-specialiste-en-ventes-et-locations-immobilieres\/","url":"https:\/\/www.immobilierlocal.ch\/c\/agence-immobiliere-a-cossonay-ville-specialiste-en-ventes-et-locations-immobilieres\/","name":"Agence immobili\u00e8re \u00e0 Cossonay-Ville : sp\u00e9cialiste en ventes et locations immobili\u00e8res - Immobilierlocal","isPartOf":{"@id":"https:\/\/www.immobilierlocal.ch\/c\/#website"},"primaryImageOfPage":{"@id":"https:\/\/www.immobilierlocal.ch\/c\/agence-immobiliere-a-cossonay-ville-specialiste-en-ventes-et-locations-immobilieres\/#primaryimage"},"image":{"@id":"https:\/\/www.immobilierlocal.ch\/c\/agence-immobiliere-a-cossonay-ville-specialiste-en-ventes-et-locations-immobilieres\/#primaryimage"},"thumbnailUrl":"https:\/\/www.immobilierlocal.ch\/c\/wp-content\/uploads\/2026\/02\/agence-immobiliere.jpg","datePublished":"2024-04-16T15:06:49+00:00","dateModified":"2026-02-09T10:42:38+00:00","breadcrumb":{"@id":"https:\/\/www.immobilierlocal.ch\/c\/agence-immobiliere-a-cossonay-ville-specialiste-en-ventes-et-locations-immobilieres\/#breadcrumb"},"inLanguage":"fr-FR","potentialAction":[{"@type":"ReadAction","target":["https:\/\/www.immobilierlocal.ch\/c\/agence-immobiliere-a-cossonay-ville-specialiste-en-ventes-et-locations-immobilieres\/"]}]},{"@type":"ImageObject","inLanguage":"fr-FR","@id":"https:\/\/www.immobilierlocal.ch\/c\/agence-immobiliere-a-cossonay-ville-specialiste-en-ventes-et-locations-immobilieres\/#primaryimage","url":"https:\/\/www.immobilierlocal.ch\/c\/wp-content\/uploads\/2026\/02\/agence-immobiliere.jpg","contentUrl":"https:\/\/www.immobilierlocal.ch\/c\/wp-content\/uploads\/2026\/02\/agence-immobiliere.jpg","width":1920,"height":300},{"@type":"BreadcrumbList","@id":"https:\/\/www.immobilierlocal.ch\/c\/agence-immobiliere-a-cossonay-ville-specialiste-en-ventes-et-locations-immobilieres\/#breadcrumb","itemListElement":[{"@type":"ListItem","position":1,"name":"Accueil","item":"https:\/\/www.immobilierlocal.ch\/c\/"},{"@type":"ListItem","position":2,"name":"Agence immobili\u00e8re dans le canton de Vaud","item":"https:\/\/www.immobilierlocal.ch\/c\/agence-immobiliere-dans-le-canton-de-vaud-expert-en-ventes-et-locations-immobilieres\/"},{"@type":"ListItem","position":3,"name":"Agences immobili\u00e8res","item":"https:\/\/www.immobilierlocal.ch\/agences"},{"@type":"ListItem","position":4,"name":"Agence immobili\u00e8re \u00e0 Cossonay-Ville"}]},{"@type":"WebSite","@id":"https:\/\/www.immobilierlocal.ch\/c\/#website","url":"https:\/\/www.immobilierlocal.ch\/c\/","name":"Immobilierlocal","description":"","publisher":{"@id":"https:\/\/www.immobilierlocal.ch\/c\/#organization"},"potentialAction":[{"@type":"SearchAction","target":{"@type":"EntryPoint","urlTemplate":"https:\/\/www.immobilierlocal.ch\/c\/?s={search_term_string}"},"query-input":{"@type":"PropertyValueSpecification","valueRequired":true,"valueName":"search_term_string"}}],"inLanguage":"fr-FR"},{"@type":"Organization","@id":"https:\/\/www.immobilierlocal.ch\/c\/#organization","name":"Immobilierlocal","url":"https:\/\/www.immobilierlocal.ch\/c\/","logo":{"@type":"ImageObject","inLanguage":"fr-FR","@id":"https:\/\/www.immobilierlocal.ch\/c\/#\/schema\/logo\/image\/","url":"https:\/\/www.immobilierlocal.ch\/c\/wp-content\/uploads\/2023\/10\/logo-immobilierlocal-h.svg","contentUrl":"https:\/\/www.immobilierlocal.ch\/c\/wp-content\/uploads\/2023\/10\/logo-immobilierlocal-h.svg","caption":"Immobilierlocal"},"image":{"@id":"https:\/\/www.immobilierlocal.ch\/c\/#\/schema\/logo\/image\/"}}]}},"_links":{"self":[{"href":"https:\/\/www.immobilierlocal.ch\/c\/wp-json\/wp\/v2\/pages\/2279","targetHints":{"allow":["GET"]}}],"collection":[{"href":"https:\/\/www.immobilierlocal.ch\/c\/wp-json\/wp\/v2\/pages"}],"about":[{"href":"https:\/\/www.immobilierlocal.ch\/c\/wp-json\/wp\/v2\/types\/page"}],"author":[{"embeddable":true,"href":"https:\/\/www.immobilierlocal.ch\/c\/wp-json\/wp\/v2\/users\/3"}],"replies":[{"embeddable":true,"href":"https:\/\/www.immobilierlocal.ch\/c\/wp-json\/wp\/v2\/comments?post=2279"}],"version-history":[{"count":0,"href":"https:\/\/www.immobilierlocal.ch\/c\/wp-json\/wp\/v2\/pages\/2279\/revisions"}],"wp:featuredmedia":[{"embeddable":true,"href":"https:\/\/www.immobilierlocal.ch\/c\/wp-json\/wp\/v2\/media\/2768"}],"wp:attachment":[{"href":"https:\/\/www.immobilierlocal.ch\/c\/wp-json\/wp\/v2\/media?parent=2279"}],"wp:term":[{"taxonomy":"category","embeddable":true,"href":"https:\/\/www.immobilierlocal.ch\/c\/wp-json\/wp\/v2\/categories?post=2279"},{"taxonomy":"profession","embeddable":true,"href":"https:\/\/www.immobilierlocal.ch\/c\/wp-json\/wp\/v2\/profession?post=2279"},{"taxonomy":"location","embeddable":true,"href":"https:\/\/www.immobilierlocal.ch\/c\/wp-json\/wp\/v2\/location?post=2279"},{"taxonomy":"canton","embeddable":true,"href":"https:\/\/www.immobilierlocal.ch\/c\/wp-json\/wp\/v2\/canton?post=2279"}],"curies":[{"name":"wp","href":"https:\/\/api.w.org\/{rel}","templated":true}]}}