
{"id":226,"date":"2023-10-19T10:33:51","date_gmt":"2023-10-19T08:33:51","guid":{"rendered":"https:\/\/immobilierlocal.ch\/c\/226-2\/"},"modified":"2024-08-05T20:29:10","modified_gmt":"2024-08-05T18:29:10","slug":"estimation-immobiliere-a-st-maurice","status":"publish","type":"page","link":"https:\/\/www.immobilierlocal.ch\/c\/estimation-immobiliere-canton-valais\/estimation-immobiliere-a-st-maurice\/","title":{"rendered":"Estimation immobili\u00e8re \u00e0 St-Maurice"},"content":{"rendered":"<p>Estimez facilement la valeur de votre maison \u00e0 St-Maurice avec Immobilierlocal. En cas de besoin, un sp\u00e9cialiste viendra chez vous pour effectuer une estimation plus pr\u00e9cise de votre propri\u00e9t\u00e9. Vendez ou acqu\u00e9rez votre bien immobilier au meilleur prix, en toute simplicit\u00e9 avec Immobilierlocal.<\/p>\n\n<h2>Derni\u00e8res estimations \u00e0 St-Maurice par secteur<\/h2>\n<div class=\"estimates-lastest\"><ul><li>Pour un appartement 4.5 pi\u00e8ces \u00e0 St-Maurice, surface pond\u00e9r\u00e9e (m\u00b2) : 95, orientation Sud-Est\/Ouest, avec balcon, transports fr\u00e9quence limit\u00e9e, sans parking, commodit\u00e9s et \u00e9coles limit\u00e9es, situation ordinaire, CHF 5'862 \/ m\u00b2<\/li><li>Pour un appartement 6.5 pi\u00e8ces \u00e0 St-Maurice, surface pond\u00e9r\u00e9e (m\u00b2) : 100, orientation Ouest, avec balcon, transports fr\u00e9quence limit\u00e9e, sans parking, commodit\u00e9s et \u00e9coles limit\u00e9es, situation ordinaire, CHF 5'733 \/ m\u00b2<\/li><li>Pour un appartement 5 pi\u00e8ces \u00e0 St-Maurice, surface pond\u00e9r\u00e9e (m\u00b2) : 110, orientation Sud-Est\/Ouest, avec balcon, transports fr\u00e9quence limit\u00e9e, avec parking, commodit\u00e9s et \u00e9coles limit\u00e9es, situation ordinaire, CHF 6'177 \/ m\u00b2<\/li><\/ul><\/div>\n<h2>Estimation de la valeur des maisons \u00e0 St-Maurice selon le nombre de pi\u00e8ces<\/h2>\n<div class=\"estimates-room\"><ul><li>Pour une maison 6.5 pi\u00e8ces \u00e0 St-Maurice, volume (m\u00b3) : 1057.5 et terrain (m\u00b2) : 500, transports fr\u00e9quence limit\u00e9e, commodit\u00e9s et \u00e9coles limit\u00e9es, situation ordinaire, CHF 5'213 \/ m\u00b2<\/li><li>Pour une maison 6.5 pi\u00e8ces \u00e0 St-Maurice, volume (m\u00b3) : 607.5 et terrain (m\u00b2) : 800, transports fr\u00e9quence limit\u00e9e, commodit\u00e9s et \u00e9coles limit\u00e9es, situation ordinaire, CHF 8'372 \/ m\u00b2<\/li><li>Pour une maison 6 pi\u00e8ces \u00e0 St-Maurice, volume (m\u00b3) : 607.5 et terrain (m\u00b2) : 650, transports fr\u00e9quence limit\u00e9e, commodit\u00e9s et \u00e9coles limit\u00e9es, situation ordinaire, CHF 7'956 \/ m\u00b2<\/li><\/ul><\/div><div class=\"iframe-text\">Estimer maintenant votre bien immobilier<\/div><iframe id=\"estimer\" src=\"https:\/\/www.immobilierlocal.ch\/estimer?iframe=1\" frameborder=\"0\" loading=\"lazy\" width=\"100%\" height=\"1000\" style=\"overflow-x:hidden;\" referrerpolicy=\"no-referrer-when-downgrade\" title=\"Estimation immobili\u00e8re\"><\/iframe>\n<h2>Comment faire \u00e9valuer la valeur d&rsquo;un bien immobilier \u00e0 St-Maurice ?<\/h2>\n<h3>1. Estimation gratuite de votre maison \u00e0 St-Maurice en ligne avec notre soci\u00e9t\u00e9 Immobilierlocal<\/h3>\n<p>D\u00e9couvrez la valeur immobili\u00e8re de votre propri\u00e9t\u00e9 en seulement 3 minutes gr\u00e2ce \u00e0 notre logiciel d&rsquo;\u00e9valuation en ligne gratuit.<\/p>\n<p>Pour une estimation pr\u00e9cise, nous devrons \u00e9galement conna\u00eetre les \u00e9l\u00e9ments suivants :<\/p>\n<ul>\n<li>L&rsquo;environnement de la maison (acc\u00e8s aux services de transport, vis \u00e0 vis, commodit\u00e9s proches&#8230;).<\/li>\n<li>L&rsquo;orientation et l&rsquo;exposition de la maison.<\/li>\n<li>Le nombre de pi\u00e8ces.<\/li>\n<li>La surface habitable ou le volume.<\/li>\n<li>Les dimensions du terrain.<\/li>\n<li>L\u2019ann\u00e9e de construction.<\/li>\n<li>L&rsquo;\u00e9tat global de votre maison.<\/li>\n<li>Les travaux effectu\u00e9s dans votre maison et leur ann\u00e9e.<\/li>\n<\/ul>\n<h3>2. Estimation gratuite de votre appartement \u00e0 St-Maurice en ligne avec Immobilierlocal<\/h3>\n<p>Pour d\u00e9couvrir la valeur immobili\u00e8re de votre logement \u00e0 St-Maurice, profitez de notre instrument en ligne d&rsquo;\u00e9valuation immobili\u00e8re. En un instant vous aurez connaissance de la valeur de votre bien.<\/p>\n<p>Afin d&rsquo;\u00eatre plus pr\u00e9cis dans l&rsquo;estimation de la valeur de votre bien, nous devrons avoir connaissance de certains \u00e9l\u00e9ments ou certaines informations :<\/p>\n<ul>\n<li>L&rsquo;environnement de votre appartement.<\/li>\n<li>L\u2019orientation.<\/li>\n<li>Le nombre de pi\u00e8ces.<\/li>\n<li>Les surfaces (habitable, balcon et cave).<\/li>\n<li>La pr\u00e9sence d&rsquo;un ou plusieurs parkings.<\/li>\n<li>Date de construction.<\/li>\n<li>L\u2019\u00e9tat g\u00e9n\u00e9ral.<\/li>\n<li>L\u2019ann\u00e9e et le co\u00fbt des derni\u00e8res r\u00e9novations.<\/li>\n<li>Le montant du \u00abfonds de r\u00e9novation PPE\u00bb.<\/li>\n<\/ul>\n<h3>3. Proc\u00e9der \u00e0 une \u00e9valuation immobili\u00e8re de sa demeure par un agent immobilier \u00e0 St-Maurice<\/h3>\n<p>Nous disposons plusieurs agents immobiliers \u00e0 St-Maurice qui viennent chez vous pour examiner votre maison avant d&rsquo;effectuer une estimation de votre bien. Il \u00e9tudiera \u00e9galement certains documents tels que les plans cadastraux ou le registre foncier pour vous donner une \u00e9valuation la plus d\u00e9taill\u00e9e possible.<\/p>\n<p>L\u2019estimation prend en compte aussi la demande, et le march\u00e9 immobilier de St-Maurice pour vous fournir la valeur de votre propri\u00e9t\u00e9. Une fois l\u2019expertise accomplie, des conseils vous seront donn\u00e9s pour valoriser votre propri\u00e9t\u00e9.<\/p>\n<p>Recevez d\u00e8s maintenant une estimation pr\u00e9cise et sans engagement de votre bien immobilier avec Immobilierlocal.<\/p>\n<h3>4. Comparer son bien avec les autres biens semblables \u00e0 St-Maurice, est-ce important ?<\/h3>\n<p>Oui, il est recommand\u00e9 d&rsquo;\u00e9tudier les biens semblables, comparer votre bien avec les annonces immobili\u00e8res similaires \u00e0 St-Maurice vous apporte des donn\u00e9es sur la valeur de votre bien.<\/p>\n<h2>Comment vendre son bien immobilier au meilleur prix \u00e0 St-Maurice ?<\/h2>\n<p>Pour vendre rapidement votre bien immobilier, faites confiance \u00e0 Immobilierlocal !<\/p>\n<h3>1. Pourquoi contacter un sp\u00e9cialiste comme Immobilierlocal ?<\/h3>\n<p>Immobilierlocal permet de vous mettre en contact avec un sp\u00e9cialiste situ\u00e9 dans la ville de St-Maurice.<\/p>\n<h3>2. Obtenez une estimation pr\u00e9cise et adapt\u00e9e au march\u00e9 immobilier actuel<\/h3>\n<p>Immobilierlocal et ses partenaires examinent les prix des biens similaires pr\u00e9sents actuellement sur le march\u00e9 ainsi que ceux qui ont \u00e9t\u00e9 r\u00e9cemment vendus, afin de vous proposer le prix de vente le meilleur prix de vente.<\/p>\n<h3>3. Mettez en valeur votre propri\u00e9t\u00e9<\/h3>\n<p>Pour faire valoir votre bien, nous organisons des shooting photo avec nos collaborateurs de votre bien \u00e0 St-Maurice.<\/p>\n<h3>4. Assurez-vous que votre annonce immobili\u00e8re soit visible sur internet<\/h3>\n<p>Immobilierlocal et ses partenaires vous offrent la possibilit\u00e9 de diffuser votre annonce sur l&rsquo;ensemble de nos sites web sp\u00e9cialis\u00e9s dans l\u2019immobilier pour la pr\u00e9senter au maximum d\u2019acheteurs potentiels.<\/p>\n<h3>5. Choisissez la meilleure offre<\/h3>\n<p>Nos \u00e9quipes re\u00e7oivent les offres, \u00e9tudient les propositions et vous proposent la meilleure offre.<\/p>\n<h3>6. N\u00e9gociez le meilleur prix<\/h3>\n<p>Notre expert recense l&rsquo;ensemble des documents et informations possibles pour mettre votre bien en valeur afin de le vendre au meilleur prix, voici les documents et les informations n\u00e9cessaires :<\/p>\n<ul>\n<li>Les factures de r\u00e9novations,<\/li>\n<li>les plans architecturaux,<\/li>\n<li>les avantages environnementaux,<\/li>\n<li>le d\u00e9veloppement \u00e9conomique \u00e0 St-Maurice et de sa r\u00e9gion.<\/li>\n<\/ul>\n<h2>Quel est l&rsquo;\u00e9tat du march\u00e9 immobilier \u00e0 St-Maurice ?<\/h2>\n<h3>Estimation du prix de vente des maisons \u00e0 St-Maurice<\/h3>\n<p class=\"estimates-house-range\">Les prix des maisons \u00e0 St-Maurice varient de CHF 1'074'092 \u00e0 CHF 1'225'022 en moyenne.<\/p>\n<h3>Estimation du prix de vente des appartements \u00e0 St-Maurice<\/h3>\n<p class=\"estimates-house-range\">Les prix des appartements \u00e0 St-Maurice varient de CHF 585'044 \u00e0 CHF 694'898 en moyenne.<\/p>\n<h3>Estimation de la valeur des terrains \u00e0 St-Maurice<\/h3>\n<p class=\"estimates-land\">Les prix moyens des terrains \u00e0 St-Maurice sont de CHF 602 \/ m\u00b2 (prix par m\u00e8tre carr\u00e9).<\/p>\n<h2>Questions r\u00e9guli\u00e8rement pos\u00e9es sur l&rsquo;\u00e9valuation immobili\u00e8re<\/h2>\n<h3>Quel est le tarif d&rsquo;une \u00e9valuation immobili\u00e8re \u00e0 St-Maurice ?<\/h3>\n<p>Le tarif d&rsquo;une \u00e9valuation immobili\u00e8re \u00e0 St-Maurice \u00e9volue en fonction de la nature du bien. Que vous vendiez une demeure de luxe ou une maison standard, les co\u00fbts peuvent aller de CHF 150 \u00e0 CHF 1&rsquo;500.<\/p>\n<p>Cependant, gr\u00e2ce \u00e0 notre simulateur d&rsquo;estimation en ligne de notre soci\u00e9t\u00e9 Immobilierlocal, vous n&rsquo;avez rien \u00e0 payer ! Notre instrument a \u00e9t\u00e9 \u00e9labor\u00e9 pendant de longues ann\u00e9es pour qu&rsquo;il soit le plus fiable possible. Il prend en compte la situation immobili\u00e8re actuelle et des particularit\u00e9s de votre propri\u00e9t\u00e9.<\/p>\n<h3>Qui peut \u00e9valuer une propri\u00e9taire immobili\u00e8re \u00e0 St-Maurice ?<\/h3>\n<p>Pour une \u00e9valuation immobili\u00e8re plus pr\u00e9cise, vous avez plusieurs solutions, vous pouvez contacter un professionnel dans les estimations immobili\u00e8res, un architecte, un courtier en immobilier ou encore une banque.<\/p>\n<h3>Comment un agent immobilier \u00e9value un bien \u00e0 St-Maurice ?<\/h3>\n<ol>\n<li>Pour commencer : l&rsquo;expert se rend sur place pour effectuer une visite approfondie de votre bien immobilier.<\/li>\n<li>Ensuite : il analyse les documents en lien avec l&rsquo;achat et l&rsquo;entretien de votre bien.<\/li>\n<li>Il proc\u00e8de \u00e0 une analyse compl\u00e8te de la situation immobili\u00e8re en comparant votre propri\u00e9t\u00e9 aux propri\u00e9t\u00e9s actuellement en vente et en examinant les prix des ventes pass\u00e9es \u00e0 St-Maurice.<\/li>\n<li>Et pour terminer, il vous donnera un examen complet et une \u00e9valuation pr\u00e9cise du prix de vente de votre bien immobilier.<\/li>\n<\/ol>\n<h3>Comment faire estimer un bien immobilier gratuitement \u00e0 St-Maurice ?<\/h3>\n<p>Utilisez le logiciel d&rsquo;\u00e9valuation 100% gratuit de notre soci\u00e9t\u00e9 Immobilierlocal ! Vous pouvez aussi contacter nos experts de l&rsquo;immobilier pour une \u00e9valuation.<\/p>\n<h3>Quels sont les divers crit\u00e8res qui peuvent faire \u00e9voluer le prix de vente de ma propri\u00e9t\u00e9 \u00e0 St-Maurice ?<\/h3>\n<p>Il existe de nombreux crit\u00e8res qui font \u00e9voluer la valeur d\u2019un bien immobilier \u00e0 St-Maurice. Voici une liste des facteurs les plus importants :<\/p>\n<ul>\n<li>L&rsquo;activit\u00e9 touristique,<\/li>\n<li>l&rsquo;activit\u00e9 \u00e9conomique de la ville,<\/li>\n<li>le rapport entre le nombre de vendeurs et d&rsquo;acqu\u00e9reurs,<\/li>\n<li>la proximit\u00e9 des commodit\u00e9s.<\/li>\n<\/ul>\n<h3>De quelle fa\u00e7on augmenter la valeur de ma maison et de mon appartement ?<\/h3>\n<p>Pour augmenter le prix de vente de votre bien, suivez ces conseils :<\/p>\n<ul>\n<li>Votre bien doit toujours \u00eatre impeccable pour les photos et lors des visites.<\/li>\n<li>Rangez et organisez l&rsquo;ensemble de vos affaires de fa\u00e7on \u00e0 ce que les visiteurs puissent facilement se projeter dans le bien.<\/li>\n<li>Assurez-vous de mettre en lumi\u00e8re les atouts de votre bien.<\/li>\n<li>Si vous avez une maison, valoriser votre terrain.<\/li>\n<\/ul>\n<h3>Comment se comporter face \u00e0 un potentiel acheteur ?<\/h3>\n<ul>\n<li>Stipulez les forces de votre bien.<\/li>\n<li>R\u00e9pondez aux questions sans divulguer de fausses indications.<\/li>\n<li>Soyez \u00e0 l&rsquo;\u00e9coute de l&rsquo;acqu\u00e9reur et ne cherchez pas \u00e0 le contredire.<\/li>\n<\/ul>\n<h3>Quels sont les documents \u00e0 avoir pour \u00e9valuer ma propri\u00e9t\u00e9 immobili\u00e8re ?<\/h3>\n<ul>\n<li>Police assurance incendie compl\u00e8te<\/li>\n<li>Plan de niveau (si disponible)<\/li>\n<li>factures des diff\u00e9rents travaux effectu\u00e9s (si disponible)<\/li>\n<li>Registre foncier (si disponible)<\/li>\n<li>Cadastre (si disponible)<\/li>\n<li>Descriptif de construction (si disponible)<\/li>\n<li>\u00c9ventuellement : plan d\u2019affectation et le r\u00e8glement de construction<\/li>\n<\/ul>\n<p>Pour les objets en PPE :<\/p>\n<ul>\n<li>Police assurance incendie compl\u00e8te de l\u2019immeuble (\u00e0 demander \u00e0 l\u2019administrateur)<\/li>\n<li>R\u00e8glement PPE<\/li>\n<li>Comptes PPE (3 derni\u00e8res ann\u00e9es)<\/li>\n<\/ul>\n<p>Estimation similaire dans les villes proches, comme : <br \/> Collombey, Massongex, Monthey, Cho\u00ebx, Les Giettes, Troistorrents, Champoussin, Les Crosets, Val-d'Illiez, Champ\u00e9ry, Morgins, Mex VS, V\u00e9rossaz, Morcles, Muraz (Collombey), Vionnaz, Miex, Vouvry, Bouveret, Les Evouettes, St-Gingolph, Torgon, Evionnaz, Collonges, Vernayaz, Dor\u00e9naz, Les Granges (Salvan), Salvan, Le Tr\u00e9tien, Les Mar\u00e9cottes, Finhaut, Le Ch\u00e2telard VS.<\/p>\n","protected":false},"excerpt":{"rendered":"<p>Estimez facilement la valeur de votre maison \u00e0 St-Maurice avec Immobilierlocal. En cas de besoin, un sp\u00e9cialiste viendra chez vous pour effectuer une estimation plus pr\u00e9cise de votre propri\u00e9t\u00e9. Vendez ou acqu\u00e9rez votre bien immobilier au meilleur prix, en toute simplicit\u00e9 avec Immobilierlocal. Derni\u00e8res estimations \u00e0 St-Maurice par secteur Estimation de la valeur des maisons [&hellip;]<\/p>\n","protected":false},"author":3,"featured_media":359,"parent":166,"menu_order":0,"comment_status":"closed","ping_status":"closed","template":"","meta":{"footnotes":""},"categories":[6],"profession":[],"location":[15],"canton":[],"class_list":["post-226","page","type-page","status-publish","has-post-thumbnail","hentry","category-estimation"],"yoast_head":"<!-- This site is optimized with the Yoast SEO Premium plugin v23.0 (Yoast SEO v27.3) - https:\/\/yoast.com\/product\/yoast-seo-premium-wordpress\/ -->\n<title>Estimation immobili\u00e8re \u00e0 St-Maurice avril 2026 gratuite &amp; rapide - Immobilierlocal<\/title>\n<meta name=\"description\" content=\"D\u00e9couvrez le Prix moyen au m\u00b2 \u00e0 St-Maurice en avril 2026 \u2705 Estimation gratuite de votre bien \u2705 Derni\u00e8res \u00e9volutions du march\u00e9.\" \/>\n<meta name=\"robots\" content=\"index, follow, max-snippet:-1, max-image-preview:large, max-video-preview:-1\" \/>\n<link rel=\"canonical\" href=\"https:\/\/www.immobilierlocal.ch\/c\/estimation-immobiliere-canton-valais\/estimation-immobiliere-a-st-maurice\/\" \/>\n<meta property=\"og:locale\" content=\"fr_FR\" \/>\n<meta property=\"og:type\" content=\"article\" \/>\n<meta property=\"og:title\" content=\"Estimation immobili\u00e8re \u00e0 St-Maurice avril 2026 gratuite &amp; rapide\" \/>\n<meta property=\"og:description\" content=\"D\u00e9couvrez le Prix moyen au m\u00b2 \u00e0 St-Maurice en avril 2026 \u2705 Estimation gratuite de votre bien \u2705 Derni\u00e8res \u00e9volutions du march\u00e9.\" \/>\n<meta property=\"og:url\" content=\"https:\/\/www.immobilierlocal.ch\/c\/estimation-immobiliere-canton-valais\/estimation-immobiliere-a-st-maurice\/\" \/>\n<meta property=\"og:site_name\" content=\"Immobilierlocal\" \/>\n<meta property=\"article:modified_time\" content=\"2024-08-05T18:29:10+00:00\" \/>\n<meta property=\"og:image\" content=\"https:\/\/www.immobilierlocal.ch\/c\/wp-content\/uploads\/2023\/10\/estimation-immobiliere-a-st-maurice-1-scaled.jpg\" \/>\n\t<meta property=\"og:image:width\" content=\"2560\" \/>\n\t<meta property=\"og:image:height\" content=\"817\" \/>\n\t<meta property=\"og:image:type\" content=\"image\/jpeg\" \/>\n<meta name=\"twitter:card\" content=\"summary_large_image\" \/>\n<meta name=\"twitter:label1\" content=\"Dur\u00e9e de lecture estim\u00e9e\" \/>\n\t<meta name=\"twitter:data1\" content=\"7 minutes\" \/>\n<script type=\"application\/ld+json\" class=\"yoast-schema-graph\">{\"@context\":\"https:\\\/\\\/schema.org\",\"@graph\":[{\"@type\":\"WebPage\",\"@id\":\"https:\\\/\\\/www.immobilierlocal.ch\\\/c\\\/estimation-immobiliere-canton-valais\\\/estimation-immobiliere-a-st-maurice\\\/\",\"url\":\"https:\\\/\\\/www.immobilierlocal.ch\\\/c\\\/estimation-immobiliere-canton-valais\\\/estimation-immobiliere-a-st-maurice\\\/\",\"name\":\"Estimation immobili\u00e8re \u00e0 St-Maurice - Immobilierlocal\",\"isPartOf\":{\"@id\":\"https:\\\/\\\/www.immobilierlocal.ch\\\/c\\\/#website\"},\"primaryImageOfPage\":{\"@id\":\"https:\\\/\\\/www.immobilierlocal.ch\\\/c\\\/estimation-immobiliere-canton-valais\\\/estimation-immobiliere-a-st-maurice\\\/#primaryimage\"},\"image\":{\"@id\":\"https:\\\/\\\/www.immobilierlocal.ch\\\/c\\\/estimation-immobiliere-canton-valais\\\/estimation-immobiliere-a-st-maurice\\\/#primaryimage\"},\"thumbnailUrl\":\"https:\\\/\\\/www.immobilierlocal.ch\\\/c\\\/wp-content\\\/uploads\\\/2023\\\/10\\\/estimation-immobiliere-a-st-maurice-1-scaled.jpg\",\"datePublished\":\"2023-10-19T08:33:51+00:00\",\"dateModified\":\"2024-08-05T18:29:10+00:00\",\"breadcrumb\":{\"@id\":\"https:\\\/\\\/www.immobilierlocal.ch\\\/c\\\/estimation-immobiliere-canton-valais\\\/estimation-immobiliere-a-st-maurice\\\/#breadcrumb\"},\"inLanguage\":\"fr-FR\",\"potentialAction\":[{\"@type\":\"ReadAction\",\"target\":[\"https:\\\/\\\/www.immobilierlocal.ch\\\/c\\\/estimation-immobiliere-canton-valais\\\/estimation-immobiliere-a-st-maurice\\\/\"]}]},{\"@type\":\"ImageObject\",\"inLanguage\":\"fr-FR\",\"@id\":\"https:\\\/\\\/www.immobilierlocal.ch\\\/c\\\/estimation-immobiliere-canton-valais\\\/estimation-immobiliere-a-st-maurice\\\/#primaryimage\",\"url\":\"https:\\\/\\\/www.immobilierlocal.ch\\\/c\\\/wp-content\\\/uploads\\\/2023\\\/10\\\/estimation-immobiliere-a-st-maurice-1-scaled.jpg\",\"contentUrl\":\"https:\\\/\\\/www.immobilierlocal.ch\\\/c\\\/wp-content\\\/uploads\\\/2023\\\/10\\\/estimation-immobiliere-a-st-maurice-1-scaled.jpg\",\"width\":2560,\"height\":817,\"caption\":\"Estimation immobili\u00e8re \u00e0 St-Maurice\"},{\"@type\":\"BreadcrumbList\",\"@id\":\"https:\\\/\\\/www.immobilierlocal.ch\\\/c\\\/estimation-immobiliere-canton-valais\\\/estimation-immobiliere-a-st-maurice\\\/#breadcrumb\",\"itemListElement\":[{\"@type\":\"ListItem\",\"position\":1,\"name\":\"Accueil\",\"item\":\"https:\\\/\\\/www.immobilierlocal.ch\\\/c\\\/\"},{\"@type\":\"ListItem\",\"position\":2,\"name\":\"Estimation immobili\u00e8re dans le canton du Valais\",\"item\":\"https:\\\/\\\/www.immobilierlocal.ch\\\/c\\\/estimation-immobiliere-canton-valais\\\/\"},{\"@type\":\"ListItem\",\"position\":3,\"name\":\"Estimation immobili\u00e8re \u00e0 St-Maurice\"}]},{\"@type\":\"WebSite\",\"@id\":\"https:\\\/\\\/www.immobilierlocal.ch\\\/c\\\/#website\",\"url\":\"https:\\\/\\\/www.immobilierlocal.ch\\\/c\\\/\",\"name\":\"Immobilierlocal\",\"description\":\"\",\"publisher\":{\"@id\":\"https:\\\/\\\/www.immobilierlocal.ch\\\/c\\\/#organization\"},\"potentialAction\":[{\"@type\":\"SearchAction\",\"target\":{\"@type\":\"EntryPoint\",\"urlTemplate\":\"https:\\\/\\\/www.immobilierlocal.ch\\\/c\\\/?s={search_term_string}\"},\"query-input\":{\"@type\":\"PropertyValueSpecification\",\"valueRequired\":true,\"valueName\":\"search_term_string\"}}],\"inLanguage\":\"fr-FR\"},{\"@type\":\"Organization\",\"@id\":\"https:\\\/\\\/www.immobilierlocal.ch\\\/c\\\/#organization\",\"name\":\"Immobilierlocal\",\"url\":\"https:\\\/\\\/www.immobilierlocal.ch\\\/c\\\/\",\"logo\":{\"@type\":\"ImageObject\",\"inLanguage\":\"fr-FR\",\"@id\":\"https:\\\/\\\/www.immobilierlocal.ch\\\/c\\\/#\\\/schema\\\/logo\\\/image\\\/\",\"url\":\"https:\\\/\\\/www.immobilierlocal.ch\\\/c\\\/wp-content\\\/uploads\\\/2023\\\/10\\\/logo-immobilierlocal-h.svg\",\"contentUrl\":\"https:\\\/\\\/www.immobilierlocal.ch\\\/c\\\/wp-content\\\/uploads\\\/2023\\\/10\\\/logo-immobilierlocal-h.svg\",\"caption\":\"Immobilierlocal\"},\"image\":{\"@id\":\"https:\\\/\\\/www.immobilierlocal.ch\\\/c\\\/#\\\/schema\\\/logo\\\/image\\\/\"}}]}<\/script>\n<!-- \/ Yoast SEO Premium plugin. -->","yoast_head_json":{"title":"Estimation immobili\u00e8re \u00e0 St-Maurice avril 2026 gratuite & rapide - Immobilierlocal","description":"D\u00e9couvrez le Prix moyen au m\u00b2 \u00e0 St-Maurice en avril 2026 \u2705 Estimation gratuite de votre bien \u2705 Derni\u00e8res \u00e9volutions du march\u00e9.","robots":{"index":"index","follow":"follow","max-snippet":"max-snippet:-1","max-image-preview":"max-image-preview:large","max-video-preview":"max-video-preview:-1"},"canonical":"https:\/\/www.immobilierlocal.ch\/c\/estimation-immobiliere-canton-valais\/estimation-immobiliere-a-st-maurice\/","og_locale":"fr_FR","og_type":"article","og_title":"Estimation immobili\u00e8re \u00e0 St-Maurice avril 2026 gratuite & rapide","og_description":"D\u00e9couvrez le Prix moyen au m\u00b2 \u00e0 St-Maurice en avril 2026 \u2705 Estimation gratuite de votre bien \u2705 Derni\u00e8res \u00e9volutions du march\u00e9.","og_url":"https:\/\/www.immobilierlocal.ch\/c\/estimation-immobiliere-canton-valais\/estimation-immobiliere-a-st-maurice\/","og_site_name":"Immobilierlocal","article_modified_time":"2024-08-05T18:29:10+00:00","og_image":[{"width":2560,"height":817,"url":"https:\/\/www.immobilierlocal.ch\/c\/wp-content\/uploads\/2023\/10\/estimation-immobiliere-a-st-maurice-1-scaled.jpg","type":"image\/jpeg"}],"twitter_card":"summary_large_image","twitter_misc":{"Dur\u00e9e de lecture estim\u00e9e":"7 minutes"},"schema":{"@context":"https:\/\/schema.org","@graph":[{"@type":"WebPage","@id":"https:\/\/www.immobilierlocal.ch\/c\/estimation-immobiliere-canton-valais\/estimation-immobiliere-a-st-maurice\/","url":"https:\/\/www.immobilierlocal.ch\/c\/estimation-immobiliere-canton-valais\/estimation-immobiliere-a-st-maurice\/","name":"Estimation immobili\u00e8re \u00e0 St-Maurice - Immobilierlocal","isPartOf":{"@id":"https:\/\/www.immobilierlocal.ch\/c\/#website"},"primaryImageOfPage":{"@id":"https:\/\/www.immobilierlocal.ch\/c\/estimation-immobiliere-canton-valais\/estimation-immobiliere-a-st-maurice\/#primaryimage"},"image":{"@id":"https:\/\/www.immobilierlocal.ch\/c\/estimation-immobiliere-canton-valais\/estimation-immobiliere-a-st-maurice\/#primaryimage"},"thumbnailUrl":"https:\/\/www.immobilierlocal.ch\/c\/wp-content\/uploads\/2023\/10\/estimation-immobiliere-a-st-maurice-1-scaled.jpg","datePublished":"2023-10-19T08:33:51+00:00","dateModified":"2024-08-05T18:29:10+00:00","breadcrumb":{"@id":"https:\/\/www.immobilierlocal.ch\/c\/estimation-immobiliere-canton-valais\/estimation-immobiliere-a-st-maurice\/#breadcrumb"},"inLanguage":"fr-FR","potentialAction":[{"@type":"ReadAction","target":["https:\/\/www.immobilierlocal.ch\/c\/estimation-immobiliere-canton-valais\/estimation-immobiliere-a-st-maurice\/"]}]},{"@type":"ImageObject","inLanguage":"fr-FR","@id":"https:\/\/www.immobilierlocal.ch\/c\/estimation-immobiliere-canton-valais\/estimation-immobiliere-a-st-maurice\/#primaryimage","url":"https:\/\/www.immobilierlocal.ch\/c\/wp-content\/uploads\/2023\/10\/estimation-immobiliere-a-st-maurice-1-scaled.jpg","contentUrl":"https:\/\/www.immobilierlocal.ch\/c\/wp-content\/uploads\/2023\/10\/estimation-immobiliere-a-st-maurice-1-scaled.jpg","width":2560,"height":817,"caption":"Estimation immobili\u00e8re \u00e0 St-Maurice"},{"@type":"BreadcrumbList","@id":"https:\/\/www.immobilierlocal.ch\/c\/estimation-immobiliere-canton-valais\/estimation-immobiliere-a-st-maurice\/#breadcrumb","itemListElement":[{"@type":"ListItem","position":1,"name":"Accueil","item":"https:\/\/www.immobilierlocal.ch\/c\/"},{"@type":"ListItem","position":2,"name":"Estimation immobili\u00e8re dans le canton du Valais","item":"https:\/\/www.immobilierlocal.ch\/c\/estimation-immobiliere-canton-valais\/"},{"@type":"ListItem","position":3,"name":"Estimation immobili\u00e8re \u00e0 St-Maurice"}]},{"@type":"WebSite","@id":"https:\/\/www.immobilierlocal.ch\/c\/#website","url":"https:\/\/www.immobilierlocal.ch\/c\/","name":"Immobilierlocal","description":"","publisher":{"@id":"https:\/\/www.immobilierlocal.ch\/c\/#organization"},"potentialAction":[{"@type":"SearchAction","target":{"@type":"EntryPoint","urlTemplate":"https:\/\/www.immobilierlocal.ch\/c\/?s={search_term_string}"},"query-input":{"@type":"PropertyValueSpecification","valueRequired":true,"valueName":"search_term_string"}}],"inLanguage":"fr-FR"},{"@type":"Organization","@id":"https:\/\/www.immobilierlocal.ch\/c\/#organization","name":"Immobilierlocal","url":"https:\/\/www.immobilierlocal.ch\/c\/","logo":{"@type":"ImageObject","inLanguage":"fr-FR","@id":"https:\/\/www.immobilierlocal.ch\/c\/#\/schema\/logo\/image\/","url":"https:\/\/www.immobilierlocal.ch\/c\/wp-content\/uploads\/2023\/10\/logo-immobilierlocal-h.svg","contentUrl":"https:\/\/www.immobilierlocal.ch\/c\/wp-content\/uploads\/2023\/10\/logo-immobilierlocal-h.svg","caption":"Immobilierlocal"},"image":{"@id":"https:\/\/www.immobilierlocal.ch\/c\/#\/schema\/logo\/image\/"}}]}},"_links":{"self":[{"href":"https:\/\/www.immobilierlocal.ch\/c\/wp-json\/wp\/v2\/pages\/226","targetHints":{"allow":["GET"]}}],"collection":[{"href":"https:\/\/www.immobilierlocal.ch\/c\/wp-json\/wp\/v2\/pages"}],"about":[{"href":"https:\/\/www.immobilierlocal.ch\/c\/wp-json\/wp\/v2\/types\/page"}],"author":[{"embeddable":true,"href":"https:\/\/www.immobilierlocal.ch\/c\/wp-json\/wp\/v2\/users\/3"}],"replies":[{"embeddable":true,"href":"https:\/\/www.immobilierlocal.ch\/c\/wp-json\/wp\/v2\/comments?post=226"}],"version-history":[{"count":0,"href":"https:\/\/www.immobilierlocal.ch\/c\/wp-json\/wp\/v2\/pages\/226\/revisions"}],"up":[{"embeddable":true,"href":"https:\/\/www.immobilierlocal.ch\/c\/wp-json\/wp\/v2\/pages\/166"}],"wp:featuredmedia":[{"embeddable":true,"href":"https:\/\/www.immobilierlocal.ch\/c\/wp-json\/wp\/v2\/media\/359"}],"wp:attachment":[{"href":"https:\/\/www.immobilierlocal.ch\/c\/wp-json\/wp\/v2\/media?parent=226"}],"wp:term":[{"taxonomy":"category","embeddable":true,"href":"https:\/\/www.immobilierlocal.ch\/c\/wp-json\/wp\/v2\/categories?post=226"},{"taxonomy":"profession","embeddable":true,"href":"https:\/\/www.immobilierlocal.ch\/c\/wp-json\/wp\/v2\/profession?post=226"},{"taxonomy":"location","embeddable":true,"href":"https:\/\/www.immobilierlocal.ch\/c\/wp-json\/wp\/v2\/location?post=226"},{"taxonomy":"canton","embeddable":true,"href":"https:\/\/www.immobilierlocal.ch\/c\/wp-json\/wp\/v2\/canton?post=226"}],"curies":[{"name":"wp","href":"https:\/\/api.w.org\/{rel}","templated":true}]}}