
{"id":211,"date":"2023-10-19T10:33:49","date_gmt":"2023-10-19T08:33:49","guid":{"rendered":"https:\/\/immobilierlocal.ch\/c\/211-2\/"},"modified":"2024-08-05T20:19:49","modified_gmt":"2024-08-05T18:19:49","slug":"estimation-immobiliere-a-carouge","status":"publish","type":"page","link":"https:\/\/www.immobilierlocal.ch\/c\/estimation-immobiliere-canton-geneve\/estimation-immobiliere-a-carouge\/","title":{"rendered":"Estimation immobili\u00e8re \u00e0 Carouge GE"},"content":{"rendered":"<p>Estimez simplement la valeur de votre domicile \u00e0 Carouge GE gr\u00e2ce \u00e0 Immobilierlocal. Nous avons \u00e9galement \u00e0 disposition des agents immobiliers qui se d\u00e9placent chez vous afin de vous donner une \u00e9valuation plus d\u00e9taill\u00e9e de votre bien. Vendez ou acqu\u00e9rez votre propri\u00e9t\u00e9 immobili\u00e8re au meilleur prix, en toute confiance avec Immobilierlocal.<\/p>\n\n<h2>Derni\u00e8res estimations \u00e0 Carouge GE par secteur<\/h2>\n<div class=\"estimates-lastest\"><ul><li>Pour un appartement 6.5 pi\u00e8ces \u00e0 Carouge GE, surface pond\u00e9r\u00e9e (m\u00b2) : 115, orientation Ouest, sans balcon, transports fr\u00e9quence soutenue, avec parking, commodit\u00e9s et \u00e9coles nombreuses, situation ordinaire, CHF 16'519 \/ m\u00b2<\/li><li>Pour un appartement 4.5 pi\u00e8ces \u00e0 Carouge GE, surface pond\u00e9r\u00e9e (m\u00b2) : 115, orientation Ouest, sans balcon, transports fr\u00e9quence soutenue, sans parking, commodit\u00e9s et \u00e9coles nombreuses, situation ordinaire, CHF 14'087 \/ m\u00b2<\/li><li>Pour un appartement 6 pi\u00e8ces \u00e0 Carouge GE, surface pond\u00e9r\u00e9e (m\u00b2) : 120, orientation Ouest, avec balcon, transports fr\u00e9quence soutenue, avec parking, commodit\u00e9s et \u00e9coles nombreuses, situation ordinaire, CHF 16'190 \/ m\u00b2<\/li><\/ul><\/div>\n<h2>Evaluation des prix des maisons \u00e0 Carouge GE selon le nombre de pi\u00e8ces<\/h2>\n<div class=\"estimates-room\"><ul><li>Pour une maison 5 pi\u00e8ces \u00e0 Carouge GE, volume (m\u00b3) : 607.5 et terrain (m\u00b2) : 350, transports fr\u00e9quence soutenue, commodit\u00e9s et \u00e9coles nombreuses, situation ordinaire, CHF 17'863 \/ m\u00b2<\/li><li>Pour une maison 6.5 pi\u00e8ces \u00e0 Carouge GE, volume (m\u00b3) : 945 et terrain (m\u00b2) : 350, transports fr\u00e9quence r\u00e9guli\u00e8re, commodit\u00e9s et \u00e9coles nombreuses, situation ordinaire, CHF 11'375 \/ m\u00b2<\/li><li>Pour une maison 5 pi\u00e8ces \u00e0 Carouge GE, volume (m\u00b3) : 607.5 et terrain (m\u00b2) : 1100, transports fr\u00e9quence soutenue, commodit\u00e9s et \u00e9coles nombreuses, situation ordinaire, CHF 31'485 \/ m\u00b2<\/li><\/ul><\/div><div class=\"iframe-text\">Estimer maintenant votre bien immobilier<\/div><iframe id=\"estimer\" src=\"https:\/\/www.immobilierlocal.ch\/estimer?iframe=1\" frameborder=\"0\" loading=\"lazy\" width=\"100%\" height=\"1000\" style=\"overflow-x:hidden;\" referrerpolicy=\"no-referrer-when-downgrade\" title=\"Estimation immobili\u00e8re\"><\/iframe>\n<h2>Comment savoir le prix de son bien immobilier \u00e0 Carouge GE ?<\/h2>\n<h3>1. Estimation offerte de votre maison \u00e0 Carouge GE en ligne avec Immobilierlocal<\/h3>\n<p>Utilisez notre logiciel d&rsquo;estimation en ligne afin de savoir la valeur de votre maison en moins de 3 minutes.<\/p>\n<p>Pour une estimation conforme, nous aurons aussi besoin des caract\u00e9ristiques suivantes :<\/p>\n<ul>\n<li>La situation (environnement, vue et transports).<\/li>\n<li>L&rsquo;orientation et l&rsquo;exposition de la maison.<\/li>\n<li>Le nombre de pi\u00e8ces.<\/li>\n<li>La surface habitable ou le volume.<\/li>\n<li>La surface du terrain.<\/li>\n<li>L&rsquo;ann\u00e9e de construction.<\/li>\n<li>L\u2019\u00e9tat g\u00e9n\u00e9ral de votre bien.<\/li>\n<li>Les travaux effectu\u00e9s dans votre maison et leur ann\u00e9e.<\/li>\n<\/ul>\n<h3>2. Estimation offerte de votre appartement \u00e0 Carouge GE en ligne avec Immobilierlocal<\/h3>\n<p>Pour conna\u00eetre la valeur sur le march\u00e9 de l&rsquo;immobilier de votre logement \u00e0 Carouge GE, utilisez notre instrument en ligne d&rsquo;estimation immobili\u00e8re. En un instant vous aurez connaissance de la valeur de votre appartement.<\/p>\n<p>Pour recevoir une estimation pr\u00e9cise, vous devrez nous indiquer les caract\u00e9ristiques de votre appartement, apr\u00e8s avoir indiqu\u00e9 votre adresse, comme :<\/p>\n<ul>\n<li>La situation (environnement, vue et transports).<\/li>\n<li>L&rsquo;exposition de l&rsquo;appartement.<\/li>\n<li>Le nombre de pi\u00e8ces.<\/li>\n<li>Les surfaces (habitable, balcon et cave).<\/li>\n<li>La pr\u00e9sence d&rsquo;un ou plusieurs parkings.<\/li>\n<li>Date de construction.<\/li>\n<li>L\u2019\u00e9tat g\u00e9n\u00e9ral.<\/li>\n<li>Les diff\u00e9rentes r\u00e9novations effectu\u00e9es.<\/li>\n<li>Le montant du \u00abfonds de r\u00e9novation PPE\u00bb.<\/li>\n<\/ul>\n<h3>3. Faire estimer sa maison ou son appartement par un expert \u00e0 Carouge GE<\/h3>\n<p>Nos experts install\u00e9s \u00e0 Carouge GE se d\u00e9placent chez vous afin d&rsquo;effectuer une \u00e9valuation de votre appartement ou de votre demeure. En examinant les documents tels que le registre foncier, les plans d&rsquo;architecte et le plan cadastral, ils vous apportent un rapport d&rsquo;estimation complet.<\/p>\n<p>Pour r\u00e9aliser notre estimation, nous consid\u00e9rons aussi l&rsquo;\u00e9tat du march\u00e9 immobilier actuel \u00e0 Carouge GE. Nous vous procurerons certains conseils int\u00e9ressants afin de valoriser au maximum votre propri\u00e9t\u00e9 \u00e0 Carouge GE.<\/p>\n<p>Faites confiance \u00e0 Immobilierlocal et obtenez d\u00e8s \u00e0 pr\u00e9sent une \u00e9valuation de votre bien immobilier.<\/p>\n<h3>4. Est-il pertinent d\u2019analyser les biens semblables en vente \u00e0 Carouge GE ?<\/h3>\n<p>Oui, il est pertinent d&rsquo;\u00e9tudier les autres biens mis en vente, comparer votre bien avec les annonces immobili\u00e8res similaires \u00e0 Carouge GE vous permet d\u2019obtenir une fourchette rapide de la valeur de votre propri\u00e9t\u00e9.<\/p>\n<h2>Comment vendre son bien immobilier au meilleur prix \u00e0 Carouge GE ?<\/h2>\n<p>Avec Immobilierlocal, vous d\u00e9l\u00e9guez la vente de votre propri\u00e9t\u00e9 \u00e0 des professionnels de l&rsquo;immobilier ! Vous avez la garantie d&rsquo;une vente rapide au meilleur prix.<\/p>\n<h3>1. Pourquoi contacter un expert comme Immobilierlocal ?<\/h3>\n<p>Immobilierlocal permet de vous mettre en contact avec un agent immobilier qui s&rsquo;occupe de la ville de Carouge GE.<\/p>\n<h3>2. Profitez d&rsquo;une estimation pr\u00e9cise et adapt\u00e9e \u00e0 la situation immobili\u00e8re actuelle<\/h3>\n<p>Immobilierlocal et ses partenaires analysent le march\u00e9 actuel en tenant compte des annonces et des biens r\u00e9cemment vendus, dans le but de vous proposer le prix de vente le meilleur prix de vente.<\/p>\n<h3>3. Mettez en valeur votre propri\u00e9t\u00e9<\/h3>\n<p>Afin de faire valoir votre bien, nous organisons des s\u00e9ances photo avec nos partenaires de votre appartement ou de votre maison \u00e0 Carouge GE.<\/p>\n<h3>4. Augmenter la visibilit\u00e9 de votre bien et le nombre de potentiels acheteurs sur internet<\/h3>\n<p>Afin que le plus de personnes puisse observer votre propri\u00e9t\u00e9, nous diffusons votre annonce sur tous nos sites internet ainsi que ceux de nos collaborateurs.<\/p>\n<h3>5. S\u00e9lectionnez la meilleure offre<\/h3>\n<p>Nous trions la totalit\u00e9 des offres que nous recevons dans le but de vous pr\u00e9senter seulement celles qui peuvent vous int\u00e9resser.<\/p>\n<h3>6. N\u00e9gociez le meilleur prix<\/h3>\n<p>Afin d&rsquo;\u00eatre en position de force lors des phases de n\u00e9gociation avec un acqu\u00e9reur potentiel, notre sp\u00e9cialiste aura besoin de mettre en valeur les forces de votre bien. Pour cela, il doit conna\u00eetre les informations suivantes :<\/p>\n<ul>\n<li>Les r\u00e9novations effectu\u00e9es et les factures associ\u00e9es,<\/li>\n<li>les plans architecturaux,<\/li>\n<li>la liste des avantages environnementaux (commerces, \u00e9coles de proximit\u00e9&#8230;),<\/li>\n<li>le d\u00e9veloppement \u00e9conomique \u00e0 Carouge GE et de sa r\u00e9gion.<\/li>\n<\/ul>\n<h2>Quelles sont les tendances du march\u00e9 immobilier \u00e0 Carouge GE ?<\/h2>\n<h3>Estimation du prix des maisons \u00e0 Carouge GE<\/h3>\n<p class=\"estimates-house-range\">Les prix des maisons \u00e0 Carouge GE varient de CHF 2'388'781 \u00e0 CHF 4'250'427 en moyenne.<\/p>\n<h3>\u00c9valuation du prix des appartements \u00e0 Carouge GE<\/h3>\n<p class=\"estimates-house-range\">Les prix des appartements \u00e0 Carouge GE varient de CHF 1'619'972 \u00e0 CHF 1'983'329 en moyenne.<\/p>\n<h3>\u00c9valuation du prix des terrains \u00e0 Carouge GE<\/h3>\n<p class=\"estimates-land\">Les prix moyens des terrains \u00e0 Carouge GE sont de CHF 3'055 \/ m\u00b2 (prix par m\u00e8tre carr\u00e9).<\/p>\n<h2>Questions fr\u00e9quentes sur l&rsquo;estimation immobili\u00e8re<\/h2>\n<h3>Quel est le tarif d&rsquo;une estimation immobili\u00e8re \u00e0 Carouge GE ?<\/h3>\n<p>Le co\u00fbt d&rsquo;une \u00e9valuation immobili\u00e8re \u00e0 Carouge GE fluctue en fonction de la nature du bien. Que vous ayez une demeure de luxe ou une maison standard, les co\u00fbts peuvent aller de CHF 150 \u00e0 CHF 1&rsquo;500.<\/p>\n<p>Cependant, avec notre simulateur d&rsquo;\u00e9valuation en ligne de notre agence Immobilierlocal, vous n&rsquo;avez rien \u00e0 payer ! Notre instrument a \u00e9t\u00e9 confectionn\u00e9 durant plusieurs ann\u00e9es afin qu&rsquo;il soit le plus fiable possible. Il prend en compte la situation immobili\u00e8re actuelle et des caract\u00e9ristiques de votre bien.<\/p>\n<h3>Qui peut \u00e9valuer une propri\u00e9taire immobili\u00e8re \u00e0 Carouge GE ?<\/h3>\n<p>Si vous voulez obtenir une \u00e9valuation plus pr\u00e9cise, il sera n\u00e9cessaire de faire appel \u00e0 un sp\u00e9cialiste qui se d\u00e9place \u00e0 votre domicile pour examiner votre bien. Cette personne peut \u00eatre un agent immobilier, un architecte ou vous pouvez \u00e9galement regarder avec votre banque.<\/p>\n<h3>Comment se d\u00e9roule l&rsquo;estimation d&rsquo;un bien \u00e0 Carouge GE ?<\/h3>\n<ol>\n<li>Dans un premier temps : l&rsquo;agent immobilier se d\u00e9place \u00e0 votre domicile pour effectuer une inspection d\u00e9taill\u00e9e de votre demeure.<\/li>\n<li>Ensuite : il \u00e9tudie les dossiers en lien avec l&rsquo;achat et l&rsquo;entretien de votre propri\u00e9t\u00e9.<\/li>\n<li>Il effectue une analyse compl\u00e8te du march\u00e9 immobilier en comparant votre propri\u00e9t\u00e9 aux autres biens actuellement en vente et en examinant les prix des ventes pass\u00e9es \u00e0 Carouge GE.<\/li>\n<li>Enfin, il vous donnera un examen d\u00e9taill\u00e9 ainsi qu&rsquo;une estimation pr\u00e9cise du prix de vente de votre bien immobilier.<\/li>\n<\/ol>\n<h3>Comment profiter d&rsquo;une \u00e9valuation de propri\u00e9t\u00e9 gratuitement \u00e0 Carouge GE<\/h3>\n<p>Utilisez l&rsquo;outil d&rsquo;\u00e9valuation totalement gratuit de notre soci\u00e9t\u00e9 Immobilierlocal ! Vous pouvez aussi faire appel \u00e0 nos professionnels de l&rsquo;immobilier pour une \u00e9valuation.<\/p>\n<h3>Quels sont les divers param\u00e8tres qui peuvent faire \u00e9voluer le prix de vente de ma propri\u00e9t\u00e9 \u00e0 Carouge GE ?<\/h3>\n<p>La valeur de vente d&rsquo;une propri\u00e9t\u00e9 immobili\u00e8re d\u00e9coule forc\u00e9ment de plusieurs crit\u00e8res, qui peuvent \u00e9voluer dans le temps. Voici une liste des principaux crit\u00e8res pouvant faire \u00e9voluer le march\u00e9 immobilier \u00e0 Carouge GE :<\/p>\n<ul>\n<li>Le tourisme,<\/li>\n<li>l&rsquo;activit\u00e9 \u00e9conomique de la r\u00e9gion,<\/li>\n<li>le rapport entre le nombre de vendeurs et d&rsquo;acqu\u00e9reurs,<\/li>\n<li>les commodit\u00e9s.<\/li>\n<\/ul>\n<h3>De quelle fa\u00e7on augmenter le prix de vente de ma maison et de mon appartement ?<\/h3>\n<p>Pour faire \u00e9voluer la valeur de votre bien immobilier, suivez ces conseils :<\/p>\n<ul>\n<li>Assurez-vous que votre bien soit irr\u00e9prochable.<\/li>\n<li>Assurez-vous de ranger l&rsquo;ensemble de vos pi\u00e8ces et organisez l&rsquo;espace pour permettre aux acheteurs de se projeter facilement.<\/li>\n<li>Mettez en avant les atouts de votre habitation.<\/li>\n<li>Assurez-vous de mettre en avant le terrain si vous avez une maison.<\/li>\n<\/ul>\n<h3>Comment se comporter face \u00e0 un potentiel acheteur ?<\/h3>\n<ul>\n<li>Stipulez les atouts de votre propri\u00e9t\u00e9.<\/li>\n<li>R\u00e9pondez aux interrogations sans divulguer de fausses informations.<\/li>\n<li>Soyez \u00e0 l&rsquo;\u00e9coute de l&rsquo;acqu\u00e9reur et ne cherchez pas \u00e0 le contredire.<\/li>\n<\/ul>\n<h3>Quels sont les dossiers \u00e0 poss\u00e9der afin d&rsquo;\u00e9valuer ma propri\u00e9t\u00e9 immobili\u00e8re ?<\/h3>\n<ul>\n<li>Police assurance incendie compl\u00e8te<\/li>\n<li>Plan de niveau (si disponible)<\/li>\n<li>Travaux, factures (si disponible)<\/li>\n<li>Registre foncier (si disponible)<\/li>\n<li>Cadastre (si disponible)<\/li>\n<li>Descriptif de construction (si disponible)<\/li>\n<li>\u00c9ventuellement : plan d\u2019affectation et le r\u00e8glement de construction<\/li>\n<\/ul>\n<p>Pour les objets en PPE :<\/p>\n<ul>\n<li>Police assurance incendie compl\u00e8te de l\u2019immeuble (\u00e0 demander \u00e0 l\u2019administrateur)<\/li>\n<li>R\u00e8glement PPE<\/li>\n<li>Comptes PPE (3 derni\u00e8res ann\u00e9es)<\/li>\n<\/ul>\n<p>Estimation similaire dans les villes proches, comme : <br \/> Gen\u00e8ve, Grand-Lancy, Petit-Lancy, Onex, A\u00efre, V\u00e9senaz, Cologny, Ch\u00eane-Bougeries, Ch\u00eane-Bourg, Th\u00f4nex, Les Acacias, Plan-les-Ouates, Conches, Confignon, Bernex, Vessy, Cartigny, Avully, Puplinge, Presinge, Choulex, Collonge-Bellerive, Corsier GE, Ani\u00e8res, Hermance, Gy, Meinier, Vandoeuvres, Jussy, Veyrier, Troinex, La Croix-de-Rozon, Perly, Chancy, Athenaz (Avusy), Soral, Laconnex, Aire-la-Ville.<\/p>\n","protected":false},"excerpt":{"rendered":"<p>Estimez simplement la valeur de votre domicile \u00e0 Carouge GE gr\u00e2ce \u00e0 Immobilierlocal. Nous avons \u00e9galement \u00e0 disposition des agents immobiliers qui se d\u00e9placent chez vous afin de vous donner une \u00e9valuation plus d\u00e9taill\u00e9e de votre bien. Vendez ou acqu\u00e9rez votre propri\u00e9t\u00e9 immobili\u00e8re au meilleur prix, en toute confiance avec Immobilierlocal. Derni\u00e8res estimations \u00e0 Carouge [&hellip;]<\/p>\n","protected":false},"author":3,"featured_media":383,"parent":148,"menu_order":0,"comment_status":"closed","ping_status":"closed","template":"","meta":{"footnotes":""},"categories":[6],"profession":[],"location":[38],"canton":[],"class_list":["post-211","page","type-page","status-publish","has-post-thumbnail","hentry","category-estimation"],"yoast_head":"<!-- This site is optimized with the Yoast SEO Premium plugin v23.0 (Yoast SEO v27.3) - https:\/\/yoast.com\/product\/yoast-seo-premium-wordpress\/ -->\n<title>Estimation immobili\u00e8re \u00e0 Carouge GE avril 2026 gratuite &amp; rapide - Immobilierlocal<\/title>\n<meta name=\"description\" content=\"D\u00e9couvrez le Prix moyen au m\u00b2 \u00e0 Carouge GE GE en avril 2026 \u2705 Estimation gratuite de votre bien \u2705 Derni\u00e8res \u00e9volutions du march\u00e9.\" \/>\n<meta name=\"robots\" content=\"index, follow, max-snippet:-1, max-image-preview:large, max-video-preview:-1\" \/>\n<link rel=\"canonical\" href=\"https:\/\/www.immobilierlocal.ch\/c\/estimation-immobiliere-canton-geneve\/estimation-immobiliere-a-carouge\/\" \/>\n<meta property=\"og:locale\" content=\"fr_FR\" \/>\n<meta property=\"og:type\" content=\"article\" \/>\n<meta property=\"og:title\" content=\"Estimation immobili\u00e8re \u00e0 Carouge GE avril 2026 gratuite &amp; rapide\" \/>\n<meta property=\"og:description\" content=\"D\u00e9couvrez le Prix moyen au m\u00b2 \u00e0 Carouge GE GE en avril 2026 \u2705 Estimation gratuite de votre bien \u2705 Derni\u00e8res \u00e9volutions du march\u00e9.\" \/>\n<meta property=\"og:url\" content=\"https:\/\/www.immobilierlocal.ch\/c\/estimation-immobiliere-canton-geneve\/estimation-immobiliere-a-carouge\/\" \/>\n<meta property=\"og:site_name\" content=\"Immobilierlocal\" \/>\n<meta property=\"article:modified_time\" content=\"2024-08-05T18:19:49+00:00\" \/>\n<meta property=\"og:image\" content=\"https:\/\/www.immobilierlocal.ch\/c\/wp-content\/uploads\/2023\/10\/estimation-immobiliere-a-carouge-scaled.jpg\" \/>\n\t<meta property=\"og:image:width\" content=\"2560\" \/>\n\t<meta property=\"og:image:height\" content=\"817\" \/>\n\t<meta property=\"og:image:type\" content=\"image\/jpeg\" \/>\n<meta name=\"twitter:card\" content=\"summary_large_image\" \/>\n<meta name=\"twitter:label1\" content=\"Dur\u00e9e de lecture estim\u00e9e\" \/>\n\t<meta name=\"twitter:data1\" content=\"7 minutes\" \/>\n<script type=\"application\/ld+json\" class=\"yoast-schema-graph\">{\"@context\":\"https:\\\/\\\/schema.org\",\"@graph\":[{\"@type\":\"WebPage\",\"@id\":\"https:\\\/\\\/www.immobilierlocal.ch\\\/c\\\/estimation-immobiliere-canton-geneve\\\/estimation-immobiliere-a-carouge\\\/\",\"url\":\"https:\\\/\\\/www.immobilierlocal.ch\\\/c\\\/estimation-immobiliere-canton-geneve\\\/estimation-immobiliere-a-carouge\\\/\",\"name\":\"Estimation immobili\u00e8re \u00e0 Carouge GE - Immobilierlocal\",\"isPartOf\":{\"@id\":\"https:\\\/\\\/www.immobilierlocal.ch\\\/c\\\/#website\"},\"primaryImageOfPage\":{\"@id\":\"https:\\\/\\\/www.immobilierlocal.ch\\\/c\\\/estimation-immobiliere-canton-geneve\\\/estimation-immobiliere-a-carouge\\\/#primaryimage\"},\"image\":{\"@id\":\"https:\\\/\\\/www.immobilierlocal.ch\\\/c\\\/estimation-immobiliere-canton-geneve\\\/estimation-immobiliere-a-carouge\\\/#primaryimage\"},\"thumbnailUrl\":\"https:\\\/\\\/www.immobilierlocal.ch\\\/c\\\/wp-content\\\/uploads\\\/2023\\\/10\\\/estimation-immobiliere-a-carouge-scaled.jpg\",\"datePublished\":\"2023-10-19T08:33:49+00:00\",\"dateModified\":\"2024-08-05T18:19:49+00:00\",\"breadcrumb\":{\"@id\":\"https:\\\/\\\/www.immobilierlocal.ch\\\/c\\\/estimation-immobiliere-canton-geneve\\\/estimation-immobiliere-a-carouge\\\/#breadcrumb\"},\"inLanguage\":\"fr-FR\",\"potentialAction\":[{\"@type\":\"ReadAction\",\"target\":[\"https:\\\/\\\/www.immobilierlocal.ch\\\/c\\\/estimation-immobiliere-canton-geneve\\\/estimation-immobiliere-a-carouge\\\/\"]}]},{\"@type\":\"ImageObject\",\"inLanguage\":\"fr-FR\",\"@id\":\"https:\\\/\\\/www.immobilierlocal.ch\\\/c\\\/estimation-immobiliere-canton-geneve\\\/estimation-immobiliere-a-carouge\\\/#primaryimage\",\"url\":\"https:\\\/\\\/www.immobilierlocal.ch\\\/c\\\/wp-content\\\/uploads\\\/2023\\\/10\\\/estimation-immobiliere-a-carouge-scaled.jpg\",\"contentUrl\":\"https:\\\/\\\/www.immobilierlocal.ch\\\/c\\\/wp-content\\\/uploads\\\/2023\\\/10\\\/estimation-immobiliere-a-carouge-scaled.jpg\",\"width\":2560,\"height\":817,\"caption\":\"Estimation immobili\u00e8re \u00e0 Carouge GE\"},{\"@type\":\"BreadcrumbList\",\"@id\":\"https:\\\/\\\/www.immobilierlocal.ch\\\/c\\\/estimation-immobiliere-canton-geneve\\\/estimation-immobiliere-a-carouge\\\/#breadcrumb\",\"itemListElement\":[{\"@type\":\"ListItem\",\"position\":1,\"name\":\"Accueil\",\"item\":\"https:\\\/\\\/www.immobilierlocal.ch\\\/c\\\/\"},{\"@type\":\"ListItem\",\"position\":2,\"name\":\"Estimation immobili\u00e8re dans le canton de Gen\u00e8ve\",\"item\":\"https:\\\/\\\/www.immobilierlocal.ch\\\/c\\\/estimation-immobiliere-canton-geneve\\\/\"},{\"@type\":\"ListItem\",\"position\":3,\"name\":\"Estimation immobili\u00e8re \u00e0 Carouge\"}]},{\"@type\":\"WebSite\",\"@id\":\"https:\\\/\\\/www.immobilierlocal.ch\\\/c\\\/#website\",\"url\":\"https:\\\/\\\/www.immobilierlocal.ch\\\/c\\\/\",\"name\":\"Immobilierlocal\",\"description\":\"\",\"publisher\":{\"@id\":\"https:\\\/\\\/www.immobilierlocal.ch\\\/c\\\/#organization\"},\"potentialAction\":[{\"@type\":\"SearchAction\",\"target\":{\"@type\":\"EntryPoint\",\"urlTemplate\":\"https:\\\/\\\/www.immobilierlocal.ch\\\/c\\\/?s={search_term_string}\"},\"query-input\":{\"@type\":\"PropertyValueSpecification\",\"valueRequired\":true,\"valueName\":\"search_term_string\"}}],\"inLanguage\":\"fr-FR\"},{\"@type\":\"Organization\",\"@id\":\"https:\\\/\\\/www.immobilierlocal.ch\\\/c\\\/#organization\",\"name\":\"Immobilierlocal\",\"url\":\"https:\\\/\\\/www.immobilierlocal.ch\\\/c\\\/\",\"logo\":{\"@type\":\"ImageObject\",\"inLanguage\":\"fr-FR\",\"@id\":\"https:\\\/\\\/www.immobilierlocal.ch\\\/c\\\/#\\\/schema\\\/logo\\\/image\\\/\",\"url\":\"https:\\\/\\\/www.immobilierlocal.ch\\\/c\\\/wp-content\\\/uploads\\\/2023\\\/10\\\/logo-immobilierlocal-h.svg\",\"contentUrl\":\"https:\\\/\\\/www.immobilierlocal.ch\\\/c\\\/wp-content\\\/uploads\\\/2023\\\/10\\\/logo-immobilierlocal-h.svg\",\"caption\":\"Immobilierlocal\"},\"image\":{\"@id\":\"https:\\\/\\\/www.immobilierlocal.ch\\\/c\\\/#\\\/schema\\\/logo\\\/image\\\/\"}}]}<\/script>\n<!-- \/ Yoast SEO Premium plugin. -->","yoast_head_json":{"title":"Estimation immobili\u00e8re \u00e0 Carouge GE avril 2026 gratuite & rapide - Immobilierlocal","description":"D\u00e9couvrez le Prix moyen au m\u00b2 \u00e0 Carouge GE GE en avril 2026 \u2705 Estimation gratuite de votre bien \u2705 Derni\u00e8res \u00e9volutions du march\u00e9.","robots":{"index":"index","follow":"follow","max-snippet":"max-snippet:-1","max-image-preview":"max-image-preview:large","max-video-preview":"max-video-preview:-1"},"canonical":"https:\/\/www.immobilierlocal.ch\/c\/estimation-immobiliere-canton-geneve\/estimation-immobiliere-a-carouge\/","og_locale":"fr_FR","og_type":"article","og_title":"Estimation immobili\u00e8re \u00e0 Carouge GE avril 2026 gratuite & rapide","og_description":"D\u00e9couvrez le Prix moyen au m\u00b2 \u00e0 Carouge GE GE en avril 2026 \u2705 Estimation gratuite de votre bien \u2705 Derni\u00e8res \u00e9volutions du march\u00e9.","og_url":"https:\/\/www.immobilierlocal.ch\/c\/estimation-immobiliere-canton-geneve\/estimation-immobiliere-a-carouge\/","og_site_name":"Immobilierlocal","article_modified_time":"2024-08-05T18:19:49+00:00","og_image":[{"width":2560,"height":817,"url":"https:\/\/www.immobilierlocal.ch\/c\/wp-content\/uploads\/2023\/10\/estimation-immobiliere-a-carouge-scaled.jpg","type":"image\/jpeg"}],"twitter_card":"summary_large_image","twitter_misc":{"Dur\u00e9e de lecture estim\u00e9e":"7 minutes"},"schema":{"@context":"https:\/\/schema.org","@graph":[{"@type":"WebPage","@id":"https:\/\/www.immobilierlocal.ch\/c\/estimation-immobiliere-canton-geneve\/estimation-immobiliere-a-carouge\/","url":"https:\/\/www.immobilierlocal.ch\/c\/estimation-immobiliere-canton-geneve\/estimation-immobiliere-a-carouge\/","name":"Estimation immobili\u00e8re \u00e0 Carouge GE - Immobilierlocal","isPartOf":{"@id":"https:\/\/www.immobilierlocal.ch\/c\/#website"},"primaryImageOfPage":{"@id":"https:\/\/www.immobilierlocal.ch\/c\/estimation-immobiliere-canton-geneve\/estimation-immobiliere-a-carouge\/#primaryimage"},"image":{"@id":"https:\/\/www.immobilierlocal.ch\/c\/estimation-immobiliere-canton-geneve\/estimation-immobiliere-a-carouge\/#primaryimage"},"thumbnailUrl":"https:\/\/www.immobilierlocal.ch\/c\/wp-content\/uploads\/2023\/10\/estimation-immobiliere-a-carouge-scaled.jpg","datePublished":"2023-10-19T08:33:49+00:00","dateModified":"2024-08-05T18:19:49+00:00","breadcrumb":{"@id":"https:\/\/www.immobilierlocal.ch\/c\/estimation-immobiliere-canton-geneve\/estimation-immobiliere-a-carouge\/#breadcrumb"},"inLanguage":"fr-FR","potentialAction":[{"@type":"ReadAction","target":["https:\/\/www.immobilierlocal.ch\/c\/estimation-immobiliere-canton-geneve\/estimation-immobiliere-a-carouge\/"]}]},{"@type":"ImageObject","inLanguage":"fr-FR","@id":"https:\/\/www.immobilierlocal.ch\/c\/estimation-immobiliere-canton-geneve\/estimation-immobiliere-a-carouge\/#primaryimage","url":"https:\/\/www.immobilierlocal.ch\/c\/wp-content\/uploads\/2023\/10\/estimation-immobiliere-a-carouge-scaled.jpg","contentUrl":"https:\/\/www.immobilierlocal.ch\/c\/wp-content\/uploads\/2023\/10\/estimation-immobiliere-a-carouge-scaled.jpg","width":2560,"height":817,"caption":"Estimation immobili\u00e8re \u00e0 Carouge GE"},{"@type":"BreadcrumbList","@id":"https:\/\/www.immobilierlocal.ch\/c\/estimation-immobiliere-canton-geneve\/estimation-immobiliere-a-carouge\/#breadcrumb","itemListElement":[{"@type":"ListItem","position":1,"name":"Accueil","item":"https:\/\/www.immobilierlocal.ch\/c\/"},{"@type":"ListItem","position":2,"name":"Estimation immobili\u00e8re dans le canton de Gen\u00e8ve","item":"https:\/\/www.immobilierlocal.ch\/c\/estimation-immobiliere-canton-geneve\/"},{"@type":"ListItem","position":3,"name":"Estimation immobili\u00e8re \u00e0 Carouge"}]},{"@type":"WebSite","@id":"https:\/\/www.immobilierlocal.ch\/c\/#website","url":"https:\/\/www.immobilierlocal.ch\/c\/","name":"Immobilierlocal","description":"","publisher":{"@id":"https:\/\/www.immobilierlocal.ch\/c\/#organization"},"potentialAction":[{"@type":"SearchAction","target":{"@type":"EntryPoint","urlTemplate":"https:\/\/www.immobilierlocal.ch\/c\/?s={search_term_string}"},"query-input":{"@type":"PropertyValueSpecification","valueRequired":true,"valueName":"search_term_string"}}],"inLanguage":"fr-FR"},{"@type":"Organization","@id":"https:\/\/www.immobilierlocal.ch\/c\/#organization","name":"Immobilierlocal","url":"https:\/\/www.immobilierlocal.ch\/c\/","logo":{"@type":"ImageObject","inLanguage":"fr-FR","@id":"https:\/\/www.immobilierlocal.ch\/c\/#\/schema\/logo\/image\/","url":"https:\/\/www.immobilierlocal.ch\/c\/wp-content\/uploads\/2023\/10\/logo-immobilierlocal-h.svg","contentUrl":"https:\/\/www.immobilierlocal.ch\/c\/wp-content\/uploads\/2023\/10\/logo-immobilierlocal-h.svg","caption":"Immobilierlocal"},"image":{"@id":"https:\/\/www.immobilierlocal.ch\/c\/#\/schema\/logo\/image\/"}}]}},"_links":{"self":[{"href":"https:\/\/www.immobilierlocal.ch\/c\/wp-json\/wp\/v2\/pages\/211","targetHints":{"allow":["GET"]}}],"collection":[{"href":"https:\/\/www.immobilierlocal.ch\/c\/wp-json\/wp\/v2\/pages"}],"about":[{"href":"https:\/\/www.immobilierlocal.ch\/c\/wp-json\/wp\/v2\/types\/page"}],"author":[{"embeddable":true,"href":"https:\/\/www.immobilierlocal.ch\/c\/wp-json\/wp\/v2\/users\/3"}],"replies":[{"embeddable":true,"href":"https:\/\/www.immobilierlocal.ch\/c\/wp-json\/wp\/v2\/comments?post=211"}],"version-history":[{"count":0,"href":"https:\/\/www.immobilierlocal.ch\/c\/wp-json\/wp\/v2\/pages\/211\/revisions"}],"up":[{"embeddable":true,"href":"https:\/\/www.immobilierlocal.ch\/c\/wp-json\/wp\/v2\/pages\/148"}],"wp:featuredmedia":[{"embeddable":true,"href":"https:\/\/www.immobilierlocal.ch\/c\/wp-json\/wp\/v2\/media\/383"}],"wp:attachment":[{"href":"https:\/\/www.immobilierlocal.ch\/c\/wp-json\/wp\/v2\/media?parent=211"}],"wp:term":[{"taxonomy":"category","embeddable":true,"href":"https:\/\/www.immobilierlocal.ch\/c\/wp-json\/wp\/v2\/categories?post=211"},{"taxonomy":"profession","embeddable":true,"href":"https:\/\/www.immobilierlocal.ch\/c\/wp-json\/wp\/v2\/profession?post=211"},{"taxonomy":"location","embeddable":true,"href":"https:\/\/www.immobilierlocal.ch\/c\/wp-json\/wp\/v2\/location?post=211"},{"taxonomy":"canton","embeddable":true,"href":"https:\/\/www.immobilierlocal.ch\/c\/wp-json\/wp\/v2\/canton?post=211"}],"curies":[{"name":"wp","href":"https:\/\/api.w.org\/{rel}","templated":true}]}}