
{"id":158,"date":"2023-10-19T10:33:47","date_gmt":"2023-10-19T08:33:47","guid":{"rendered":"https:\/\/immobilierlocal.ch\/c\/158-2\/"},"modified":"2024-08-05T20:19:40","modified_gmt":"2024-08-05T18:19:40","slug":"estimation-immobiliere-broc","status":"publish","type":"page","link":"https:\/\/www.immobilierlocal.ch\/c\/estimation-immobiliere-canton-fribourg\/estimation-immobiliere-broc\/","title":{"rendered":"Estimation immobili\u00e8re \u00e0 Broc"},"content":{"rendered":"<p>Profitez d&rsquo;une appr&eacute;ciation en ligne gratuite et fiable &agrave; Broc. En cas de besoin, un expert se rendra chez vous pour proc&eacute;der &agrave; une &eacute;valuation plus pr&eacute;cise de votre propri&eacute;t&eacute;. Mettez en vente ou acqu&eacute;rez votre bien immobilier au meilleur prix, en toute confiance avec Immobilierlocal.<\/p>\n\n<h2>Derni&egrave;res estimations &agrave; Broc par secteur<\/h2>\n<div class=\"estimates-lastest\"><ul><li>Pour un appartement 5 pi\u00e8ces \u00e0 Broc, surface pond\u00e9r\u00e9e (m\u00b2) : 110, orientation Sud-Est\/Ouest, avec balcon, transports fr\u00e9quence r\u00e9guli\u00e8re, avec parking, commodit\u00e9s et \u00e9coles nombreuses, situation ordinaire, CHF 7'609 \/ m\u00b2<\/li><li>Pour un appartement 6.5 pi\u00e8ces \u00e0 Broc, surface pond\u00e9r\u00e9e (m\u00b2) : 120, orientation Sud-Est\/Ouest, sans balcon, transports fr\u00e9quence limit\u00e9e, sans parking, commodit\u00e9s et \u00e9coles limit\u00e9es, situation ordinaire, CHF 6'919 \/ m\u00b2<\/li><li>Pour un appartement 5.5 pi\u00e8ces \u00e0 Broc, surface pond\u00e9r\u00e9e (m\u00b2) : 120, orientation Sud-Est\/Ouest, avec balcon, transports fr\u00e9quence r\u00e9guli\u00e8re, avec parking, commodit\u00e9s et \u00e9coles nombreuses, situation ordinaire, CHF 6'892 \/ m\u00b2<\/li><\/ul><\/div>\n<h2>Estimation des prix des maisons &agrave; Broc par nombre de pi&egrave;ces<\/h2>\n<div class=\"estimates-room\"><ul><li>Pour une maison 6 pi\u00e8ces \u00e0 Broc, volume (m\u00b3) : 720 et terrain (m\u00b2) : 1100, transports fr\u00e9quence r\u00e9guli\u00e8re, commodit\u00e9s et \u00e9coles nombreuses, situation ordinaire, CHF 9'003 \/ m\u00b2<\/li><li>Pour une maison 5 pi\u00e8ces \u00e0 Broc, volume (m\u00b3) : 607.5 et terrain (m\u00b2) : 350, transports fr\u00e9quence limit\u00e9e, commodit\u00e9s et \u00e9coles limit\u00e9es, situation ordinaire, CHF 6'699 \/ m\u00b2<\/li><li>Pour une maison 6.5 pi\u00e8ces \u00e0 Broc, volume (m\u00b3) : 945 et terrain (m\u00b2) : 1100, transports fr\u00e9quence r\u00e9guli\u00e8re, commodit\u00e9s et \u00e9coles nombreuses, situation privil\u00e9gi\u00e9e, CHF 7'806 \/ m\u00b2<\/li><\/ul><\/div><div class=\"iframe-text\">Estimer maintenant votre bien immobilier<\/div><iframe id=\"estimer\" src=\"https:\/\/www.immobilierlocal.ch\/estimer?iframe=1\" frameborder=\"0\" loading=\"lazy\" width=\"100%\" height=\"1000\" style=\"overflow-x:hidden;\" referrerpolicy=\"no-referrer-when-downgrade\" title=\"Estimation immobili\u00e8re\"><\/iframe>\n<h2>Comment savoir le prix de son bien immobilier &agrave; Broc ?<\/h2>\n<h3>1. &Eacute;valuation gratuite de votre maison &agrave; Broc en ligne avec notre agence Immobilierlocal<\/h3>\n<p>\nGagnez un temps pr&eacute;cieux et effectuez une &eacute;valuation de la valeur de votre propri&eacute;t&eacute; immobili&egrave;re avec notre outil d&rsquo;estimation.<\/p>\n<p>Vous devez nous fournir votre adresse et les d&eacute;tails de votre maison, comme :\n<\/p>\n<ul>\n<li>L&rsquo;environnement de la maison (acc&egrave;s aux services de transport, vis &agrave; vis, pr&eacute;sence des commerces&#8230;).<\/li>\n<li>L&rsquo;orientation et l&rsquo;exposition de la maison.<\/li>\n<li>Le nombre de pi&egrave;ces.<\/li>\n<li>La surface habitable.<\/li>\n<li>La surface du terrain.<\/li>\n<li>L&rsquo;ann&eacute;e de construction.<\/li>\n<li>L&rsquo;&eacute;tat g&eacute;n&eacute;ral de votre maison.<\/li>\n<li>Les travaux effectu&eacute;s dans votre maison et leur ann&eacute;e.<\/li>\n<\/ul>\n<h3>2. &Eacute;valuation gratuite de votre appartement &agrave; Broc sur internet avec Immobilierlocal<\/h3>\n<p>\nPour obtenir la valeur immobili&egrave;re de votre appartement &agrave; Broc, utilisez notre outil en ligne d&rsquo;&eacute;valuation immobili&egrave;re. En quelques minutes vous aurez connaissance du prix de vente de votre appartement.<\/p>\n<p>Afin d&rsquo;obtenir une &eacute;valuation pr&eacute;cise, vous devrez nous indiquer les d&eacute;tails de votre logement, apr&egrave;s avoir ins&eacute;r&eacute; votre adresse, comme :\n<\/p>\n<ul>\n<li>La situation (environnement, vue et transports).<\/li>\n<li>L&rsquo;orientation.<\/li>\n<li>Le nombre de pi&egrave;ces.<\/li>\n<li>Les surfaces (habitable, balcon et cave).<\/li>\n<li>La pr&eacute;sence d&rsquo;un ou plusieurs parkings.<\/li>\n<li>Date de construction.<\/li>\n<li>L&rsquo;&eacute;tat g&eacute;n&eacute;ral.<\/li>\n<li>L&rsquo;ann&eacute;e et le co&ucirc;t des derni&egrave;res r&eacute;novations.<\/li>\n<li>Le montant du &laquo;fonds de r&eacute;novation PPE&raquo;.<\/li>\n<\/ul>\n<h3>3. R&eacute;aliser une &eacute;valuation immobili&egrave;re de sa demeure par un agent immobilier &agrave; Broc<\/h3>\n<p>\nNos experts situ&eacute;s &agrave; Broc se d&eacute;placent chez vous pour effectuer une estimation de votre appartement ou de votre maison. En examinant certains dossiers tels que le registre foncier, les plans d&rsquo;architecte et le plan cadastral, ils vous procurent une estimation pr&eacute;cise et compl&egrave;te.<\/p>\n<p>Pour r&eacute;aliser notre &eacute;valuation, nous consid&eacute;rons &eacute;galement l&rsquo;&eacute;tat du march&eacute; immobilier actuel &agrave; Broc. Nous serons &agrave; vos c&ocirc;t&eacute;s pour vous donner certains conseils afin de valoriser au mieux votre propri&eacute;t&eacute; &agrave; Broc.<\/p>\n<p>Recevez d&egrave;s maintenant une &eacute;valuation pr&eacute;cise et sans engagement de votre bien avec Immobilierlocal.\n<\/p>\n<h3>4. Est-il pertinent d&rsquo;analyser les biens similaires en vente &agrave; Broc ?<\/h3>\n<p>\nOui, il est pertinent d&rsquo;inspecter les biens semblables, comparer votre propri&eacute;t&eacute; avec les annonces immobili&egrave;res &agrave; Broc vous permet d&rsquo;obtenir une fourchette rapide de la valorisation de votre propri&eacute;t&eacute;.\n<\/p>\n<h2>Comment vendre son bien immobilier au meilleur prix &agrave; Broc ?<\/h2>\n<p>\nAvec Immobilierlocal, vous confiez la vente de votre propri&eacute;t&eacute; &agrave; des professionnels de l&rsquo;immobilier ! Vous avez la garantie d&rsquo;une vente rapide au meilleur prix.\n<\/p>\n<h3>1. Pourquoi faire confiance &agrave; un sp&eacute;cialiste comme Immobilierlocal ?<\/h3>\n<p>\nImmobilierlocal vous met en contact avec un expert dans le secteur de Broc.\n<\/p>\n<h3>2. Obtenez une &eacute;valuation pr&eacute;cise et qui prend en compte la situation immobili&egrave;re actuelle<\/h3>\n<p>\nNotre agence Immobilierlocal r&eacute;f&eacute;rence toutes les propri&eacute;t&eacute;s en vente &agrave; Broc ainsi que tous les biens qui ont derni&egrave;rement &eacute;t&eacute; vendus. Cela nous permet d&rsquo;avoir une analyse tr&egrave;s fine du march&eacute; immobilier, et de vous pr&eacute;senter le bon prix de vente.\n<\/p>\n<h3>3. Mettez en valeur votre propri&eacute;t&eacute;<\/h3>\n<p>\nL&rsquo;agence Immobilierlocal et ses partenaires r&eacute;alisent des s&eacute;ances photo pour mettre en avant les atouts de votre propri&eacute;t&eacute;.\n<\/p>\n<h3>4. Assurez-vous que votre annonce immobili&egrave;re soit visible sur internet<\/h3>\n<p>\nImmobilierlocal et ses partenaires vous offrent la possibilit&eacute; de diffuser votre annonce sur nos nombreux sites web sp&eacute;cialis&eacute;s dans l&rsquo;immobilier pour la montrer &agrave; un maximum de personnes.\n<\/p>\n<h3>5. S&eacute;lectionnez la meilleure offre<\/h3>\n<p>\nNous trions l&rsquo;ensemble des offres que nous recevons dans le but de vous pr&eacute;senter uniquement celles qui pourraient vous int&eacute;resser.\n<\/p>\n<h3>6. N&eacute;gociez le meilleur prix<\/h3>\n<p>\nNotre sp&eacute;cialiste recense tous les documents et les informations possibles pour vous mettre en position de force afin de le vendre le plus cher possible, voici la liste des documents n&eacute;cessaires :\n<\/p>\n<ul>\n<li>Les r&eacute;novations effectu&eacute;es et les factures associ&eacute;es,<\/li>\n<li>les plans architecturaux,<\/li>\n<li>les avantages environnementaux,<\/li>\n<li>Le d&eacute;veloppement &eacute;conomique r&eacute;gional.<\/li>\n<\/ul>\n<h2>Quelles sont les tendances du march&eacute; immobilier &agrave; Broc ?<\/h2>\n<h3>Estimation du prix de vente des maisons &agrave; Broc<\/h3>\n<p class=\"estimates-house-range\">Les prix des maisons \u00e0 Broc varient de CHF 904'401 \u00e0 CHF 1'639'354 en moyenne.<\/p>\n<h3>&Eacute;valuation du prix de vente des appartements &agrave; Broc<\/h3>\n<p class=\"estimates-house-range\">Les prix des appartements \u00e0 Broc varient de CHF 830'338 \u00e0 CHF 875'081 en moyenne.<\/p>\n<h3>&Eacute;valuation de la valeur des terrains &agrave; Broc<\/h3>\n<p class=\"estimates-land\">Les prix moyens des terrains \u00e0 Broc sont de CHF 671 \/ m\u00b2 (prix par m\u00e8tre carr\u00e9).<\/p>\n<h2>Questions fr&eacute;quentes sur l&rsquo;estimation immobili&egrave;re<\/h2>\n<h3>Combien co&ucirc;te une &eacute;valuation immobili&egrave;re &agrave; Broc ?<\/h3>\n<p>\nLe tarif d&rsquo;une estimation immobili&egrave;re &agrave; Broc &eacute;volue selon la nature du bien. Que vous vendiez un logement de luxe ou une maison plus classique, les frais peuvent aller de CHF 150 &agrave; CHF 1&rsquo;500.<\/p>\n<p>Maintenant, si vous faites appel &agrave; l&rsquo;agence Immobilierlocal, vous b&eacute;n&eacute;ficiez d&rsquo;une &eacute;valuation gratuite en ligne de votre bien, sans engagement de votre part. De plus, notre logiciel d&rsquo;estimation en ligne est totalement gratuit et vous assure une des meilleures estimations en ligne du march&eacute;. Notre r&eacute;sultat tient compte des indicateurs &eacute;conomiques du moment, ainsi que du la situation conjoncturelle suisse.\n<\/p>\n<h3>Qui peut estimer un bien immobilier &agrave; Broc ?<\/h3>\n<p>\nSi vous d&eacute;sirez avoir une &eacute;valuation plus pr&eacute;cise, il sera n&eacute;cessaire de faire appel &agrave; un sp&eacute;cialiste qui se rend &agrave; votre domicile pour &eacute;tudier votre logement. Cette personne peut &ecirc;tre un agent immobilier, un architecte ou vous pouvez aussi regarder avec votre banque.\n<\/p>\n<h3>Comment se d&eacute;roule l&rsquo;&eacute;valuation d&rsquo;un bien &agrave; Broc ?<\/h3>\n<ol>\n<li>Premi&egrave;rement : l&rsquo;expert se d&eacute;place &agrave; votre domicile pour proc&eacute;der &agrave; une visite approfondie de votre demeure.<\/li>\n<li>Par la suite : il regarde les documents en lien avec l&rsquo;achat et l&rsquo;entretien de votre demeure.<\/li>\n<li>Il r&eacute;alise une analyse compl&egrave;te de la situation immobili&egrave;re en comparant votre bien aux autres biens actuellement en vente et en examinant les prix des ventes pass&eacute;es &agrave; Broc.<\/li>\n<li>Enfin, il vous remettra un examen complet ainsi qu&rsquo;une estimation pr&eacute;cise de la valeur de votre bien immobilier.<\/li>\n<\/ol>\n<h3>Comment obtenir une &eacute;valuation de son bien gratuitement &agrave; Broc<\/h3>\n<p>\nUtilisez le logiciel d&rsquo;&eacute;valuation 100% gratuit de notre agence Immobilierlocal ! Vous pouvez aussi faire appel &agrave; nos experts de l&rsquo;immobilier pour une estimation.\n<\/p>\n<h3>Quels sont les diff&eacute;rents param&egrave;tres qui peuvent faire varier le prix de vente de ma propri&eacute;t&eacute; &agrave; Broc ?<\/h3>\n<p>\nIl y a plusieurs crit&egrave;res qui influent sur la valeur d&rsquo;un bien immobilier &agrave; Broc. Voici les facteurs les plus importants :\n<\/p>\n<ul>\n<li>l&rsquo;attrait touristique de la ville,<\/li>\n<li>l&rsquo;activit&eacute; &eacute;conomique de la r&eacute;gion,<\/li>\n<li>le rapport entre le nombre de vendeurs et d&rsquo;acqu&eacute;reurs,<\/li>\n<li>la proximit&eacute; des commodit&eacute;s.<\/li>\n<\/ul>\n<h3>Comment augmenter la valeur de ma maison et de mon appartement ?<\/h3>\n<p>\nPour faire &eacute;voluer le prix de vente de votre bien immobilier, voici quelques recommandations &agrave; ne pas n&eacute;gliger :\n<\/p>\n<ul>\n<li>Assurez-vous que votre bien soit impeccable.<\/li>\n<li>Assurez-vous de ranger l&rsquo;ensemble de vos pi&egrave;ces et organisez l&rsquo;espace pour permettre aux visiteurs de pouvoir se projeter.<\/li>\n<li>Accentuez les points forts de votre habitation.<\/li>\n<li>Si vous avez une maison, mettez en valeur le terrain.<\/li>\n<\/ul>\n<h3>Quelle attitude &agrave; avoir vis-&agrave;-vis d&rsquo;un potentiel acheteur ?<\/h3>\n<ul>\n<li>Parlez-lui des diff&eacute;rents atouts de votre bien.<\/li>\n<li>R&eacute;pondez &agrave; ses questions pr&eacute;cis&eacute;ment et honn&ecirc;tement.<\/li>\n<li>Soyez &agrave; l&rsquo;&eacute;coute de l&rsquo;acheteur et ne cherchez pas &agrave; le contredire.<\/li>\n<\/ul>\n<h3>Quels sont les documents &agrave; avoir pour &eacute;valuer mon bien immobilier ?<\/h3>\n<ul>\n<li>Police assurance incendie compl&egrave;te<\/li>\n<li>Plan de niveau (si disponible)<\/li>\n<li>Travaux, factures (si disponible)<\/li>\n<li>Registre foncier (si disponible)<\/li>\n<li>Cadastre (si disponible)<\/li>\n<li>Descriptif de construction (si disponible)<\/li>\n<li>&Eacute;ventuellement : plan d&rsquo;affectation et le r&egrave;glement de construction<\/li>\n<\/ul>\n<p>\nPour les objets en PPE :\n<\/p>\n<ul>\n<li>Police assurance incendie compl&egrave;te de l&rsquo;immeuble (&agrave; demander &agrave; l&rsquo;administrateur)<\/li>\n<li>R&egrave;glement PPE<\/li>\n<li>Comptes PPE (3 derni&egrave;res ann&eacute;es)<\/li>\n<\/ul>\n<p>Estimation similaire dans les villes proches, comme : <br \/> Maules, S\u00e2les (Gruy\u00e8re), Romanens, Rueyres-Treyfayes, Treyfayes, Vaulruz, Vuadens, Bulle, Riaz, Marsens, Vuippens, La Roche FR, La Tour-de-Tr\u00eame, Charmey (Gruy\u00e8re), Morlon, Sorens, Gumefens, Avry-devant-Pont, Le Bry, Echarlens, Corbi\u00e8res, Hauteville, Pont-la-Ville, Villarvolard, Botterens, Villarbeney, Ch\u00e2tel-sur-Montsalvens, Cr\u00e9suz, Im Fang, Jaun, Abl\u00e4ndschen, Le P\u00e2quier-Montbarry, Epagny, Gruy\u00e8res, Mol\u00e9son-sur-Gruy\u00e8res, Pringy, Estavannens, Grandvillard, Villars-sous-Mont, Enney, Albeuve, Lessoc, Montbovon, Neirivue, Les Sciernes-d'Albeuve.<\/p>\n","protected":false},"excerpt":{"rendered":"<p>Profitez d&rsquo;une appr&eacute;ciation en ligne gratuite et fiable &agrave; Broc. En cas de besoin, un expert se rendra chez vous pour proc&eacute;der &agrave; une &eacute;valuation plus pr&eacute;cise de votre propri&eacute;t&eacute;. Mettez en vente ou acqu&eacute;rez votre bien immobilier au meilleur prix, en toute confiance avec Immobilierlocal. Derni&egrave;res estimations &agrave; Broc par secteur Estimation des prix [&hellip;]<\/p>\n","protected":false},"author":3,"featured_media":412,"parent":157,"menu_order":0,"comment_status":"closed","ping_status":"closed","template":"","meta":{"footnotes":""},"categories":[6],"profession":[],"location":[61],"canton":[],"class_list":["post-158","page","type-page","status-publish","has-post-thumbnail","hentry","category-estimation"],"yoast_head":"<!-- This site is optimized with the Yoast SEO Premium plugin v23.0 (Yoast SEO v27.3) - https:\/\/yoast.com\/product\/yoast-seo-premium-wordpress\/ -->\n<title>Estimation immobili\u00e8re \u00e0 Broc avril 2026 gratuite &amp; rapide - Immobilierlocal<\/title>\n<meta name=\"description\" content=\"D\u00e9couvrez le Prix moyen au m\u00b2 \u00e0 Broc en avril 2026 \u2705 Estimation gratuite de votre bien \u2705 Derni\u00e8res \u00e9volutions du march\u00e9.\" \/>\n<meta name=\"robots\" content=\"index, follow, max-snippet:-1, max-image-preview:large, max-video-preview:-1\" \/>\n<link rel=\"canonical\" href=\"https:\/\/www.immobilierlocal.ch\/c\/estimation-immobiliere-canton-fribourg\/estimation-immobiliere-broc\/\" \/>\n<meta property=\"og:locale\" content=\"fr_FR\" \/>\n<meta property=\"og:type\" content=\"article\" \/>\n<meta property=\"og:title\" content=\"Estimation immobili\u00e8re \u00e0 Broc avril 2026 gratuite &amp; rapide\" \/>\n<meta property=\"og:description\" content=\"D\u00e9couvrez le Prix moyen au m\u00b2 \u00e0 Broc en avril 2026 \u2705 Estimation gratuite de votre bien \u2705 Derni\u00e8res \u00e9volutions du march\u00e9.\" \/>\n<meta property=\"og:url\" content=\"https:\/\/www.immobilierlocal.ch\/c\/estimation-immobiliere-canton-fribourg\/estimation-immobiliere-broc\/\" \/>\n<meta property=\"og:site_name\" content=\"Immobilierlocal\" \/>\n<meta property=\"article:modified_time\" content=\"2024-08-05T18:19:40+00:00\" \/>\n<meta property=\"og:image\" content=\"https:\/\/www.immobilierlocal.ch\/c\/wp-content\/uploads\/2023\/10\/estimation-immobiliere-a-aubonne-scaled.jpg\" \/>\n\t<meta property=\"og:image:width\" content=\"2560\" \/>\n\t<meta property=\"og:image:height\" content=\"817\" \/>\n\t<meta property=\"og:image:type\" content=\"image\/jpeg\" \/>\n<meta name=\"twitter:card\" content=\"summary_large_image\" \/>\n<meta name=\"twitter:label1\" content=\"Dur\u00e9e de lecture estim\u00e9e\" \/>\n\t<meta name=\"twitter:data1\" content=\"7 minutes\" \/>\n<script type=\"application\/ld+json\" class=\"yoast-schema-graph\">{\"@context\":\"https:\\\/\\\/schema.org\",\"@graph\":[{\"@type\":\"WebPage\",\"@id\":\"https:\\\/\\\/www.immobilierlocal.ch\\\/c\\\/estimation-immobiliere-canton-fribourg\\\/estimation-immobiliere-broc\\\/\",\"url\":\"https:\\\/\\\/www.immobilierlocal.ch\\\/c\\\/estimation-immobiliere-canton-fribourg\\\/estimation-immobiliere-broc\\\/\",\"name\":\"Estimation immobili\u00e8re \u00e0 Broc - Immobilierlocal\",\"isPartOf\":{\"@id\":\"https:\\\/\\\/www.immobilierlocal.ch\\\/c\\\/#website\"},\"primaryImageOfPage\":{\"@id\":\"https:\\\/\\\/www.immobilierlocal.ch\\\/c\\\/estimation-immobiliere-canton-fribourg\\\/estimation-immobiliere-broc\\\/#primaryimage\"},\"image\":{\"@id\":\"https:\\\/\\\/www.immobilierlocal.ch\\\/c\\\/estimation-immobiliere-canton-fribourg\\\/estimation-immobiliere-broc\\\/#primaryimage\"},\"thumbnailUrl\":\"https:\\\/\\\/www.immobilierlocal.ch\\\/c\\\/wp-content\\\/uploads\\\/2023\\\/10\\\/estimation-immobiliere-a-aubonne-scaled.jpg\",\"datePublished\":\"2023-10-19T08:33:47+00:00\",\"dateModified\":\"2024-08-05T18:19:40+00:00\",\"breadcrumb\":{\"@id\":\"https:\\\/\\\/www.immobilierlocal.ch\\\/c\\\/estimation-immobiliere-canton-fribourg\\\/estimation-immobiliere-broc\\\/#breadcrumb\"},\"inLanguage\":\"fr-FR\",\"potentialAction\":[{\"@type\":\"ReadAction\",\"target\":[\"https:\\\/\\\/www.immobilierlocal.ch\\\/c\\\/estimation-immobiliere-canton-fribourg\\\/estimation-immobiliere-broc\\\/\"]}]},{\"@type\":\"ImageObject\",\"inLanguage\":\"fr-FR\",\"@id\":\"https:\\\/\\\/www.immobilierlocal.ch\\\/c\\\/estimation-immobiliere-canton-fribourg\\\/estimation-immobiliere-broc\\\/#primaryimage\",\"url\":\"https:\\\/\\\/www.immobilierlocal.ch\\\/c\\\/wp-content\\\/uploads\\\/2023\\\/10\\\/estimation-immobiliere-a-aubonne-scaled.jpg\",\"contentUrl\":\"https:\\\/\\\/www.immobilierlocal.ch\\\/c\\\/wp-content\\\/uploads\\\/2023\\\/10\\\/estimation-immobiliere-a-aubonne-scaled.jpg\",\"width\":2560,\"height\":817,\"caption\":\"Estimation immobili\u00e8re \u00e0 Aubonne\"},{\"@type\":\"BreadcrumbList\",\"@id\":\"https:\\\/\\\/www.immobilierlocal.ch\\\/c\\\/estimation-immobiliere-canton-fribourg\\\/estimation-immobiliere-broc\\\/#breadcrumb\",\"itemListElement\":[{\"@type\":\"ListItem\",\"position\":1,\"name\":\"Accueil\",\"item\":\"https:\\\/\\\/www.immobilierlocal.ch\\\/c\\\/\"},{\"@type\":\"ListItem\",\"position\":2,\"name\":\"Estimation immobili\u00e8re dans le canton de Fribourg\",\"item\":\"https:\\\/\\\/www.immobilierlocal.ch\\\/c\\\/estimation-immobiliere-canton-fribourg\\\/\"},{\"@type\":\"ListItem\",\"position\":3,\"name\":\"Estimation immobili\u00e8re \u00e0 Broc\"}]},{\"@type\":\"WebSite\",\"@id\":\"https:\\\/\\\/www.immobilierlocal.ch\\\/c\\\/#website\",\"url\":\"https:\\\/\\\/www.immobilierlocal.ch\\\/c\\\/\",\"name\":\"Immobilierlocal\",\"description\":\"\",\"publisher\":{\"@id\":\"https:\\\/\\\/www.immobilierlocal.ch\\\/c\\\/#organization\"},\"potentialAction\":[{\"@type\":\"SearchAction\",\"target\":{\"@type\":\"EntryPoint\",\"urlTemplate\":\"https:\\\/\\\/www.immobilierlocal.ch\\\/c\\\/?s={search_term_string}\"},\"query-input\":{\"@type\":\"PropertyValueSpecification\",\"valueRequired\":true,\"valueName\":\"search_term_string\"}}],\"inLanguage\":\"fr-FR\"},{\"@type\":\"Organization\",\"@id\":\"https:\\\/\\\/www.immobilierlocal.ch\\\/c\\\/#organization\",\"name\":\"Immobilierlocal\",\"url\":\"https:\\\/\\\/www.immobilierlocal.ch\\\/c\\\/\",\"logo\":{\"@type\":\"ImageObject\",\"inLanguage\":\"fr-FR\",\"@id\":\"https:\\\/\\\/www.immobilierlocal.ch\\\/c\\\/#\\\/schema\\\/logo\\\/image\\\/\",\"url\":\"https:\\\/\\\/www.immobilierlocal.ch\\\/c\\\/wp-content\\\/uploads\\\/2023\\\/10\\\/logo-immobilierlocal-h.svg\",\"contentUrl\":\"https:\\\/\\\/www.immobilierlocal.ch\\\/c\\\/wp-content\\\/uploads\\\/2023\\\/10\\\/logo-immobilierlocal-h.svg\",\"caption\":\"Immobilierlocal\"},\"image\":{\"@id\":\"https:\\\/\\\/www.immobilierlocal.ch\\\/c\\\/#\\\/schema\\\/logo\\\/image\\\/\"}}]}<\/script>\n<!-- \/ Yoast SEO Premium plugin. -->","yoast_head_json":{"title":"Estimation immobili\u00e8re \u00e0 Broc avril 2026 gratuite & rapide - Immobilierlocal","description":"D\u00e9couvrez le Prix moyen au m\u00b2 \u00e0 Broc en avril 2026 \u2705 Estimation gratuite de votre bien \u2705 Derni\u00e8res \u00e9volutions du march\u00e9.","robots":{"index":"index","follow":"follow","max-snippet":"max-snippet:-1","max-image-preview":"max-image-preview:large","max-video-preview":"max-video-preview:-1"},"canonical":"https:\/\/www.immobilierlocal.ch\/c\/estimation-immobiliere-canton-fribourg\/estimation-immobiliere-broc\/","og_locale":"fr_FR","og_type":"article","og_title":"Estimation immobili\u00e8re \u00e0 Broc avril 2026 gratuite & rapide","og_description":"D\u00e9couvrez le Prix moyen au m\u00b2 \u00e0 Broc en avril 2026 \u2705 Estimation gratuite de votre bien \u2705 Derni\u00e8res \u00e9volutions du march\u00e9.","og_url":"https:\/\/www.immobilierlocal.ch\/c\/estimation-immobiliere-canton-fribourg\/estimation-immobiliere-broc\/","og_site_name":"Immobilierlocal","article_modified_time":"2024-08-05T18:19:40+00:00","og_image":[{"width":2560,"height":817,"url":"https:\/\/www.immobilierlocal.ch\/c\/wp-content\/uploads\/2023\/10\/estimation-immobiliere-a-aubonne-scaled.jpg","type":"image\/jpeg"}],"twitter_card":"summary_large_image","twitter_misc":{"Dur\u00e9e de lecture estim\u00e9e":"7 minutes"},"schema":{"@context":"https:\/\/schema.org","@graph":[{"@type":"WebPage","@id":"https:\/\/www.immobilierlocal.ch\/c\/estimation-immobiliere-canton-fribourg\/estimation-immobiliere-broc\/","url":"https:\/\/www.immobilierlocal.ch\/c\/estimation-immobiliere-canton-fribourg\/estimation-immobiliere-broc\/","name":"Estimation immobili\u00e8re \u00e0 Broc - Immobilierlocal","isPartOf":{"@id":"https:\/\/www.immobilierlocal.ch\/c\/#website"},"primaryImageOfPage":{"@id":"https:\/\/www.immobilierlocal.ch\/c\/estimation-immobiliere-canton-fribourg\/estimation-immobiliere-broc\/#primaryimage"},"image":{"@id":"https:\/\/www.immobilierlocal.ch\/c\/estimation-immobiliere-canton-fribourg\/estimation-immobiliere-broc\/#primaryimage"},"thumbnailUrl":"https:\/\/www.immobilierlocal.ch\/c\/wp-content\/uploads\/2023\/10\/estimation-immobiliere-a-aubonne-scaled.jpg","datePublished":"2023-10-19T08:33:47+00:00","dateModified":"2024-08-05T18:19:40+00:00","breadcrumb":{"@id":"https:\/\/www.immobilierlocal.ch\/c\/estimation-immobiliere-canton-fribourg\/estimation-immobiliere-broc\/#breadcrumb"},"inLanguage":"fr-FR","potentialAction":[{"@type":"ReadAction","target":["https:\/\/www.immobilierlocal.ch\/c\/estimation-immobiliere-canton-fribourg\/estimation-immobiliere-broc\/"]}]},{"@type":"ImageObject","inLanguage":"fr-FR","@id":"https:\/\/www.immobilierlocal.ch\/c\/estimation-immobiliere-canton-fribourg\/estimation-immobiliere-broc\/#primaryimage","url":"https:\/\/www.immobilierlocal.ch\/c\/wp-content\/uploads\/2023\/10\/estimation-immobiliere-a-aubonne-scaled.jpg","contentUrl":"https:\/\/www.immobilierlocal.ch\/c\/wp-content\/uploads\/2023\/10\/estimation-immobiliere-a-aubonne-scaled.jpg","width":2560,"height":817,"caption":"Estimation immobili\u00e8re \u00e0 Aubonne"},{"@type":"BreadcrumbList","@id":"https:\/\/www.immobilierlocal.ch\/c\/estimation-immobiliere-canton-fribourg\/estimation-immobiliere-broc\/#breadcrumb","itemListElement":[{"@type":"ListItem","position":1,"name":"Accueil","item":"https:\/\/www.immobilierlocal.ch\/c\/"},{"@type":"ListItem","position":2,"name":"Estimation immobili\u00e8re dans le canton de Fribourg","item":"https:\/\/www.immobilierlocal.ch\/c\/estimation-immobiliere-canton-fribourg\/"},{"@type":"ListItem","position":3,"name":"Estimation immobili\u00e8re \u00e0 Broc"}]},{"@type":"WebSite","@id":"https:\/\/www.immobilierlocal.ch\/c\/#website","url":"https:\/\/www.immobilierlocal.ch\/c\/","name":"Immobilierlocal","description":"","publisher":{"@id":"https:\/\/www.immobilierlocal.ch\/c\/#organization"},"potentialAction":[{"@type":"SearchAction","target":{"@type":"EntryPoint","urlTemplate":"https:\/\/www.immobilierlocal.ch\/c\/?s={search_term_string}"},"query-input":{"@type":"PropertyValueSpecification","valueRequired":true,"valueName":"search_term_string"}}],"inLanguage":"fr-FR"},{"@type":"Organization","@id":"https:\/\/www.immobilierlocal.ch\/c\/#organization","name":"Immobilierlocal","url":"https:\/\/www.immobilierlocal.ch\/c\/","logo":{"@type":"ImageObject","inLanguage":"fr-FR","@id":"https:\/\/www.immobilierlocal.ch\/c\/#\/schema\/logo\/image\/","url":"https:\/\/www.immobilierlocal.ch\/c\/wp-content\/uploads\/2023\/10\/logo-immobilierlocal-h.svg","contentUrl":"https:\/\/www.immobilierlocal.ch\/c\/wp-content\/uploads\/2023\/10\/logo-immobilierlocal-h.svg","caption":"Immobilierlocal"},"image":{"@id":"https:\/\/www.immobilierlocal.ch\/c\/#\/schema\/logo\/image\/"}}]}},"_links":{"self":[{"href":"https:\/\/www.immobilierlocal.ch\/c\/wp-json\/wp\/v2\/pages\/158","targetHints":{"allow":["GET"]}}],"collection":[{"href":"https:\/\/www.immobilierlocal.ch\/c\/wp-json\/wp\/v2\/pages"}],"about":[{"href":"https:\/\/www.immobilierlocal.ch\/c\/wp-json\/wp\/v2\/types\/page"}],"author":[{"embeddable":true,"href":"https:\/\/www.immobilierlocal.ch\/c\/wp-json\/wp\/v2\/users\/3"}],"replies":[{"embeddable":true,"href":"https:\/\/www.immobilierlocal.ch\/c\/wp-json\/wp\/v2\/comments?post=158"}],"version-history":[{"count":0,"href":"https:\/\/www.immobilierlocal.ch\/c\/wp-json\/wp\/v2\/pages\/158\/revisions"}],"up":[{"embeddable":true,"href":"https:\/\/www.immobilierlocal.ch\/c\/wp-json\/wp\/v2\/pages\/157"}],"wp:featuredmedia":[{"embeddable":true,"href":"https:\/\/www.immobilierlocal.ch\/c\/wp-json\/wp\/v2\/media\/412"}],"wp:attachment":[{"href":"https:\/\/www.immobilierlocal.ch\/c\/wp-json\/wp\/v2\/media?parent=158"}],"wp:term":[{"taxonomy":"category","embeddable":true,"href":"https:\/\/www.immobilierlocal.ch\/c\/wp-json\/wp\/v2\/categories?post=158"},{"taxonomy":"profession","embeddable":true,"href":"https:\/\/www.immobilierlocal.ch\/c\/wp-json\/wp\/v2\/profession?post=158"},{"taxonomy":"location","embeddable":true,"href":"https:\/\/www.immobilierlocal.ch\/c\/wp-json\/wp\/v2\/location?post=158"},{"taxonomy":"canton","embeddable":true,"href":"https:\/\/www.immobilierlocal.ch\/c\/wp-json\/wp\/v2\/canton?post=158"}],"curies":[{"name":"wp","href":"https:\/\/api.w.org\/{rel}","templated":true}]}}